{"id":9249,"date":"2024-06-19T10:36:54","date_gmt":"2024-06-19T08:36:54","guid":{"rendered":"https:\/\/barnafrid.se\/kunskapsportal\/?page_id=9249"},"modified":"2026-04-07T19:00:17","modified_gmt":"2026-04-07T17:00:17","slug":"om-vald-mot-barn-hos-andra-myndigheter-och-organisationer","status":"publish","type":"page","link":"https:\/\/barnafrid.se\/kunskapsportal\/resurssidor\/vart-att-veta-om-socialtjanstomradet\/om-vald-mot-barn-hos-andra-myndigheter-och-organisationer\/","title":{"rendered":"Om v\u00e5ld mot barn hos andra myndigheter och organisationer"},"content":{"rendered":"<div class='Lead'>\n    <p>P\u00e5 den h\u00e4r sidan har vi samlat l\u00e4nkar till andra myndigheter och organisationers material om v\u00e5ld mot barn och unga. <\/p><\/div>\n\n\n<section class=\"Accordion Accordion--closed\" data-state=\"closed\">\n      <a href=\"#bris-content\" class=\"Accordion-toggle js-accordion\">\n        <h2 class=\"Accordion-title\" id=\"bris\">\n          BRIS        <\/h2>\n    <\/a>\n    <div class=\"Accordion-content\" id=\"bris-content\">\n        \n\n<ul class=\"List\">\n<li class=\"List-item\"><a href=\"https:\/\/www.bris.se\/om-bris\/utbildningar\/vald-mot-barn\/\">Utbildningar v\u00e5ld mot barn<\/a><\/li>\n\n\n\n<li class=\"List-item\"><a href=\"https:\/\/www.bris.se\/om-bris\/vart-arbete\/bris-natverk\/\">Bris arbete om v\u00e5ld mot barn<\/a><\/li>\n<\/ul>\n\n    <\/div>\n<\/section>\n\n\n<section class=\"Accordion Accordion--closed\" data-state=\"closed\">\n      <a href=\"#brottsforebyggande-radet-bra-content\" class=\"Accordion-toggle js-accordion\">\n        <h2 class=\"Accordion-title\" id=\"brottsforebyggande-radet-bra\">\n          Brottsf\u00f6rebyggande r\u00e5det (Br\u00e5)        <\/h2>\n    <\/a>\n    <div class=\"Accordion-content\" id=\"brottsforebyggande-radet-bra-content\">\n        \n\n<ul class=\"List\">\n<li class=\"List-item\"><a href=\"https:\/\/bra.se\/amnen\/brott-mot-barn#h-Statistik\" target=\"_blank\" rel=\"noreferrer noopener\">Statistik barnmisshandel<\/a><\/li>\n<\/ul>\n\n    <\/div>\n<\/section>\n\n\n<section class=\"Accordion Accordion--closed\" data-state=\"closed\">\n      <a href=\"#jamstalldhetsmyndigheten-content\" class=\"Accordion-toggle js-accordion\">\n        <h2 class=\"Accordion-title\" id=\"jamstalldhetsmyndigheten\">\n          J\u00e4mst\u00e4lldhetsmyndigheten        <\/h2>\n    <\/a>\n    <div class=\"Accordion-content\" id=\"jamstalldhetsmyndigheten-content\">\n        \n\n<ul class=\"List\">\n<li class=\"List-item\"><a href=\"https:\/\/jamstalldhetsmyndigheten.se\/\">J\u00e4mst\u00e4lldhetsmyndighetens webbplats<\/a><\/li>\n\n\n\n<li class=\"List-item\"><a href=\"https:\/\/jamstalldhetsmyndigheten.se\/aktuellt\/publikationer\/uppgifter-om-vald-ar-inget-undantag\/\">Publikation: Uppgifter om v\u00e5ld \u00e4r inget undantag<\/a><\/li>\n\n\n\n<li class=\"List-item\"><a href=\"https:\/\/jamstalldhetsmyndigheten.se\/aktuellt\/kalender\/\">Kalendarium<\/a><\/li>\n<\/ul>\n\n    <\/div>\n<\/section>\n\n\n<section class=\"Accordion Accordion--closed\" data-state=\"closed\">\n      <a href=\"#myndigheten-for-familjeratt-foraldraskapsstod-content\" class=\"Accordion-toggle js-accordion\">\n        <h2 class=\"Accordion-title\" id=\"myndigheten-for-familjeratt-foraldraskapsstod\">\n          Myndigheten f\u00f6r familjer\u00e4tt &amp; f\u00f6r\u00e4ldraskapsst\u00f6d        <\/h2>\n    <\/a>\n    <div class=\"Accordion-content\" id=\"myndigheten-for-familjeratt-foraldraskapsstod-content\">\n        \n\n<p><\/p>\n\n\n\n<ul class=\"List\">\n<li class=\"List-item\"><a href=\"https:\/\/mfof.se\/foraldraskapsstod\/malgrupper-for-foraldraskapsstod\/familjer-med-sarskilda-forutsattningar\/familjer-dar-det-forekommer-vald.html\" target=\"_blank\" rel=\"noreferrer noopener\">Familjer d\u00e4r det f\u00f6rekommer v\u00e5ld<\/a><\/li>\n\n\n\n<li class=\"List-item\"><a href=\"https:\/\/mfof.se\/vardnad-boende-och-umgange.html\">G\u00e5 till handb\u00f6cker om v\u00e5rdnad, boende och umg\u00e4nge<\/a><\/li>\n<\/ul>\n\n    <\/div>\n<\/section>\n\n\n<section class=\"Accordion Accordion--closed\" data-state=\"closed\">\n      <a href=\"#myndigheten-for-ungdoms-civilsamhallsfragor-content\" class=\"Accordion-toggle js-accordion\">\n        <h2 class=\"Accordion-title\" id=\"myndigheten-for-ungdoms-civilsamhallsfragor\">\n          Myndigheten f\u00f6r ungdoms- &amp; civilsamh\u00e4llsfr\u00e5gor        <\/h2>\n    <\/a>\n    <div class=\"Accordion-content\" id=\"myndigheten-for-ungdoms-civilsamhallsfragor-content\">\n        \n\n<ul class=\"List\">\n<li class=\"List-item\"><a href=\"https:\/\/www.mucf.se\/amnen\/vald\">Om v\u00e5ld<\/a><\/li>\n\n\n\n<li class=\"List-item\"><a href=\"https:\/\/www.mucf.se\/om-oss\/kalender\">Kalendarium (MUCF)<\/a> <\/li>\n<\/ul>\n\n    <\/div>\n<\/section>\n\n\n<section class=\"Accordion Accordion--closed\" data-state=\"closed\">\n      <a href=\"#nationellt-centrum-for-kvinnofrid-nck-content\" class=\"Accordion-toggle js-accordion\">\n        <h2 class=\"Accordion-title\" id=\"nationellt-centrum-for-kvinnofrid-nck\">\n          Nationellt centrum f\u00f6r kvinnofrid (NCK)        <\/h2>\n    <\/a>\n    <div class=\"Accordion-content\" id=\"nationellt-centrum-for-kvinnofrid-nck-content\">\n        \n\n<ul class=\"List\">\n<li class=\"List-item\"><a href=\"https:\/\/www.nck.uu.se\/kunskapsbanken\/amnesguider\/barn-som-upplever-vald\/\" target=\"_blank\" rel=\"noreferrer noopener\">\u00c4mnesguide: Barn som upplever v\u00e5ld<\/a><\/li>\n\n\n\n<li class=\"List-item\"><a href=\"https:\/\/www.nck.uu.se\/kunskapsbanken\/amnesguider\/utbildningsinsatser\/\" target=\"_blank\" rel=\"noreferrer noopener\">Utbildningsinsatser inom v\u00e5ld<\/a><\/li>\n<\/ul>\n\n    <\/div>\n<\/section>\n\n\n<section class=\"Accordion Accordion--closed\" data-state=\"closed\">\n      <a href=\"#radda-barnen-content\" class=\"Accordion-toggle js-accordion\">\n        <h2 class=\"Accordion-title\" id=\"radda-barnen\">\n          R\u00e4dda barnen        <\/h2>\n    <\/a>\n    <div class=\"Accordion-content\" id=\"radda-barnen-content\">\n        \n\n<ul class=\"List\">\n<li class=\"List-item\"><a href=\"https:\/\/www.raddabarnen.se\/rad-och-kunskap\/arbetar-med-barn\/barn-som-utsatts-for-vald\/\">Barn som uts\u00e4tts f\u00f6r v\u00e5ld<\/a><\/li>\n\n\n\n<li class=\"List-item\"><a href=\"https:\/\/kalender.raddabarnen.se\/raddabarnen\/agenda\">Kalendarium (R\u00e4dda barnen)<\/a><\/li>\n<\/ul>\n\n    <\/div>\n<\/section>\n\n\n<section class=\"Accordion Accordion--closed\" data-state=\"closed\">\n      <a href=\"#socialstyrelsen-content\" class=\"Accordion-toggle js-accordion\">\n        <h2 class=\"Accordion-title\" id=\"socialstyrelsen\">\n          Socialstyrelsen        <\/h2>\n    <\/a>\n    <div class=\"Accordion-content\" id=\"socialstyrelsen-content\">\n        \n\n<ul class=\"List\">\n<li class=\"List-item\"><a href=\"https:\/\/www.socialstyrelsen.se\/kunskapsstod-och-regler\/omraden\/vald-och-brott\/vald-i-nara-relationer\/vald-mot-barn\/\" target=\"_blank\" rel=\"noreferrer noopener\">Om v\u00e5ld mot barn<\/a><\/li>\n\n\n\n<li class=\"List-item\"><a href=\"https:\/\/kunskapsguiden.se\/omraden-och-teman\/vald-och-fortryck\/vald-i-nara-relationer\/socialtjansten-och-vald-i-nara-relationer\/vald-mot-barn\/\" target=\"_blank\" rel=\"noreferrer noopener\">V\u00e5ld mot barn i Kunskapsguiden<\/a><\/li>\n\n\n\n<li class=\"List-item\"><a href=\"https:\/\/www.socialstyrelsen.se\/kunskapsstod-och-regler\/regler-och-riktlinjer\/handbocker\/\" target=\"_blank\" rel=\"noreferrer noopener nofollow\">Socialstyrelsens handb\u00f6cker<\/a><\/li>\n<\/ul>\n\n    <\/div>\n<\/section>\n\n\n<section class=\"Accordion Accordion--closed\" data-state=\"closed\">\n      <a href=\"#sveriges-kommuner-och-regioner-skr-content\" class=\"Accordion-toggle js-accordion\">\n        <h2 class=\"Accordion-title\" id=\"sveriges-kommuner-och-regioner-skr\">\n          Sveriges kommuner och regioner (SKR)        <\/h2>\n    <\/a>\n    <div class=\"Accordion-content\" id=\"sveriges-kommuner-och-regioner-skr-content\">\n        \n\n<ul class=\"List\">\n<li class=\"List-item\"><a href=\"https:\/\/extra.skr.se\/skr\/tjanster\/rapporterochskrifter\/publikationer\/barnsomupplevervald.64657.html\" target=\"_blank\" rel=\"noreferrer noopener\">Barn och v\u00e5ld<\/a><\/li>\n\n\n\n<li class=\"List-item\"><a href=\"https:\/\/skr.se\/skr\/tjanster\/evenemang\/hittaevenemang.609.html?verksamhetsomrade%5B%5D=Social+omsorg\">Evenemang inom omr\u00e5det social omsorg<\/a><\/li>\n<\/ul>\n\n    <\/div>\n<\/section>\n\n\n<section class=\"Accordion Accordion--closed\" data-state=\"closed\">\n      <a href=\"#stiftelsen-allmanna-barnhuset-content\" class=\"Accordion-toggle js-accordion\">\n        <h2 class=\"Accordion-title\" id=\"stiftelsen-allmanna-barnhuset\">\n          Stiftelsen allm\u00e4nna barnhuset        <\/h2>\n    <\/a>\n    <div class=\"Accordion-content\" id=\"stiftelsen-allmanna-barnhuset-content\">\n        \n\n<ul class=\"List\">\n<li class=\"List-item\"><a href=\"https:\/\/allmannabarnhuset.se\/vart-arbete\/vald-overgrepp\/\">V\u00e5ld och \u00f6vergrepp<\/a><\/li>\n\n\n\n<li class=\"List-item\"><a href=\"https:\/\/allmannabarnhuset.se\/konferenser-utbildningar\/\">Konferenser och utbildningar<\/a><\/li>\n<\/ul>\n\n    <\/div>\n<\/section>\n\n\n<section class=\"Accordion Accordion--closed\" data-state=\"closed\">\n      <a href=\"#unicef-content\" class=\"Accordion-toggle js-accordion\">\n        <h2 class=\"Accordion-title\" id=\"unicef\">\n          UNICEF        <\/h2>\n    <\/a>\n    <div class=\"Accordion-content\" id=\"unicef-content\">\n        \n\n<ul class=\"List\">\n<li class=\"List-item\"><a href=\"https:\/\/unicef.se\/fakta\/vald-mot-barn\" target=\"_blank\" rel=\"noreferrer noopener\">Fakta om v\u00e5ld mot barn<\/a><\/li>\n<\/ul>\n\n    <\/div>\n<\/section>\n\n\n\n<p><\/p>\n\n\n\n<h2 class=\"wp-block-heading\">Bidra med tips p\u00e5 material?<\/h2>\n\n\n\n<p>Har du tips p\u00e5 material om v\u00e5ld mot barn och unga som saknas h\u00e4r. Maila till barnafrid(at)liu.se.<\/p>\n\n\n\n<p><a href=\"https:\/\/barnafrid.se\/kunskapsportal\/metodstod-2\/vart-att-veta-om-socialtjanstomradet\/\">Tillbaka till start &gt;&gt;<\/a><\/p>\n","protected":false},"excerpt":{"rendered":"<p>Bidra med tips p\u00e5 material? Har du tips p\u00e5 material om v\u00e5ld mot barn och unga som saknas h\u00e4r. Maila till barnafrid(at)liu.se. Tillbaka till start &gt;&gt;<\/p>\n","protected":false},"author":10518,"featured_media":0,"parent":9197,"menu_order":0,"comment_status":"closed","ping_status":"closed","template":"page-centered.php","meta":{"h5ap_radio_sources":[],"footnotes":""},"role":[],"class_list":["post-9249","page","type-page","status-publish","hentry"],"yoast_head":"<!-- This site is optimized with the Yoast SEO plugin v27.3 - https:\/\/yoast.com\/product\/yoast-seo-wordpress\/ -->\n<title>Om v\u00e5ld mot barn hos andra myndigheter och organisationer - Barnafrid<\/title>\n<meta name=\"robots\" content=\"noindex, nofollow\" \/>\n<meta property=\"og:locale\" content=\"sv_SE\" \/>\n<meta property=\"og:type\" content=\"article\" \/>\n<meta property=\"og:title\" content=\"Om v\u00e5ld mot barn hos andra myndigheter och organisationer - Barnafrid\" \/>\n<meta property=\"og:description\" content=\"Bidra med tips p\u00e5 material? Har du tips p\u00e5 material om v\u00e5ld mot barn och unga som saknas h\u00e4r. Maila till barnafrid(at)liu.se. Tillbaka till start &gt;&gt;\" \/>\n<meta property=\"og:url\" content=\"https:\/\/barnafrid.se\/kunskapsportal\/resurssidor\/vart-att-veta-om-socialtjanstomradet\/om-vald-mot-barn-hos-andra-myndigheter-och-organisationer\/\" \/>\n<meta property=\"og:site_name\" content=\"Barnafrid\" \/>\n<meta property=\"article:modified_time\" content=\"2026-04-07T17:00:17+00:00\" \/>\n<meta name=\"twitter:card\" content=\"summary_large_image\" \/>\n<meta name=\"twitter:label1\" content=\"Ber\u00e4knad l\u00e4stid\" \/>\n\t<meta name=\"twitter:data1\" content=\"1 minut\" \/>\n<script type=\"application\/ld+json\" class=\"yoast-schema-graph\">{\"@context\":\"https:\\\/\\\/schema.org\",\"@graph\":[{\"@type\":\"WebPage\",\"@id\":\"https:\\\/\\\/barnafrid.se\\\/kunskapsportal\\\/resurssidor\\\/vart-att-veta-om-socialtjanstomradet\\\/om-vald-mot-barn-hos-andra-myndigheter-och-organisationer\\\/\",\"url\":\"https:\\\/\\\/barnafrid.se\\\/kunskapsportal\\\/resurssidor\\\/vart-att-veta-om-socialtjanstomradet\\\/om-vald-mot-barn-hos-andra-myndigheter-och-organisationer\\\/\",\"name\":\"Om v\u00e5ld mot barn hos andra myndigheter och organisationer - Barnafrid\",\"isPartOf\":{\"@id\":\"https:\\\/\\\/barnafrid.se\\\/kunskapsportal\\\/#website\"},\"datePublished\":\"2024-06-19T08:36:54+00:00\",\"dateModified\":\"2026-04-07T17:00:17+00:00\",\"breadcrumb\":{\"@id\":\"https:\\\/\\\/barnafrid.se\\\/kunskapsportal\\\/resurssidor\\\/vart-att-veta-om-socialtjanstomradet\\\/om-vald-mot-barn-hos-andra-myndigheter-och-organisationer\\\/#breadcrumb\"},\"inLanguage\":\"sv-SE\",\"potentialAction\":[{\"@type\":\"ReadAction\",\"target\":[\"https:\\\/\\\/barnafrid.se\\\/kunskapsportal\\\/resurssidor\\\/vart-att-veta-om-socialtjanstomradet\\\/om-vald-mot-barn-hos-andra-myndigheter-och-organisationer\\\/\"]}]},{\"@type\":\"BreadcrumbList\",\"@id\":\"https:\\\/\\\/barnafrid.se\\\/kunskapsportal\\\/resurssidor\\\/vart-att-veta-om-socialtjanstomradet\\\/om-vald-mot-barn-hos-andra-myndigheter-och-organisationer\\\/#breadcrumb\",\"itemListElement\":[{\"@type\":\"ListItem\",\"position\":1,\"name\":\"Home\",\"item\":\"https:\\\/\\\/barnafrid.se\\\/kunskapsportal\\\/\"},{\"@type\":\"ListItem\",\"position\":2,\"name\":\"Resurssidor\",\"item\":\"https:\\\/\\\/barnafrid.se\\\/kunskapsportal\\\/resurssidor\\\/\"},{\"@type\":\"ListItem\",\"position\":3,\"name\":\"V\u00e4rt att veta om socialtj\u00e4nstomr\u00e5det\",\"item\":\"https:\\\/\\\/barnafrid.se\\\/kunskapsportal\\\/resurssidor\\\/vart-att-veta-om-socialtjanstomradet\\\/\"},{\"@type\":\"ListItem\",\"position\":4,\"name\":\"Om v\u00e5ld mot barn hos andra myndigheter och organisationer\"}]},{\"@type\":\"WebSite\",\"@id\":\"https:\\\/\\\/barnafrid.se\\\/kunskapsportal\\\/#website\",\"url\":\"https:\\\/\\\/barnafrid.se\\\/kunskapsportal\\\/\",\"name\":\"Barnafrid\",\"description\":\"Kunskapsportal om v\u00e5ld mot barn\",\"potentialAction\":[{\"@type\":\"SearchAction\",\"target\":{\"@type\":\"EntryPoint\",\"urlTemplate\":\"https:\\\/\\\/barnafrid.se\\\/kunskapsportal\\\/?s={search_term_string}\"},\"query-input\":{\"@type\":\"PropertyValueSpecification\",\"valueRequired\":true,\"valueName\":\"search_term_string\"}}],\"inLanguage\":\"sv-SE\"}]}<\/script>\n<!-- \/ Yoast SEO plugin. -->","yoast_head_json":{"title":"Om v\u00e5ld mot barn hos andra myndigheter och organisationer - Barnafrid","robots":{"index":"noindex","follow":"nofollow"},"og_locale":"sv_SE","og_type":"article","og_title":"Om v\u00e5ld mot barn hos andra myndigheter och organisationer - Barnafrid","og_description":"Bidra med tips p\u00e5 material? Har du tips p\u00e5 material om v\u00e5ld mot barn och unga som saknas h\u00e4r. Maila till barnafrid(at)liu.se. Tillbaka till start &gt;&gt;","og_url":"https:\/\/barnafrid.se\/kunskapsportal\/resurssidor\/vart-att-veta-om-socialtjanstomradet\/om-vald-mot-barn-hos-andra-myndigheter-och-organisationer\/","og_site_name":"Barnafrid","article_modified_time":"2026-04-07T17:00:17+00:00","twitter_card":"summary_large_image","twitter_misc":{"Ber\u00e4knad l\u00e4stid":"1 minut"},"schema":{"@context":"https:\/\/schema.org","@graph":[{"@type":"WebPage","@id":"https:\/\/barnafrid.se\/kunskapsportal\/resurssidor\/vart-att-veta-om-socialtjanstomradet\/om-vald-mot-barn-hos-andra-myndigheter-och-organisationer\/","url":"https:\/\/barnafrid.se\/kunskapsportal\/resurssidor\/vart-att-veta-om-socialtjanstomradet\/om-vald-mot-barn-hos-andra-myndigheter-och-organisationer\/","name":"Om v\u00e5ld mot barn hos andra myndigheter och organisationer - Barnafrid","isPartOf":{"@id":"https:\/\/barnafrid.se\/kunskapsportal\/#website"},"datePublished":"2024-06-19T08:36:54+00:00","dateModified":"2026-04-07T17:00:17+00:00","breadcrumb":{"@id":"https:\/\/barnafrid.se\/kunskapsportal\/resurssidor\/vart-att-veta-om-socialtjanstomradet\/om-vald-mot-barn-hos-andra-myndigheter-och-organisationer\/#breadcrumb"},"inLanguage":"sv-SE","potentialAction":[{"@type":"ReadAction","target":["https:\/\/barnafrid.se\/kunskapsportal\/resurssidor\/vart-att-veta-om-socialtjanstomradet\/om-vald-mot-barn-hos-andra-myndigheter-och-organisationer\/"]}]},{"@type":"BreadcrumbList","@id":"https:\/\/barnafrid.se\/kunskapsportal\/resurssidor\/vart-att-veta-om-socialtjanstomradet\/om-vald-mot-barn-hos-andra-myndigheter-och-organisationer\/#breadcrumb","itemListElement":[{"@type":"ListItem","position":1,"name":"Home","item":"https:\/\/barnafrid.se\/kunskapsportal\/"},{"@type":"ListItem","position":2,"name":"Resurssidor","item":"https:\/\/barnafrid.se\/kunskapsportal\/resurssidor\/"},{"@type":"ListItem","position":3,"name":"V\u00e4rt att veta om socialtj\u00e4nstomr\u00e5det","item":"https:\/\/barnafrid.se\/kunskapsportal\/resurssidor\/vart-att-veta-om-socialtjanstomradet\/"},{"@type":"ListItem","position":4,"name":"Om v\u00e5ld mot barn hos andra myndigheter och organisationer"}]},{"@type":"WebSite","@id":"https:\/\/barnafrid.se\/kunskapsportal\/#website","url":"https:\/\/barnafrid.se\/kunskapsportal\/","name":"Barnafrid","description":"Kunskapsportal om v\u00e5ld mot barn","potentialAction":[{"@type":"SearchAction","target":{"@type":"EntryPoint","urlTemplate":"https:\/\/barnafrid.se\/kunskapsportal\/?s={search_term_string}"},"query-input":{"@type":"PropertyValueSpecification","valueRequired":true,"valueName":"search_term_string"}}],"inLanguage":"sv-SE"}]}},"_links":{"self":[{"href":"https:\/\/barnafrid.se\/kunskapsportal\/wp-json\/wp\/v2\/pages\/9249","targetHints":{"allow":["GET"]}}],"collection":[{"href":"https:\/\/barnafrid.se\/kunskapsportal\/wp-json\/wp\/v2\/pages"}],"about":[{"href":"https:\/\/barnafrid.se\/kunskapsportal\/wp-json\/wp\/v2\/types\/page"}],"author":[{"embeddable":true,"href":"https:\/\/barnafrid.se\/kunskapsportal\/wp-json\/wp\/v2\/users\/10518"}],"replies":[{"embeddable":true,"href":"https:\/\/barnafrid.se\/kunskapsportal\/wp-json\/wp\/v2\/comments?post=9249"}],"version-history":[{"count":26,"href":"https:\/\/barnafrid.se\/kunskapsportal\/wp-json\/wp\/v2\/pages\/9249\/revisions"}],"predecessor-version":[{"id":18183,"href":"https:\/\/barnafrid.se\/kunskapsportal\/wp-json\/wp\/v2\/pages\/9249\/revisions\/18183"}],"up":[{"embeddable":true,"href":"https:\/\/barnafrid.se\/kunskapsportal\/wp-json\/wp\/v2\/pages\/9197"}],"wp:attachment":[{"href":"https:\/\/barnafrid.se\/kunskapsportal\/wp-json\/wp\/v2\/media?parent=9249"}],"wp:term":[{"taxonomy":"role","embeddable":true,"href":"https:\/\/barnafrid.se\/kunskapsportal\/wp-json\/wp\/v2\/role?post=9249"}],"curies":[{"name":"wp","href":"https:\/\/api.w.org\/{rel}","templated":true}]}}