{"id":9231,"date":"2024-10-02T10:46:54","date_gmt":"2024-10-02T08:46:54","guid":{"rendered":"https:\/\/barnafrid.se\/kunskapsportal\/?page_id=9231"},"modified":"2025-11-07T12:58:58","modified_gmt":"2025-11-07T11:58:58","slug":"lagstiftning-socialtjanst","status":"publish","type":"page","link":"https:\/\/barnafrid.se\/kunskapsportal\/resurssidor\/vart-att-veta-om-socialtjanstomradet\/lagstiftning-socialtjanst\/","title":{"rendered":"Lagstiftning och f\u00f6reskrifter inom socialtj\u00e4nstomr\u00e5det"},"content":{"rendered":"\n<ul class=\"List\">\n<li class=\"List-item\"><a href=\"https:\/\/www.riksdagen.se\/sv\/dokument-och-lagar\/dokument\/svensk-forfattningssamling\/socialtjanstlag-2025400_sfs-2025-400\/\">Socialtj\u00e4nstlagen<\/a> (2025:400)<\/li>\n\n\n\n<li class=\"List-item\"><a href=\"https:\/\/www.riksdagen.se\/sv\/dokument-och-lagar\/dokument\/svensk-forfattningssamling\/lag-199052-med-sarskilda-bestammelser-om-vard_sfs-1990-52\/\" target=\"_blank\" rel=\"noreferrer noopener nofollow\">Lagen om s\u00e4rskilda best\u00e4mmelser om v\u00e5rd av unga<\/a><\/li>\n\n\n\n<li class=\"List-item\"><a href=\"https:\/\/www.riksdagen.se\/sv\/dokument-och-lagar\/dokument\/svensk-forfattningssamling\/foraldrabalk-1949381_sfs-1949-381\/\" target=\"_blank\" rel=\"noreferrer noopener nofollow\">F\u00f6r\u00e4ldrabalken<\/a><\/li>\n\n\n\n<li class=\"List-item\"><a href=\"https:\/\/www.riksdagen.se\/sv\/dokument-och-lagar\/dokument\/svensk-forfattningssamling\/lag-202479-om-placering-av-barn-i-skyddat_sfs-2024-79\/\" target=\"_blank\" rel=\"noreferrer noopener nofollow\">Lag om placering av barn i skyddat boende<\/a> <\/li>\n\n\n\n<li class=\"List-item\"><a href=\"https:\/\/www.riksdagen.se\/sv\/dokument-och-lagar\/dokument\/svensk-forfattningssamling\/lag-1964167-med-sarskilda-bestammelser-om-unga_sfs-1964-167\/\" target=\"_blank\" rel=\"noreferrer noopener nofollow\">Lag med s\u00e4rskilda best\u00e4mmelser om unga lag\u00f6vertr\u00e4dare<\/a><\/li>\n\n\n\n<li class=\"List-item\"><a href=\"https:\/\/rkrattsbaser.gov.se\/sfst?bet=2001:937\" target=\"_blank\" rel=\"noreferrer noopener nofollow\">Socialtj\u00e4nstf\u00f6rordningen (2001:937):<\/a><\/li>\n<\/ul>\n\n\n\n<h2 class=\"wp-block-heading\">Meddelandeblad<\/h2>\n\n\n\n<p>P\u00e5 sin webbplats samlar Socialstyrelsen meddelandeblad som inneh\u00e5ller nyheter fr\u00e5n myndigheten om juridiska fr\u00e5gor eller information om \u00e4ndringar i lagstiftningen.<\/p>\n\n\n\n<ul class=\"List\">\n<li class=\"List-item\"><a href=\"https:\/\/www.socialstyrelsen.se\/kunskapsstod-och-regler\/regler-och-riktlinjer\/meddelandeblad\/\">Meddelandeblad fr\u00e5n Socialstyrelsen<\/a><\/li>\n<\/ul>\n\n\n\n<h2 class=\"wp-block-heading\">F\u00f6reskrifter<\/h2>\n\n\n\n<p>Exempel p\u00e5 f\u00f6reskrifter utifr\u00e5n socialtj\u00e4nstomr\u00e5det<\/p>\n\n\n\n<ul class=\"List\">\n<li class=\"List-item\"><a href=\"https:\/\/www.mfof.se\/download\/18.7c267bb719379bee5764539\/1574867254910\/Allm%C3%A4nna%20r%C3%A5d%20om%20socialn%C3%A4mndens%20ansvar%20f%C3%B6r%20vissa%20fr%C3%A5gor%20om%20v%C3%A5rdnad,%20boende%20och%20umg%C3%A4nge%20(HSLF-FS%202017:51).pdf\" target=\"_blank\" rel=\"noreferrer noopener nofollow\">Myndigheten f\u00f6r familjer\u00e4tt och f\u00f6r\u00e4ldraskapsst\u00f6ds allm\u00e4nna r\u00e5d om socialn\u00e4mndens ansvar f\u00f6r vissa fr\u00e5gor om v\u00e5rdnad, boende och umg\u00e4nge<\/a><\/li>\n\n\n\n<li class=\"List-item\"><a href=\"https:\/\/mfof.se\/download\/18.7c267bb719379bee5765819\/1687354540001\/HSLF-FS%202023_V%C3%A5rdnad%20om%20barn_20230502.pdf\" target=\"_blank\" rel=\"noreferrer noopener nofollow\">Myndigheten f\u00f6r familjer\u00e4tt och f\u00f6r\u00e4ldraskapsst\u00f6ds allm\u00e4nna r\u00e5d om socialn\u00e4mndens utredning g\u00e4llande v\u00e5rdnad om barn i vissa fall<\/a><\/li>\n\n\n\n<li class=\"List-item\"><a href=\"https:\/\/mfof.se\/download\/18.7c267bb719379bee5764bf1\/1687354468865\/HSLF-FS%202022.18%20Allm%C3%A4nna%20r%C3%A5d%20om%20informationssamtal.pdf\" target=\"_blank\" rel=\"noreferrer noopener nofollow\">Myndigheten f\u00f6r familjer\u00e4tt och f\u00f6r\u00e4ldraskapsst\u00f6ds f\u00f6reskrifter och allm\u00e4nna r\u00e5d om socialn\u00e4mndens informationssamtal<\/a><\/li>\n\n\n\n<li class=\"List-item\"><a href=\"https:\/\/www.socialstyrelsen.se\/kunskapsstod-och-regler\/regler-och-riktlinjer\/foreskrifter-och-allmanna-rad\/konsoliderade-foreskrifter\/20145-om-dokumentation-i-verksamhet-som-bedrivs-med-stod-av-sol-lvu-lvm-och-lss\/\" target=\"_blank\" rel=\"noreferrer noopener\">Socialstyrelsens f\u00f6reskrifter och allm\u00e4nna r\u00e5d om dokumentation i verksamhet som bedrivs av SoL, LVU, LVM och LSS.<\/a><\/li>\n\n\n\n<li class=\"List-item\"><a href=\"https:\/\/www.socialstyrelsen.se\/publikationer\/hslf-fs-202239-socialstyrelsens-foreskrifter-och-allmanna-rad-om-vald-i-nara-relationer-2022-6-7967\/\" target=\"_blank\" rel=\"noreferrer noopener nofollow\">Socialstyrelsens f\u00f6reskrifter och allm\u00e4nna r\u00e5d om v\u00e5ld i n\u00e4ra relation<\/a><\/li>\n\n\n\n<li class=\"List-item\"><a href=\"https:\/\/www.socialstyrelsen.se\/kunskapsstod-och-regler\/regler-och-riktlinjer\/foreskrifter-och-allmanna-rad\/konsoliderade-foreskrifter\/202239-om-vald-i-nara-relationer\/\" target=\"_blank\" rel=\"noreferrer noopener\">Senaste version av HSLF-FS 2022:39 Socialstyrelsens f\u00f6reskrifter och allm\u00e4nna r\u00e5d om v\u00e5ld i n\u00e4ra relationer<\/a><\/li>\n\n\n\n<li class=\"List-item\"><a href=\"https:\/\/www.socialstyrelsen.se\/kunskapsstod-och-regler\/regler-och-riktlinjer\/foreskrifter-och-allmanna-rad\/konsoliderade-foreskrifter\/20146-om-handlaggning-av-arenden-som-galler-barn-och-unga\/\" target=\"_blank\" rel=\"noreferrer noopener\">Senaste version av SOSFS 2014:6 Socialstyrelsens f\u00f6reskrifter och allm\u00e4nna r\u00e5d om handl\u00e4ggning av \u00e4renden som g\u00e4ller barn och unga &#8211; Socialstyrelsen<\/a>\u00a0<\/li>\n\n\n\n<li class=\"List-item\"><a href=\"https:\/\/www.socialstyrelsen.se\/kunskapsstod-och-regler\/regler-och-riktlinjer\/foreskrifter-och-allmanna-rad\/konsoliderade-foreskrifter\/20119-om-ledningssystem-for-systematiskt-kvalitetsarbete\/\" target=\"_blank\" rel=\"noreferrer noopener nofollow\">Socialstyrelsen f\u00f6reskrifter och allm\u00e4nna r\u00e5d om ledningssystem f\u00f6r systematiskt kvalitetsarbete <\/a><\/li>\n<\/ul>\n\n\n\n<p><a href=\"https:\/\/barnafrid.se\/kunskapsportal\/metodstod-2\/vart-att-veta-om-socialtjanstomradet\/\">Tillbaka till start &gt;&gt;<\/a><\/p>\n\n\n\n<p><\/p>\n","protected":false},"excerpt":{"rendered":"<p>Meddelandeblad P\u00e5 sin webbplats samlar Socialstyrelsen meddelandeblad som inneh\u00e5ller nyheter fr\u00e5n myndigheten om juridiska fr\u00e5gor eller information om \u00e4ndringar i lagstiftningen. F\u00f6reskrifter Exempel p\u00e5 f\u00f6reskrifter utifr\u00e5n socialtj\u00e4nstomr\u00e5det Tillbaka till start &gt;&gt;<\/p>\n","protected":false},"author":10518,"featured_media":0,"parent":9197,"menu_order":0,"comment_status":"closed","ping_status":"closed","template":"page-centered.php","meta":{"h5ap_radio_sources":[],"footnotes":""},"role":[],"class_list":["post-9231","page","type-page","status-publish","hentry"],"yoast_head":"<!-- This site is optimized with the Yoast SEO plugin v27.3 - https:\/\/yoast.com\/product\/yoast-seo-wordpress\/ -->\n<title>Lagstiftning och f\u00f6reskrifter inom socialtj\u00e4nstomr\u00e5det - Barnafrid<\/title>\n<meta name=\"robots\" content=\"index, follow, max-snippet:-1, max-image-preview:large, max-video-preview:-1\" \/>\n<link rel=\"canonical\" href=\"https:\/\/barnafrid.se\/kunskapsportal\/resurssidor\/vart-att-veta-om-socialtjanstomradet\/lagstiftning-socialtjanst\/\" \/>\n<meta property=\"og:locale\" content=\"sv_SE\" \/>\n<meta property=\"og:type\" content=\"article\" \/>\n<meta property=\"og:title\" content=\"Lagstiftning och f\u00f6reskrifter inom socialtj\u00e4nstomr\u00e5det - Barnafrid\" \/>\n<meta property=\"og:description\" content=\"Meddelandeblad P\u00e5 sin webbplats samlar Socialstyrelsen meddelandeblad som inneh\u00e5ller nyheter fr\u00e5n myndigheten om juridiska fr\u00e5gor eller information om \u00e4ndringar i lagstiftningen. F\u00f6reskrifter Exempel p\u00e5 f\u00f6reskrifter utifr\u00e5n socialtj\u00e4nstomr\u00e5det Tillbaka till start &gt;&gt;\" \/>\n<meta property=\"og:url\" content=\"https:\/\/barnafrid.se\/kunskapsportal\/resurssidor\/vart-att-veta-om-socialtjanstomradet\/lagstiftning-socialtjanst\/\" \/>\n<meta property=\"og:site_name\" content=\"Barnafrid\" \/>\n<meta property=\"article:modified_time\" content=\"2025-11-07T11:58:58+00:00\" \/>\n<meta name=\"twitter:card\" content=\"summary_large_image\" \/>\n<meta name=\"twitter:label1\" content=\"Ber\u00e4knad l\u00e4stid\" \/>\n\t<meta name=\"twitter:data1\" content=\"1 minut\" \/>\n<script type=\"application\/ld+json\" class=\"yoast-schema-graph\">{\"@context\":\"https:\\\/\\\/schema.org\",\"@graph\":[{\"@type\":\"WebPage\",\"@id\":\"https:\\\/\\\/barnafrid.se\\\/kunskapsportal\\\/resurssidor\\\/vart-att-veta-om-socialtjanstomradet\\\/lagstiftning-socialtjanst\\\/\",\"url\":\"https:\\\/\\\/barnafrid.se\\\/kunskapsportal\\\/resurssidor\\\/vart-att-veta-om-socialtjanstomradet\\\/lagstiftning-socialtjanst\\\/\",\"name\":\"Lagstiftning och f\u00f6reskrifter inom socialtj\u00e4nstomr\u00e5det - Barnafrid\",\"isPartOf\":{\"@id\":\"https:\\\/\\\/barnafrid.se\\\/kunskapsportal\\\/#website\"},\"datePublished\":\"2024-10-02T08:46:54+00:00\",\"dateModified\":\"2025-11-07T11:58:58+00:00\",\"breadcrumb\":{\"@id\":\"https:\\\/\\\/barnafrid.se\\\/kunskapsportal\\\/resurssidor\\\/vart-att-veta-om-socialtjanstomradet\\\/lagstiftning-socialtjanst\\\/#breadcrumb\"},\"inLanguage\":\"sv-SE\",\"potentialAction\":[{\"@type\":\"ReadAction\",\"target\":[\"https:\\\/\\\/barnafrid.se\\\/kunskapsportal\\\/resurssidor\\\/vart-att-veta-om-socialtjanstomradet\\\/lagstiftning-socialtjanst\\\/\"]}]},{\"@type\":\"BreadcrumbList\",\"@id\":\"https:\\\/\\\/barnafrid.se\\\/kunskapsportal\\\/resurssidor\\\/vart-att-veta-om-socialtjanstomradet\\\/lagstiftning-socialtjanst\\\/#breadcrumb\",\"itemListElement\":[{\"@type\":\"ListItem\",\"position\":1,\"name\":\"Home\",\"item\":\"https:\\\/\\\/barnafrid.se\\\/kunskapsportal\\\/\"},{\"@type\":\"ListItem\",\"position\":2,\"name\":\"Resurssidor\",\"item\":\"https:\\\/\\\/barnafrid.se\\\/kunskapsportal\\\/resurssidor\\\/\"},{\"@type\":\"ListItem\",\"position\":3,\"name\":\"V\u00e4rt att veta om socialtj\u00e4nstomr\u00e5det\",\"item\":\"https:\\\/\\\/barnafrid.se\\\/kunskapsportal\\\/resurssidor\\\/vart-att-veta-om-socialtjanstomradet\\\/\"},{\"@type\":\"ListItem\",\"position\":4,\"name\":\"Lagstiftning och f\u00f6reskrifter inom socialtj\u00e4nstomr\u00e5det\"}]},{\"@type\":\"WebSite\",\"@id\":\"https:\\\/\\\/barnafrid.se\\\/kunskapsportal\\\/#website\",\"url\":\"https:\\\/\\\/barnafrid.se\\\/kunskapsportal\\\/\",\"name\":\"Barnafrid\",\"description\":\"Kunskapsportal om v\u00e5ld mot barn\",\"potentialAction\":[{\"@type\":\"SearchAction\",\"target\":{\"@type\":\"EntryPoint\",\"urlTemplate\":\"https:\\\/\\\/barnafrid.se\\\/kunskapsportal\\\/?s={search_term_string}\"},\"query-input\":{\"@type\":\"PropertyValueSpecification\",\"valueRequired\":true,\"valueName\":\"search_term_string\"}}],\"inLanguage\":\"sv-SE\"}]}<\/script>\n<!-- \/ Yoast SEO plugin. -->","yoast_head_json":{"title":"Lagstiftning och f\u00f6reskrifter inom socialtj\u00e4nstomr\u00e5det - Barnafrid","robots":{"index":"index","follow":"follow","max-snippet":"max-snippet:-1","max-image-preview":"max-image-preview:large","max-video-preview":"max-video-preview:-1"},"canonical":"https:\/\/barnafrid.se\/kunskapsportal\/resurssidor\/vart-att-veta-om-socialtjanstomradet\/lagstiftning-socialtjanst\/","og_locale":"sv_SE","og_type":"article","og_title":"Lagstiftning och f\u00f6reskrifter inom socialtj\u00e4nstomr\u00e5det - Barnafrid","og_description":"Meddelandeblad P\u00e5 sin webbplats samlar Socialstyrelsen meddelandeblad som inneh\u00e5ller nyheter fr\u00e5n myndigheten om juridiska fr\u00e5gor eller information om \u00e4ndringar i lagstiftningen. F\u00f6reskrifter Exempel p\u00e5 f\u00f6reskrifter utifr\u00e5n socialtj\u00e4nstomr\u00e5det Tillbaka till start &gt;&gt;","og_url":"https:\/\/barnafrid.se\/kunskapsportal\/resurssidor\/vart-att-veta-om-socialtjanstomradet\/lagstiftning-socialtjanst\/","og_site_name":"Barnafrid","article_modified_time":"2025-11-07T11:58:58+00:00","twitter_card":"summary_large_image","twitter_misc":{"Ber\u00e4knad l\u00e4stid":"1 minut"},"schema":{"@context":"https:\/\/schema.org","@graph":[{"@type":"WebPage","@id":"https:\/\/barnafrid.se\/kunskapsportal\/resurssidor\/vart-att-veta-om-socialtjanstomradet\/lagstiftning-socialtjanst\/","url":"https:\/\/barnafrid.se\/kunskapsportal\/resurssidor\/vart-att-veta-om-socialtjanstomradet\/lagstiftning-socialtjanst\/","name":"Lagstiftning och f\u00f6reskrifter inom socialtj\u00e4nstomr\u00e5det - Barnafrid","isPartOf":{"@id":"https:\/\/barnafrid.se\/kunskapsportal\/#website"},"datePublished":"2024-10-02T08:46:54+00:00","dateModified":"2025-11-07T11:58:58+00:00","breadcrumb":{"@id":"https:\/\/barnafrid.se\/kunskapsportal\/resurssidor\/vart-att-veta-om-socialtjanstomradet\/lagstiftning-socialtjanst\/#breadcrumb"},"inLanguage":"sv-SE","potentialAction":[{"@type":"ReadAction","target":["https:\/\/barnafrid.se\/kunskapsportal\/resurssidor\/vart-att-veta-om-socialtjanstomradet\/lagstiftning-socialtjanst\/"]}]},{"@type":"BreadcrumbList","@id":"https:\/\/barnafrid.se\/kunskapsportal\/resurssidor\/vart-att-veta-om-socialtjanstomradet\/lagstiftning-socialtjanst\/#breadcrumb","itemListElement":[{"@type":"ListItem","position":1,"name":"Home","item":"https:\/\/barnafrid.se\/kunskapsportal\/"},{"@type":"ListItem","position":2,"name":"Resurssidor","item":"https:\/\/barnafrid.se\/kunskapsportal\/resurssidor\/"},{"@type":"ListItem","position":3,"name":"V\u00e4rt att veta om socialtj\u00e4nstomr\u00e5det","item":"https:\/\/barnafrid.se\/kunskapsportal\/resurssidor\/vart-att-veta-om-socialtjanstomradet\/"},{"@type":"ListItem","position":4,"name":"Lagstiftning och f\u00f6reskrifter inom socialtj\u00e4nstomr\u00e5det"}]},{"@type":"WebSite","@id":"https:\/\/barnafrid.se\/kunskapsportal\/#website","url":"https:\/\/barnafrid.se\/kunskapsportal\/","name":"Barnafrid","description":"Kunskapsportal om v\u00e5ld mot barn","potentialAction":[{"@type":"SearchAction","target":{"@type":"EntryPoint","urlTemplate":"https:\/\/barnafrid.se\/kunskapsportal\/?s={search_term_string}"},"query-input":{"@type":"PropertyValueSpecification","valueRequired":true,"valueName":"search_term_string"}}],"inLanguage":"sv-SE"}]}},"_links":{"self":[{"href":"https:\/\/barnafrid.se\/kunskapsportal\/wp-json\/wp\/v2\/pages\/9231","targetHints":{"allow":["GET"]}}],"collection":[{"href":"https:\/\/barnafrid.se\/kunskapsportal\/wp-json\/wp\/v2\/pages"}],"about":[{"href":"https:\/\/barnafrid.se\/kunskapsportal\/wp-json\/wp\/v2\/types\/page"}],"author":[{"embeddable":true,"href":"https:\/\/barnafrid.se\/kunskapsportal\/wp-json\/wp\/v2\/users\/10518"}],"replies":[{"embeddable":true,"href":"https:\/\/barnafrid.se\/kunskapsportal\/wp-json\/wp\/v2\/comments?post=9231"}],"version-history":[{"count":24,"href":"https:\/\/barnafrid.se\/kunskapsportal\/wp-json\/wp\/v2\/pages\/9231\/revisions"}],"predecessor-version":[{"id":17289,"href":"https:\/\/barnafrid.se\/kunskapsportal\/wp-json\/wp\/v2\/pages\/9231\/revisions\/17289"}],"up":[{"embeddable":true,"href":"https:\/\/barnafrid.se\/kunskapsportal\/wp-json\/wp\/v2\/pages\/9197"}],"wp:attachment":[{"href":"https:\/\/barnafrid.se\/kunskapsportal\/wp-json\/wp\/v2\/media?parent=9231"}],"wp:term":[{"taxonomy":"role","embeddable":true,"href":"https:\/\/barnafrid.se\/kunskapsportal\/wp-json\/wp\/v2\/role?post=9231"}],"curies":[{"name":"wp","href":"https:\/\/api.w.org\/{rel}","templated":true}]}}