{"id":8756,"date":"2024-03-19T09:33:35","date_gmt":"2024-03-19T08:33:35","guid":{"rendered":"https:\/\/barnafrid.se\/kunskapsportal\/?page_id=8756"},"modified":"2024-04-12T08:15:08","modified_gmt":"2024-04-12T06:15:08","slug":"tema-3-hur-ska-ni-bemota-och-fraga-ett-barn-som-ni-misstanker-ar-utsatt-for-vald","status":"publish","type":"page","link":"https:\/\/barnafrid.se\/kunskapsportal\/startsida\/barnafrids-utbildningar\/basprogram-om-vald-mot-barn-och-unga-gruppspar-forskola-2\/gruppspar-forskola\/tema-3-hur-ska-ni-bemota-och-fraga-ett-barn-som-ni-misstanker-ar-utsatt-for-vald\/","title":{"rendered":"Tema 3: Hur ska ni bem\u00f6ta och fr\u00e5ga ett barn som ni misst\u00e4nker \u00e4r utsatt f\u00f6r v\u00e5ld?"},"content":{"rendered":"\n<figure class=\"Image size-full is-resized\"><img loading=\"lazy\" decoding=\"async\" width=\"650\" height=\"305\" src=\"\/kunskapsportal\/wp-content\/uploads\/2019\/12\/barnafrid_image_32-1.png\" alt=\"Illustration av tv\u00e5 nalle-bj\u00f6rnar\" class=\"Image-img wp-image-1091\" style=\"width:523px;height:auto\" srcset=\"https:\/\/barnafrid.se\/kunskapsportal\/wp-content\/uploads\/2019\/12\/barnafrid_image_32-1.png 650w, https:\/\/barnafrid.se\/kunskapsportal\/wp-content\/uploads\/2019\/12\/barnafrid_image_32-1-300x141.png 300w\" sizes=\"auto, (max-width: 650px) 100vw, 650px\" \/><\/figure>\n\n\n\n<p>Syftet med det tredje temat \u00e4r att du och dina kollegor ska f\u00e5 \u00f6kad kunskap och praktisk kompetens i hur ni kan bem\u00f6ta och fr\u00e5ga ett barn som ni misst\u00e4nker eller vet \u00e4r utsatt f\u00f6r v\u00e5ld.<\/p>\n\n\n\n<p>M\u00e5len f\u00f6r det h\u00e4r temat \u00e4r att du och dina kollegor ska f\u00e5<\/p>\n\n\n\n<ul class=\"List\">\n<li class=\"List-item\">planera och f\u00f6rbereda vad som \u00e4r viktigt att t\u00e4nka p\u00e5 n\u00e4r ni m\u00f6ter ett barn som kan vara utsatt,<br>till exempel vilka fr\u00e5gor ni kan st\u00e4lla och varf\u00f6r det \u00e4r viktigt att st\u00e4lla just de fr\u00e5gorna<\/li>\n\n\n\n<li class=\"List-item\">till\u00e4mpa era inh\u00e4mtade kunskaper genom att \u00f6va p\u00e5 att bem\u00f6ta och st\u00e4lla fr\u00e5gor till barnet som kan vara utsatt<\/li>\n\n\n\n<li class=\"List-item\">dela med er, reflektera och diskutera era egna erfarenheter och kunskaper om att bem\u00f6ta och fr\u00e5ga barn om v\u00e5ld.<\/li>\n<\/ul>\n\n\n\n\n<div class=\"Card-section Card-section--three \">\n\n\n    <a class=\"Card-link-container\" target=\"_blank\" href=\"https:\/\/barnafrid.se\/kunskapsportal\/tema-3-handledningsmaterial\/\">\n        <div class=\"Card Card--purple Card--internal\">\n            <p class=\"Card-pretitle\"><\/p>\n            <h2 class=\"Card-title\">Handledningsmaterial<\/h2>\n                        <div class=\"Card-footer\">\n                <span class=\"Card-footer-text\">G\u00e5 till handledningsmaterialet f\u00f6r tema 3<\/span>\n                            <\/div>\n        <\/div>\n    <\/a>\n    <a class=\"Card-link-container\" target=\"_blank\" href=\"https:\/\/barnafrid.se\/kunskapsportal\/startsida\/barnafrids-utbildningar\/basprogram-om-vald-mot-barn-och-unga-gruppspar-forskola-2\/gruppspar-forskola\/tema-3-hur-ska-ni-bemota-och-fraga-ett-barn-som-ni-misstanker-ar-utsatt-for-vald\/tema-3-ovningsmaterial\/\">\n        <div class=\"Card Card--salmon Card--internal\">\n            <p class=\"Card-pretitle\"><\/p>\n            <h2 class=\"Card-title\">\u00d6vningsmaterial<\/h2>\n                        <div class=\"Card-footer\">\n                <span class=\"Card-footer-text\">G\u00e5 till \u00f6vningsmaterialet f\u00f6r tema 3<\/span>\n                            <\/div>\n        <\/div>\n    <\/a>\n    <a class=\"Card-link-container\" target=\"_blank\" href=\"https:\/\/barnafrid.se\/kunskapsportal\/startsida\/barnafrids-utbildningar\/basprogram-om-vald-mot-barn-och-unga-gruppspar-forskola-2\/gruppspar-forskola\/tema-3-hur-ska-ni-bemota-och-fraga-ett-barn-som-ni-misstanker-ar-utsatt-for-vald\/tema-3-scenarioovning\/\">\n        <div class=\"Card Card--blue Card--internal\">\n            <p class=\"Card-pretitle\"><\/p>\n            <h2 class=\"Card-title\">Scenario\u00f6vning<\/h2>\n                        <div class=\"Card-footer\">\n                <span class=\"Card-footer-text\">G\u00e5 till scenario\u00f6vning f\u00f6r tema 3<\/span>\n                            <\/div>\n        <\/div>\n    <\/a>\n<\/div>\n\n\n\n<p><a href=\"https:\/\/barnafrid.se\/kunskapsportal\/startsida\/barnafrids-utbildningar\/basprogram-om-vald-mot-barn-och-unga-gruppspar-forskola-2\/gruppspar-forskola\/\">Tillbaka till start >><\/a><\/p>\n","protected":false},"excerpt":{"rendered":"<p>Syftet med det tredje temat \u00e4r att du och dina kollegor ska f\u00e5 \u00f6kad kunskap och praktisk kompetens i hur ni kan bem\u00f6ta och fr\u00e5ga ett barn som ni misst\u00e4nker eller vet \u00e4r utsatt f\u00f6r v\u00e5ld. M\u00e5len f\u00f6r det h\u00e4r temat \u00e4r att du och dina kollegor ska f\u00e5 Tillbaka till start >><\/p>\n","protected":false},"author":10518,"featured_media":0,"parent":8406,"menu_order":0,"comment_status":"closed","ping_status":"closed","template":"page-centered.php","meta":{"h5ap_radio_sources":[],"footnotes":""},"role":[],"class_list":["post-8756","page","type-page","status-publish","hentry"],"yoast_head":"<!-- This site is optimized with the Yoast SEO plugin v27.5 - https:\/\/yoast.com\/product\/yoast-seo-wordpress\/ -->\n<title>Tema 3: Hur ska ni bem\u00f6ta och fr\u00e5ga ett barn som ni misst\u00e4nker \u00e4r utsatt f\u00f6r v\u00e5ld? - Barnafrid<\/title>\n<meta name=\"robots\" content=\"noindex, nofollow\" \/>\n<meta property=\"og:locale\" content=\"sv_SE\" \/>\n<meta property=\"og:type\" content=\"article\" \/>\n<meta property=\"og:title\" content=\"Tema 3: Hur ska ni bem\u00f6ta och fr\u00e5ga ett barn som ni misst\u00e4nker \u00e4r utsatt f\u00f6r v\u00e5ld? - Barnafrid\" \/>\n<meta property=\"og:description\" content=\"Syftet med det tredje temat \u00e4r att du och dina kollegor ska f\u00e5 \u00f6kad kunskap och praktisk kompetens i hur ni kan bem\u00f6ta och fr\u00e5ga ett barn som ni misst\u00e4nker eller vet \u00e4r utsatt f\u00f6r v\u00e5ld. M\u00e5len f\u00f6r det h\u00e4r temat \u00e4r att du och dina kollegor ska f\u00e5 Tillbaka till start &gt;&gt;\" \/>\n<meta property=\"og:url\" content=\"https:\/\/barnafrid.se\/kunskapsportal\/startsida\/barnafrids-utbildningar\/basprogram-om-vald-mot-barn-och-unga-gruppspar-forskola-2\/gruppspar-forskola\/tema-3-hur-ska-ni-bemota-och-fraga-ett-barn-som-ni-misstanker-ar-utsatt-for-vald\/\" \/>\n<meta property=\"og:site_name\" content=\"Barnafrid\" \/>\n<meta property=\"article:modified_time\" content=\"2024-04-12T06:15:08+00:00\" \/>\n<meta name=\"twitter:card\" content=\"summary_large_image\" \/>\n<meta name=\"twitter:label1\" content=\"Ber\u00e4knad l\u00e4stid\" \/>\n\t<meta name=\"twitter:data1\" content=\"1 minut\" \/>\n<script type=\"application\/ld+json\" class=\"yoast-schema-graph\">{\"@context\":\"https:\\\/\\\/schema.org\",\"@graph\":[{\"@type\":\"WebPage\",\"@id\":\"https:\\\/\\\/barnafrid.se\\\/kunskapsportal\\\/startsida\\\/barnafrids-utbildningar\\\/basprogram-om-vald-mot-barn-och-unga-gruppspar-forskola-2\\\/gruppspar-forskola\\\/tema-3-hur-ska-ni-bemota-och-fraga-ett-barn-som-ni-misstanker-ar-utsatt-for-vald\\\/\",\"url\":\"https:\\\/\\\/barnafrid.se\\\/kunskapsportal\\\/startsida\\\/barnafrids-utbildningar\\\/basprogram-om-vald-mot-barn-och-unga-gruppspar-forskola-2\\\/gruppspar-forskola\\\/tema-3-hur-ska-ni-bemota-och-fraga-ett-barn-som-ni-misstanker-ar-utsatt-for-vald\\\/\",\"name\":\"Tema 3: Hur ska ni bem\u00f6ta och fr\u00e5ga ett barn som ni misst\u00e4nker \u00e4r utsatt f\u00f6r v\u00e5ld? - Barnafrid\",\"isPartOf\":{\"@id\":\"https:\\\/\\\/barnafrid.se\\\/kunskapsportal\\\/#website\"},\"datePublished\":\"2024-03-19T08:33:35+00:00\",\"dateModified\":\"2024-04-12T06:15:08+00:00\",\"breadcrumb\":{\"@id\":\"https:\\\/\\\/barnafrid.se\\\/kunskapsportal\\\/startsida\\\/barnafrids-utbildningar\\\/basprogram-om-vald-mot-barn-och-unga-gruppspar-forskola-2\\\/gruppspar-forskola\\\/tema-3-hur-ska-ni-bemota-och-fraga-ett-barn-som-ni-misstanker-ar-utsatt-for-vald\\\/#breadcrumb\"},\"inLanguage\":\"sv-SE\",\"potentialAction\":[{\"@type\":\"ReadAction\",\"target\":[\"https:\\\/\\\/barnafrid.se\\\/kunskapsportal\\\/startsida\\\/barnafrids-utbildningar\\\/basprogram-om-vald-mot-barn-och-unga-gruppspar-forskola-2\\\/gruppspar-forskola\\\/tema-3-hur-ska-ni-bemota-och-fraga-ett-barn-som-ni-misstanker-ar-utsatt-for-vald\\\/\"]}]},{\"@type\":\"BreadcrumbList\",\"@id\":\"https:\\\/\\\/barnafrid.se\\\/kunskapsportal\\\/startsida\\\/barnafrids-utbildningar\\\/basprogram-om-vald-mot-barn-och-unga-gruppspar-forskola-2\\\/gruppspar-forskola\\\/tema-3-hur-ska-ni-bemota-och-fraga-ett-barn-som-ni-misstanker-ar-utsatt-for-vald\\\/#breadcrumb\",\"itemListElement\":[{\"@type\":\"ListItem\",\"position\":1,\"name\":\"Home\",\"item\":\"https:\\\/\\\/barnafrid.se\\\/kunskapsportal\\\/\"},{\"@type\":\"ListItem\",\"position\":2,\"name\":\"Startsida\",\"item\":\"https:\\\/\\\/barnafrid.se\\\/kunskapsportal\\\/\"},{\"@type\":\"ListItem\",\"position\":3,\"name\":\"Utbildningar\",\"item\":\"https:\\\/\\\/barnafrid.se\\\/kunskapsportal\\\/startsida\\\/barnafrids-utbildningar\\\/\"},{\"@type\":\"ListItem\",\"position\":4,\"name\":\"Basprogram om v\u00e5ld mot barn och unga Gruppsp\u00e5r f\u00f6r f\u00f6rskolan\",\"item\":\"https:\\\/\\\/barnafrid.se\\\/kunskapsportal\\\/startsida\\\/barnafrids-utbildningar\\\/basprogram-om-vald-mot-barn-och-unga-gruppspar-forskola-2\\\/\"},{\"@type\":\"ListItem\",\"position\":5,\"name\":\"V\u00e4lkommen till utbildningen Barnafrids basprogram om v\u00e5ld mot barn och unga \u2013 gruppsp\u00e5r f\u00f6r f\u00f6rskolan\",\"item\":\"https:\\\/\\\/barnafrid.se\\\/kunskapsportal\\\/startsida\\\/barnafrids-utbildningar\\\/basprogram-om-vald-mot-barn-och-unga-gruppspar-forskola-2\\\/gruppspar-forskola\\\/\"},{\"@type\":\"ListItem\",\"position\":6,\"name\":\"Tema 3: Hur ska ni bem\u00f6ta och fr\u00e5ga ett barn som ni misst\u00e4nker \u00e4r utsatt f\u00f6r v\u00e5ld?\"}]},{\"@type\":\"WebSite\",\"@id\":\"https:\\\/\\\/barnafrid.se\\\/kunskapsportal\\\/#website\",\"url\":\"https:\\\/\\\/barnafrid.se\\\/kunskapsportal\\\/\",\"name\":\"Barnafrid\",\"description\":\"Kunskapsportal om v\u00e5ld mot barn\",\"potentialAction\":[{\"@type\":\"SearchAction\",\"target\":{\"@type\":\"EntryPoint\",\"urlTemplate\":\"https:\\\/\\\/barnafrid.se\\\/kunskapsportal\\\/?s={search_term_string}\"},\"query-input\":{\"@type\":\"PropertyValueSpecification\",\"valueRequired\":true,\"valueName\":\"search_term_string\"}}],\"inLanguage\":\"sv-SE\"}]}<\/script>\n<!-- \/ Yoast SEO plugin. -->","yoast_head_json":{"title":"Tema 3: Hur ska ni bem\u00f6ta och fr\u00e5ga ett barn som ni misst\u00e4nker \u00e4r utsatt f\u00f6r v\u00e5ld? - Barnafrid","robots":{"index":"noindex","follow":"nofollow"},"og_locale":"sv_SE","og_type":"article","og_title":"Tema 3: Hur ska ni bem\u00f6ta och fr\u00e5ga ett barn som ni misst\u00e4nker \u00e4r utsatt f\u00f6r v\u00e5ld? - Barnafrid","og_description":"Syftet med det tredje temat \u00e4r att du och dina kollegor ska f\u00e5 \u00f6kad kunskap och praktisk kompetens i hur ni kan bem\u00f6ta och fr\u00e5ga ett barn som ni misst\u00e4nker eller vet \u00e4r utsatt f\u00f6r v\u00e5ld. M\u00e5len f\u00f6r det h\u00e4r temat \u00e4r att du och dina kollegor ska f\u00e5 Tillbaka till start >>","og_url":"https:\/\/barnafrid.se\/kunskapsportal\/startsida\/barnafrids-utbildningar\/basprogram-om-vald-mot-barn-och-unga-gruppspar-forskola-2\/gruppspar-forskola\/tema-3-hur-ska-ni-bemota-och-fraga-ett-barn-som-ni-misstanker-ar-utsatt-for-vald\/","og_site_name":"Barnafrid","article_modified_time":"2024-04-12T06:15:08+00:00","twitter_card":"summary_large_image","twitter_misc":{"Ber\u00e4knad l\u00e4stid":"1 minut"},"schema":{"@context":"https:\/\/schema.org","@graph":[{"@type":"WebPage","@id":"https:\/\/barnafrid.se\/kunskapsportal\/startsida\/barnafrids-utbildningar\/basprogram-om-vald-mot-barn-och-unga-gruppspar-forskola-2\/gruppspar-forskola\/tema-3-hur-ska-ni-bemota-och-fraga-ett-barn-som-ni-misstanker-ar-utsatt-for-vald\/","url":"https:\/\/barnafrid.se\/kunskapsportal\/startsida\/barnafrids-utbildningar\/basprogram-om-vald-mot-barn-och-unga-gruppspar-forskola-2\/gruppspar-forskola\/tema-3-hur-ska-ni-bemota-och-fraga-ett-barn-som-ni-misstanker-ar-utsatt-for-vald\/","name":"Tema 3: Hur ska ni bem\u00f6ta och fr\u00e5ga ett barn som ni misst\u00e4nker \u00e4r utsatt f\u00f6r v\u00e5ld? - Barnafrid","isPartOf":{"@id":"https:\/\/barnafrid.se\/kunskapsportal\/#website"},"datePublished":"2024-03-19T08:33:35+00:00","dateModified":"2024-04-12T06:15:08+00:00","breadcrumb":{"@id":"https:\/\/barnafrid.se\/kunskapsportal\/startsida\/barnafrids-utbildningar\/basprogram-om-vald-mot-barn-och-unga-gruppspar-forskola-2\/gruppspar-forskola\/tema-3-hur-ska-ni-bemota-och-fraga-ett-barn-som-ni-misstanker-ar-utsatt-for-vald\/#breadcrumb"},"inLanguage":"sv-SE","potentialAction":[{"@type":"ReadAction","target":["https:\/\/barnafrid.se\/kunskapsportal\/startsida\/barnafrids-utbildningar\/basprogram-om-vald-mot-barn-och-unga-gruppspar-forskola-2\/gruppspar-forskola\/tema-3-hur-ska-ni-bemota-och-fraga-ett-barn-som-ni-misstanker-ar-utsatt-for-vald\/"]}]},{"@type":"BreadcrumbList","@id":"https:\/\/barnafrid.se\/kunskapsportal\/startsida\/barnafrids-utbildningar\/basprogram-om-vald-mot-barn-och-unga-gruppspar-forskola-2\/gruppspar-forskola\/tema-3-hur-ska-ni-bemota-och-fraga-ett-barn-som-ni-misstanker-ar-utsatt-for-vald\/#breadcrumb","itemListElement":[{"@type":"ListItem","position":1,"name":"Home","item":"https:\/\/barnafrid.se\/kunskapsportal\/"},{"@type":"ListItem","position":2,"name":"Startsida","item":"https:\/\/barnafrid.se\/kunskapsportal\/"},{"@type":"ListItem","position":3,"name":"Utbildningar","item":"https:\/\/barnafrid.se\/kunskapsportal\/startsida\/barnafrids-utbildningar\/"},{"@type":"ListItem","position":4,"name":"Basprogram om v\u00e5ld mot barn och unga Gruppsp\u00e5r f\u00f6r f\u00f6rskolan","item":"https:\/\/barnafrid.se\/kunskapsportal\/startsida\/barnafrids-utbildningar\/basprogram-om-vald-mot-barn-och-unga-gruppspar-forskola-2\/"},{"@type":"ListItem","position":5,"name":"V\u00e4lkommen till utbildningen Barnafrids basprogram om v\u00e5ld mot barn och unga \u2013 gruppsp\u00e5r f\u00f6r f\u00f6rskolan","item":"https:\/\/barnafrid.se\/kunskapsportal\/startsida\/barnafrids-utbildningar\/basprogram-om-vald-mot-barn-och-unga-gruppspar-forskola-2\/gruppspar-forskola\/"},{"@type":"ListItem","position":6,"name":"Tema 3: Hur ska ni bem\u00f6ta och fr\u00e5ga ett barn som ni misst\u00e4nker \u00e4r utsatt f\u00f6r v\u00e5ld?"}]},{"@type":"WebSite","@id":"https:\/\/barnafrid.se\/kunskapsportal\/#website","url":"https:\/\/barnafrid.se\/kunskapsportal\/","name":"Barnafrid","description":"Kunskapsportal om v\u00e5ld mot barn","potentialAction":[{"@type":"SearchAction","target":{"@type":"EntryPoint","urlTemplate":"https:\/\/barnafrid.se\/kunskapsportal\/?s={search_term_string}"},"query-input":{"@type":"PropertyValueSpecification","valueRequired":true,"valueName":"search_term_string"}}],"inLanguage":"sv-SE"}]}},"_links":{"self":[{"href":"https:\/\/barnafrid.se\/kunskapsportal\/wp-json\/wp\/v2\/pages\/8756","targetHints":{"allow":["GET"]}}],"collection":[{"href":"https:\/\/barnafrid.se\/kunskapsportal\/wp-json\/wp\/v2\/pages"}],"about":[{"href":"https:\/\/barnafrid.se\/kunskapsportal\/wp-json\/wp\/v2\/types\/page"}],"author":[{"embeddable":true,"href":"https:\/\/barnafrid.se\/kunskapsportal\/wp-json\/wp\/v2\/users\/10518"}],"replies":[{"embeddable":true,"href":"https:\/\/barnafrid.se\/kunskapsportal\/wp-json\/wp\/v2\/comments?post=8756"}],"version-history":[{"count":6,"href":"https:\/\/barnafrid.se\/kunskapsportal\/wp-json\/wp\/v2\/pages\/8756\/revisions"}],"predecessor-version":[{"id":8771,"href":"https:\/\/barnafrid.se\/kunskapsportal\/wp-json\/wp\/v2\/pages\/8756\/revisions\/8771"}],"up":[{"embeddable":true,"href":"https:\/\/barnafrid.se\/kunskapsportal\/wp-json\/wp\/v2\/pages\/8406"}],"wp:attachment":[{"href":"https:\/\/barnafrid.se\/kunskapsportal\/wp-json\/wp\/v2\/media?parent=8756"}],"wp:term":[{"taxonomy":"role","embeddable":true,"href":"https:\/\/barnafrid.se\/kunskapsportal\/wp-json\/wp\/v2\/role?post=8756"}],"curies":[{"name":"wp","href":"https:\/\/api.w.org\/{rel}","templated":true}]}}