{"id":7883,"date":"2023-11-29T14:15:03","date_gmt":"2023-11-29T13:15:03","guid":{"rendered":"https:\/\/barnafrid.se\/kunskapsportal\/?page_id=7883"},"modified":"2023-11-29T14:15:03","modified_gmt":"2023-11-29T13:15:03","slug":"webbinarium-behandlingsmetoder-for-personer-som-utovar-hedersrelaterat-vald-och-fortryck-familjearbete-i-hederskontext","status":"publish","type":"page","link":"https:\/\/barnafrid.se\/kunskapsportal\/forelasningar\/webbinarium-behandlingsmetoder-for-personer-som-utovar-hedersrelaterat-vald-och-fortryck-familjearbete-i-hederskontext\/","title":{"rendered":"Webbinarium: Behandlingsmetoder f\u00f6r personer som ut\u00f6var hedersrelaterat v\u00e5ld och f\u00f6rtryck- Familjearbete i hederskontext"},"content":{"rendered":"<div class=\"Videos\">\n        <div class=\"Video Video--original Video--visible\">\n        \n        <figure class=\"VideoPlayer\">\n            <div class=\"VideoPlayer-video VideoPlayer-video--aspect16_9 VideoPlayer-video--hasAspectRatio\">\n                <iframe loading=\"lazy\"\n                    title=\"Video\"\n                    src=\"https:\/\/player.vimeo.com\/video\/888981400?dnt=1&#038;app_id=122963\"\n                    width=\"500\"\n                    height=\"281\"\n                    frameborder=\"0\"\n                    allow=\"autoplay; fullscreen\"\n                    allowfullscreen\n                ><\/iframe>\n            <\/div>\n        <\/figure>\n            <\/div>\n    \n    \n    \n    <div class=\"VideosVersions\">\n        \n            <\/div>\n<\/div>\n","protected":false},"excerpt":{"rendered":"","protected":false},"author":10518,"featured_media":0,"parent":3570,"menu_order":0,"comment_status":"closed","ping_status":"closed","template":"","meta":{"h5ap_radio_sources":[],"footnotes":""},"role":[],"class_list":["post-7883","page","type-page","status-publish","hentry"],"yoast_head":"<!-- This site is optimized with the Yoast SEO plugin v27.3 - https:\/\/yoast.com\/product\/yoast-seo-wordpress\/ -->\n<title>Webbinarium: Behandlingsmetoder f\u00f6r personer som ut\u00f6var hedersrelaterat v\u00e5ld och f\u00f6rtryck- Familjearbete i hederskontext - Barnafrid<\/title>\n<meta name=\"robots\" content=\"index, follow, max-snippet:-1, max-image-preview:large, max-video-preview:-1\" \/>\n<link rel=\"canonical\" href=\"https:\/\/barnafrid.se\/kunskapsportal\/forelasningar\/webbinarium-behandlingsmetoder-for-personer-som-utovar-hedersrelaterat-vald-och-fortryck-familjearbete-i-hederskontext\/\" \/>\n<meta property=\"og:locale\" content=\"sv_SE\" \/>\n<meta property=\"og:type\" content=\"article\" \/>\n<meta property=\"og:title\" content=\"Webbinarium: Behandlingsmetoder f\u00f6r personer som ut\u00f6var hedersrelaterat v\u00e5ld och f\u00f6rtryck- Familjearbete i hederskontext - Barnafrid\" \/>\n<meta property=\"og:url\" content=\"https:\/\/barnafrid.se\/kunskapsportal\/forelasningar\/webbinarium-behandlingsmetoder-for-personer-som-utovar-hedersrelaterat-vald-och-fortryck-familjearbete-i-hederskontext\/\" \/>\n<meta property=\"og:site_name\" content=\"Barnafrid\" \/>\n<meta name=\"twitter:card\" content=\"summary_large_image\" \/>\n<script type=\"application\/ld+json\" class=\"yoast-schema-graph\">{\"@context\":\"https:\\\/\\\/schema.org\",\"@graph\":[{\"@type\":\"WebPage\",\"@id\":\"https:\\\/\\\/barnafrid.se\\\/kunskapsportal\\\/forelasningar\\\/webbinarium-behandlingsmetoder-for-personer-som-utovar-hedersrelaterat-vald-och-fortryck-familjearbete-i-hederskontext\\\/\",\"url\":\"https:\\\/\\\/barnafrid.se\\\/kunskapsportal\\\/forelasningar\\\/webbinarium-behandlingsmetoder-for-personer-som-utovar-hedersrelaterat-vald-och-fortryck-familjearbete-i-hederskontext\\\/\",\"name\":\"Webbinarium: Behandlingsmetoder f\u00f6r personer som ut\u00f6var hedersrelaterat v\u00e5ld och f\u00f6rtryck- Familjearbete i hederskontext - Barnafrid\",\"isPartOf\":{\"@id\":\"https:\\\/\\\/barnafrid.se\\\/kunskapsportal\\\/#website\"},\"datePublished\":\"2023-11-29T13:15:03+00:00\",\"breadcrumb\":{\"@id\":\"https:\\\/\\\/barnafrid.se\\\/kunskapsportal\\\/forelasningar\\\/webbinarium-behandlingsmetoder-for-personer-som-utovar-hedersrelaterat-vald-och-fortryck-familjearbete-i-hederskontext\\\/#breadcrumb\"},\"inLanguage\":\"sv-SE\",\"potentialAction\":[{\"@type\":\"ReadAction\",\"target\":[\"https:\\\/\\\/barnafrid.se\\\/kunskapsportal\\\/forelasningar\\\/webbinarium-behandlingsmetoder-for-personer-som-utovar-hedersrelaterat-vald-och-fortryck-familjearbete-i-hederskontext\\\/\"]}]},{\"@type\":\"BreadcrumbList\",\"@id\":\"https:\\\/\\\/barnafrid.se\\\/kunskapsportal\\\/forelasningar\\\/webbinarium-behandlingsmetoder-for-personer-som-utovar-hedersrelaterat-vald-och-fortryck-familjearbete-i-hederskontext\\\/#breadcrumb\",\"itemListElement\":[{\"@type\":\"ListItem\",\"position\":1,\"name\":\"Home\",\"item\":\"https:\\\/\\\/barnafrid.se\\\/kunskapsportal\\\/\"},{\"@type\":\"ListItem\",\"position\":2,\"name\":\"F\u00f6rel\u00e4sningar\",\"item\":\"https:\\\/\\\/barnafrid.se\\\/kunskapsportal\\\/forelasningar\\\/\"},{\"@type\":\"ListItem\",\"position\":3,\"name\":\"Webbinarium: Behandlingsmetoder f\u00f6r personer som ut\u00f6var hedersrelaterat v\u00e5ld och f\u00f6rtryck- Familjearbete i hederskontext\"}]},{\"@type\":\"WebSite\",\"@id\":\"https:\\\/\\\/barnafrid.se\\\/kunskapsportal\\\/#website\",\"url\":\"https:\\\/\\\/barnafrid.se\\\/kunskapsportal\\\/\",\"name\":\"Barnafrid\",\"description\":\"Kunskapsportal om v\u00e5ld mot barn\",\"potentialAction\":[{\"@type\":\"SearchAction\",\"target\":{\"@type\":\"EntryPoint\",\"urlTemplate\":\"https:\\\/\\\/barnafrid.se\\\/kunskapsportal\\\/?s={search_term_string}\"},\"query-input\":{\"@type\":\"PropertyValueSpecification\",\"valueRequired\":true,\"valueName\":\"search_term_string\"}}],\"inLanguage\":\"sv-SE\"}]}<\/script>\n<!-- \/ Yoast SEO plugin. -->","yoast_head_json":{"title":"Webbinarium: Behandlingsmetoder f\u00f6r personer som ut\u00f6var hedersrelaterat v\u00e5ld och f\u00f6rtryck- Familjearbete i hederskontext - Barnafrid","robots":{"index":"index","follow":"follow","max-snippet":"max-snippet:-1","max-image-preview":"max-image-preview:large","max-video-preview":"max-video-preview:-1"},"canonical":"https:\/\/barnafrid.se\/kunskapsportal\/forelasningar\/webbinarium-behandlingsmetoder-for-personer-som-utovar-hedersrelaterat-vald-och-fortryck-familjearbete-i-hederskontext\/","og_locale":"sv_SE","og_type":"article","og_title":"Webbinarium: Behandlingsmetoder f\u00f6r personer som ut\u00f6var hedersrelaterat v\u00e5ld och f\u00f6rtryck- Familjearbete i hederskontext - Barnafrid","og_url":"https:\/\/barnafrid.se\/kunskapsportal\/forelasningar\/webbinarium-behandlingsmetoder-for-personer-som-utovar-hedersrelaterat-vald-och-fortryck-familjearbete-i-hederskontext\/","og_site_name":"Barnafrid","twitter_card":"summary_large_image","schema":{"@context":"https:\/\/schema.org","@graph":[{"@type":"WebPage","@id":"https:\/\/barnafrid.se\/kunskapsportal\/forelasningar\/webbinarium-behandlingsmetoder-for-personer-som-utovar-hedersrelaterat-vald-och-fortryck-familjearbete-i-hederskontext\/","url":"https:\/\/barnafrid.se\/kunskapsportal\/forelasningar\/webbinarium-behandlingsmetoder-for-personer-som-utovar-hedersrelaterat-vald-och-fortryck-familjearbete-i-hederskontext\/","name":"Webbinarium: Behandlingsmetoder f\u00f6r personer som ut\u00f6var hedersrelaterat v\u00e5ld och f\u00f6rtryck- Familjearbete i hederskontext - Barnafrid","isPartOf":{"@id":"https:\/\/barnafrid.se\/kunskapsportal\/#website"},"datePublished":"2023-11-29T13:15:03+00:00","breadcrumb":{"@id":"https:\/\/barnafrid.se\/kunskapsportal\/forelasningar\/webbinarium-behandlingsmetoder-for-personer-som-utovar-hedersrelaterat-vald-och-fortryck-familjearbete-i-hederskontext\/#breadcrumb"},"inLanguage":"sv-SE","potentialAction":[{"@type":"ReadAction","target":["https:\/\/barnafrid.se\/kunskapsportal\/forelasningar\/webbinarium-behandlingsmetoder-for-personer-som-utovar-hedersrelaterat-vald-och-fortryck-familjearbete-i-hederskontext\/"]}]},{"@type":"BreadcrumbList","@id":"https:\/\/barnafrid.se\/kunskapsportal\/forelasningar\/webbinarium-behandlingsmetoder-for-personer-som-utovar-hedersrelaterat-vald-och-fortryck-familjearbete-i-hederskontext\/#breadcrumb","itemListElement":[{"@type":"ListItem","position":1,"name":"Home","item":"https:\/\/barnafrid.se\/kunskapsportal\/"},{"@type":"ListItem","position":2,"name":"F\u00f6rel\u00e4sningar","item":"https:\/\/barnafrid.se\/kunskapsportal\/forelasningar\/"},{"@type":"ListItem","position":3,"name":"Webbinarium: Behandlingsmetoder f\u00f6r personer som ut\u00f6var hedersrelaterat v\u00e5ld och f\u00f6rtryck- Familjearbete i hederskontext"}]},{"@type":"WebSite","@id":"https:\/\/barnafrid.se\/kunskapsportal\/#website","url":"https:\/\/barnafrid.se\/kunskapsportal\/","name":"Barnafrid","description":"Kunskapsportal om v\u00e5ld mot barn","potentialAction":[{"@type":"SearchAction","target":{"@type":"EntryPoint","urlTemplate":"https:\/\/barnafrid.se\/kunskapsportal\/?s={search_term_string}"},"query-input":{"@type":"PropertyValueSpecification","valueRequired":true,"valueName":"search_term_string"}}],"inLanguage":"sv-SE"}]}},"_links":{"self":[{"href":"https:\/\/barnafrid.se\/kunskapsportal\/wp-json\/wp\/v2\/pages\/7883","targetHints":{"allow":["GET"]}}],"collection":[{"href":"https:\/\/barnafrid.se\/kunskapsportal\/wp-json\/wp\/v2\/pages"}],"about":[{"href":"https:\/\/barnafrid.se\/kunskapsportal\/wp-json\/wp\/v2\/types\/page"}],"author":[{"embeddable":true,"href":"https:\/\/barnafrid.se\/kunskapsportal\/wp-json\/wp\/v2\/users\/10518"}],"replies":[{"embeddable":true,"href":"https:\/\/barnafrid.se\/kunskapsportal\/wp-json\/wp\/v2\/comments?post=7883"}],"version-history":[{"count":1,"href":"https:\/\/barnafrid.se\/kunskapsportal\/wp-json\/wp\/v2\/pages\/7883\/revisions"}],"predecessor-version":[{"id":7884,"href":"https:\/\/barnafrid.se\/kunskapsportal\/wp-json\/wp\/v2\/pages\/7883\/revisions\/7884"}],"up":[{"embeddable":true,"href":"https:\/\/barnafrid.se\/kunskapsportal\/wp-json\/wp\/v2\/pages\/3570"}],"wp:attachment":[{"href":"https:\/\/barnafrid.se\/kunskapsportal\/wp-json\/wp\/v2\/media?parent=7883"}],"wp:term":[{"taxonomy":"role","embeddable":true,"href":"https:\/\/barnafrid.se\/kunskapsportal\/wp-json\/wp\/v2\/role?post=7883"}],"curies":[{"name":"wp","href":"https:\/\/api.w.org\/{rel}","templated":true}]}}