{"id":7665,"date":"2023-09-11T12:04:10","date_gmt":"2023-09-11T10:04:10","guid":{"rendered":"https:\/\/barnafrid.se\/kunskapsportal\/?page_id=7665"},"modified":"2025-08-14T14:22:43","modified_gmt":"2025-08-14T12:22:43","slug":"formular","status":"publish","type":"page","link":"https:\/\/barnafrid.se\/kunskapsportal\/formular\/","title":{"rendered":"Formul\u00e4r"},"content":{"rendered":"<section class=\"ArticleSection \">\n      <h2 class=\"ArticleSection-title\" id=\"alfabetisk-ordning\">\n      Alfabetisk ordning    <\/h2>\n    <\/section>\n\n\n\n<h3 class=\"wp-block-heading\">A-DES (ADOLESCENT DISSOCIATIVE EXPERIENCING SCALE)<\/h3>\n\n\n\n<ul class=\"List\">\n<li class=\"List-item\"><a href=\"https:\/\/barnafrid.se\/kunskapsportal\/wp-content\/uploads\/2023\/10\/ades-info-1_231030.pdf\">ADES info<\/a><\/li>\n\n\n\n<li class=\"List-item\"><a href=\"https:\/\/barnafrid.se\/kunskapsportal\/wp-content\/uploads\/2022\/01\/ades_lkp.pdf\" target=\"_blank\" rel=\"noreferrer noopener\">ADES LKP<\/a><\/li>\n<\/ul>\n\n\n\n<h3 class=\"wp-block-heading\">ASC-KIDS (ACUTE STRESS CHECKLIST FOR CHILDREN)<\/h3>\n\n\n\n<ul class=\"List\">\n<li class=\"List-item\"><a href=\"https:\/\/barnafrid.se\/kunskapsportal\/wp-content\/uploads\/2022\/01\/asc-kids_info-1.pdf\" target=\"_blank\" rel=\"noreferrer noopener\">ASC-kids_info<\/a><\/li>\n\n\n\n<li class=\"List-item\"><a href=\"https:\/\/barnafrid.se\/kunskapsportal\/wp-content\/uploads\/2022\/01\/asc-kids_lkp.pdf\" target=\"_blank\" rel=\"noreferrer noopener\">ASC-Kids_LKP<\/a><\/li>\n<\/ul>\n\n\n\n<h3 class=\"wp-block-heading\">CAPS-CA-5<\/h3>\n\n\n\n<p>CAPS-CA-5 finns att tillg\u00e5 f\u00f6r de som genomf\u00f6rt utbildning via National Center for PTSD, U.S Department of Veterans Affairs alternativt via Kunskapscentrum f\u00f6r katastrofpsykiatri vid Uppsala universitet. Kontakta&nbsp;<a href=\"mailto:poa.samuelberg@liu.se\">poa.samuelberg<\/a>@liu.se<\/p>\n\n\n\n<p><a href=\"https:\/\/barnafrid.se\/kunskapsportal\/film-om-caps-ca-5\/\" target=\"_blank\" rel=\"noreferrer noopener\">F\u00f6rel\u00e4sning om CAPS CA-5 med Bj\u00f6rn Ramel<\/a><\/p>\n\n\n\n<h3 class=\"wp-block-heading\">CATS (CHILD AND ADOLESCENT TRAUMA SCREEN)<\/h3>\n\n\n<aside class='Box Box--story '>\n    \n\n<p>CATS-1 och CATS-2 \u00e4r screeninginstrument f\u00f6r potentiellt traumatiserande h\u00e4ndelser och posttraumatiska symtom f\u00f6r barn respektive deras omsorgspersoner. CATS-1 och CATS-2 finns \u00f6versatta till olika spr\u00e5k och tillg\u00e4ngliga via denna sida i nul\u00e4get: &nbsp;<br><a href=\"https:\/\/eur01.safelinks.protection.outlook.com\/?url=https%3A%2F%2Fwww.uni-bamberg.de%2Fkijupsych%2Fklinische-diagnostik%2Fcats-2%2F&amp;data=05%7C02%7Csofia.lindgren%40liu.se%7Cc87cc28719be46470afd08dda36e5296%7C913f18ec7f264c5fa816784fe9a58edd%7C0%7C0%7C638846416396578821%7CUnknown%7CTWFpbGZsb3d8eyJFbXB0eU1hcGkiOnRydWUsIlYiOiIwLjAuMDAwMCIsIlAiOiJXaW4zMiIsIkFOIjoiTWFpbCIsIldUIjoyfQ%3D%3D%7C0%7C%7C%7C&amp;sdata=RxD%2BKNVOxWtIGVGTOaiMFUfSm4I4iUGY4JDwJHpLzb0%3D&amp;reserved=0\">https:\/\/www.uni-bamberg.de\/kijupsych\/klinische-diagnostik\/cats-2\/<\/a><br>\u00d6nskar du ta del av CATS-1 och CATS-2 p\u00e5 svenska finns de h\u00e4r nedan p\u00e5 denna sida.<\/p>\n\n<\/aside>\n\n\n\n<p>CATS 1<\/p>\n\n\n\n<ul class=\"List\">\n<li class=\"List-item\"><a href=\"https:\/\/barnafrid.se\/kunskapsportal\/wp-content\/uploads\/2022\/04\/cats-1-omsorgsperson-3-6-ar_svenska.pdf\">CATS-1 Omsorgsperson 3-6<\/a><\/li>\n\n\n\n<li class=\"List-item\"><a rel=\"noreferrer noopener\" href=\"https:\/\/barnafrid.se\/kunskapsportal\/wp-content\/uploads\/2022\/01\/cats_svenskungdom.pdf\" target=\"_blank\">CATS-1 Sj\u00e4lvskattning 7-17<\/a><\/li>\n\n\n\n<li class=\"List-item\"><a rel=\"noreferrer noopener\" href=\"https:\/\/barnafrid.se\/kunskapsportal\/wp-content\/uploads\/2022\/01\/cats_svenskforadrar7-16.pdf\" target=\"_blank\">CATS-1 Omsorgsperson 7-17<\/a><\/li>\n<\/ul>\n\n\n\n<p>CATS 2<\/p>\n\n\n\n<ul class=\"List\">\n<li class=\"List-item\"><a href=\"https:\/\/barnafrid.se\/kunskapsportal\/wp-content\/uploads\/2024\/09\/cats-2-omsorgsperson-7-17_240916.pdf\">CATS-2 Omsorgsperson 7-17<\/a> (uppdaterat 240916)<\/li>\n\n\n\n<li class=\"List-item\"><a href=\"https:\/\/barnafrid.se\/kunskapsportal\/wp-content\/uploads\/2023\/09\/cats-2-sjalvrapport-7-17_svenska-230905.pdf\">CATS-2 Sj\u00e4lvrapport 7-17<\/a><\/li>\n\n\n\n<li class=\"List-item\"><a href=\"https:\/\/barnafrid.se\/kunskapsportal\/wp-content\/uploads\/2023\/09\/vagledning-administering-cats-2_230905.pdf\">V\u00e4gledning administrering CATS-2<\/a><\/li>\n\n\n\n<li class=\"List-item\"><a href=\"https:\/\/barnafrid.se\/kunskapsportal\/forelasning-om-cats-2\">F\u00f6rel\u00e4sning om CATS-2<\/a><\/li>\n<\/ul>\n\n\n\n<h3 class=\"wp-block-heading\">CDC (CHILD DISSOCIATION CHECKLIST)<\/h3>\n\n\n\n<ul class=\"List\">\n<li class=\"List-item\"><a href=\"https:\/\/barnafrid.se\/kunskapsportal\/wp-content\/uploads\/2022\/01\/cdc-info-1.pdf\" target=\"_blank\" rel=\"noreferrer noopener\">CDC info<\/a><\/li>\n\n\n\n<li class=\"List-item\"><a href=\"https:\/\/barnafrid.se\/kunskapsportal\/wp-content\/uploads\/2022\/01\/cdc_lkp.pdf\" target=\"_blank\" rel=\"noreferrer noopener\">CDC_LKP<\/a><\/li>\n<\/ul>\n\n\n\n<h3 class=\"wp-block-heading\">CRIES (CHILDREN\u2019S IMPACT OF EVENTS SCALE)<\/h3>\n\n\n\n<ul class=\"List\">\n<li class=\"List-item\"><a href=\"https:\/\/barnafrid.se\/kunskapsportal\/wp-content\/uploads\/2022\/01\/cries-8_se_anvisningar-1.pdf\" target=\"_blank\" rel=\"noreferrer noopener\">CRIES-8_se_Anvisningar<\/a><\/li>\n<\/ul>\n\n\n\n<h3 class=\"wp-block-heading\">DIS-Q (THE DISSOCIATION QUESTIONNAIRE)<\/h3>\n\n\n\n<ul class=\"List\">\n<li class=\"List-item\"><a href=\"https:\/\/barnafrid.se\/kunskapsportal\/wp-content\/uploads\/2022\/01\/dis-q_info-1.pdf\" target=\"_blank\" rel=\"noreferrer noopener\">DIS-Q_info<\/a><\/li>\n\n\n\n<li class=\"List-item\"><a href=\"https:\/\/barnafrid.se\/kunskapsportal\/wp-content\/uploads\/2022\/01\/scan-disq.pdf\" target=\"_blank\" rel=\"noreferrer noopener\">scan DISQ<\/a><\/li>\n\n\n\n<li class=\"List-item\"><a href=\"https:\/\/barnafrid.se\/kunskapsportal\/wp-content\/uploads\/2022\/01\/dis-q_lkp_1.02.pdf\" target=\"_blank\" rel=\"noreferrer noopener\">DIS-Q_LKP_1.02<\/a><\/li>\n\n\n\n<li class=\"List-item\"><a rel=\"noreferrer noopener\" href=\"https:\/\/barnafrid.se\/kunskapsportal\/wp-content\/uploads\/2022\/01\/dsq-12_lkp.pdf\" target=\"_blank\">DSQ-12_lkp<\/a><\/li>\n\n\n\n<li class=\"List-item\"><a href=\"https:\/\/barnafrid.se\/kunskapsportal\/wp-content\/uploads\/2023\/02\/dsq-12-info.pdf\" target=\"_blank\" rel=\"noreferrer noopener\">DSQ info<\/a><\/li>\n<\/ul>\n\n\n\n<h3 class=\"wp-block-heading\">LYLES (LINK\u00d6PING YOUTH LIFETIME EVENT SCALE)<\/h3>\n\n\n\n<ul class=\"List\">\n<li class=\"List-item\"><a href=\"https:\/\/barnafrid.se\/kunskapsportal\/wp-content\/uploads\/2022\/10\/lyles_info_221026.pdf\" target=\"_blank\" rel=\"noreferrer noopener\">LYLES_info<\/a><\/li>\n\n\n\n<li class=\"List-item\"><a rel=\"noreferrer noopener\" href=\"https:\/\/barnafrid.se\/kunskapsportal\/wp-content\/uploads\/2022\/01\/lyles-p-lkp.pdf\" target=\"_blank\">LYLES-P_LKP<\/a><\/li>\n\n\n\n<li class=\"List-item\"><a rel=\"noreferrer noopener\" href=\"https:\/\/barnafrid.se\/kunskapsportal\/wp-content\/uploads\/2022\/01\/lyles-y_lkp.pdf\" target=\"_blank\">Lyles-Y_LKP<\/a><\/li>\n<\/ul>\n\n\n\n<h3 class=\"wp-block-heading\">SDQ (SOMATOFORM DISSOCIATIVE QUESTIONNAIRE)<\/h3>\n\n\n\n<ul class=\"List\">\n<li class=\"List-item\"><a href=\"https:\/\/barnafrid.se\/kunskapsportal\/wp-content\/uploads\/2022\/01\/sdq-5.pdf\" target=\"_blank\" rel=\"noreferrer noopener\">SDQ-5<\/a><\/li>\n\n\n\n<li class=\"List-item\"><a href=\"https:\/\/barnafrid.se\/kunskapsportal\/wp-content\/uploads\/2022\/01\/sdq-20.pdf\">SDQ-20<\/a><\/li>\n<\/ul>\n","protected":false},"excerpt":{"rendered":"<p>A-DES (ADOLESCENT DISSOCIATIVE EXPERIENCING SCALE) ASC-KIDS (ACUTE STRESS CHECKLIST FOR CHILDREN) CAPS-CA-5 CAPS-CA-5 finns att tillg\u00e5 f\u00f6r de som genomf\u00f6rt utbildning via National Center for PTSD, U.S Department of Veterans Affairs alternativt via Kunskapscentrum f\u00f6r katastrofpsykiatri vid Uppsala universitet. Kontakta&nbsp;poa.samuelberg@liu.se F\u00f6rel\u00e4sning om CAPS CA-5 med Bj\u00f6rn Ramel CATS (CHILD AND ADOLESCENT TRAUMA SCREEN) CATS 1 [&hellip;]<\/p>\n","protected":false},"author":10518,"featured_media":0,"parent":0,"menu_order":0,"comment_status":"closed","ping_status":"closed","template":"page-centered.php","meta":{"h5ap_radio_sources":[],"footnotes":""},"role":[],"class_list":["post-7665","page","type-page","status-publish","hentry"],"yoast_head":"<!-- This site is optimized with the Yoast SEO plugin v27.4 - https:\/\/yoast.com\/product\/yoast-seo-wordpress\/ -->\n<title>Formul\u00e4r - Barnafrid<\/title>\n<meta name=\"robots\" content=\"index, follow, max-snippet:-1, max-image-preview:large, max-video-preview:-1\" \/>\n<link rel=\"canonical\" href=\"https:\/\/barnafrid.se\/kunskapsportal\/formular\/\" \/>\n<meta property=\"og:locale\" content=\"sv_SE\" \/>\n<meta property=\"og:type\" content=\"article\" \/>\n<meta property=\"og:title\" content=\"Formul\u00e4r - Barnafrid\" \/>\n<meta property=\"og:description\" content=\"A-DES (ADOLESCENT DISSOCIATIVE EXPERIENCING SCALE) ASC-KIDS (ACUTE STRESS CHECKLIST FOR CHILDREN) CAPS-CA-5 CAPS-CA-5 finns att tillg\u00e5 f\u00f6r de som genomf\u00f6rt utbildning via National Center for PTSD, U.S Department of Veterans Affairs alternativt via Kunskapscentrum f\u00f6r katastrofpsykiatri vid Uppsala universitet. Kontakta&nbsp;poa.samuelberg@liu.se F\u00f6rel\u00e4sning om CAPS CA-5 med Bj\u00f6rn Ramel CATS (CHILD AND ADOLESCENT TRAUMA SCREEN) CATS 1 [&hellip;]\" \/>\n<meta property=\"og:url\" content=\"https:\/\/barnafrid.se\/kunskapsportal\/formular\/\" \/>\n<meta property=\"og:site_name\" content=\"Barnafrid\" \/>\n<meta property=\"article:modified_time\" content=\"2025-08-14T12:22:43+00:00\" \/>\n<meta name=\"twitter:card\" content=\"summary_large_image\" \/>\n<meta name=\"twitter:label1\" content=\"Ber\u00e4knad l\u00e4stid\" \/>\n\t<meta name=\"twitter:data1\" content=\"1 minut\" \/>\n<script type=\"application\/ld+json\" class=\"yoast-schema-graph\">{\"@context\":\"https:\\\/\\\/schema.org\",\"@graph\":[{\"@type\":\"WebPage\",\"@id\":\"https:\\\/\\\/barnafrid.se\\\/kunskapsportal\\\/formular\\\/\",\"url\":\"https:\\\/\\\/barnafrid.se\\\/kunskapsportal\\\/formular\\\/\",\"name\":\"Formul\u00e4r - Barnafrid\",\"isPartOf\":{\"@id\":\"https:\\\/\\\/barnafrid.se\\\/kunskapsportal\\\/#website\"},\"datePublished\":\"2023-09-11T10:04:10+00:00\",\"dateModified\":\"2025-08-14T12:22:43+00:00\",\"breadcrumb\":{\"@id\":\"https:\\\/\\\/barnafrid.se\\\/kunskapsportal\\\/formular\\\/#breadcrumb\"},\"inLanguage\":\"sv-SE\",\"potentialAction\":[{\"@type\":\"ReadAction\",\"target\":[\"https:\\\/\\\/barnafrid.se\\\/kunskapsportal\\\/formular\\\/\"]}]},{\"@type\":\"BreadcrumbList\",\"@id\":\"https:\\\/\\\/barnafrid.se\\\/kunskapsportal\\\/formular\\\/#breadcrumb\",\"itemListElement\":[{\"@type\":\"ListItem\",\"position\":1,\"name\":\"Home\",\"item\":\"https:\\\/\\\/barnafrid.se\\\/kunskapsportal\\\/\"},{\"@type\":\"ListItem\",\"position\":2,\"name\":\"Formul\u00e4r\"}]},{\"@type\":\"WebSite\",\"@id\":\"https:\\\/\\\/barnafrid.se\\\/kunskapsportal\\\/#website\",\"url\":\"https:\\\/\\\/barnafrid.se\\\/kunskapsportal\\\/\",\"name\":\"Barnafrid\",\"description\":\"Kunskapsportal om v\u00e5ld mot barn\",\"potentialAction\":[{\"@type\":\"SearchAction\",\"target\":{\"@type\":\"EntryPoint\",\"urlTemplate\":\"https:\\\/\\\/barnafrid.se\\\/kunskapsportal\\\/?s={search_term_string}\"},\"query-input\":{\"@type\":\"PropertyValueSpecification\",\"valueRequired\":true,\"valueName\":\"search_term_string\"}}],\"inLanguage\":\"sv-SE\"}]}<\/script>\n<!-- \/ Yoast SEO plugin. -->","yoast_head_json":{"title":"Formul\u00e4r - Barnafrid","robots":{"index":"index","follow":"follow","max-snippet":"max-snippet:-1","max-image-preview":"max-image-preview:large","max-video-preview":"max-video-preview:-1"},"canonical":"https:\/\/barnafrid.se\/kunskapsportal\/formular\/","og_locale":"sv_SE","og_type":"article","og_title":"Formul\u00e4r - Barnafrid","og_description":"A-DES (ADOLESCENT DISSOCIATIVE EXPERIENCING SCALE) ASC-KIDS (ACUTE STRESS CHECKLIST FOR CHILDREN) CAPS-CA-5 CAPS-CA-5 finns att tillg\u00e5 f\u00f6r de som genomf\u00f6rt utbildning via National Center for PTSD, U.S Department of Veterans Affairs alternativt via Kunskapscentrum f\u00f6r katastrofpsykiatri vid Uppsala universitet. Kontakta&nbsp;poa.samuelberg@liu.se F\u00f6rel\u00e4sning om CAPS CA-5 med Bj\u00f6rn Ramel CATS (CHILD AND ADOLESCENT TRAUMA SCREEN) CATS 1 [&hellip;]","og_url":"https:\/\/barnafrid.se\/kunskapsportal\/formular\/","og_site_name":"Barnafrid","article_modified_time":"2025-08-14T12:22:43+00:00","twitter_card":"summary_large_image","twitter_misc":{"Ber\u00e4knad l\u00e4stid":"1 minut"},"schema":{"@context":"https:\/\/schema.org","@graph":[{"@type":"WebPage","@id":"https:\/\/barnafrid.se\/kunskapsportal\/formular\/","url":"https:\/\/barnafrid.se\/kunskapsportal\/formular\/","name":"Formul\u00e4r - Barnafrid","isPartOf":{"@id":"https:\/\/barnafrid.se\/kunskapsportal\/#website"},"datePublished":"2023-09-11T10:04:10+00:00","dateModified":"2025-08-14T12:22:43+00:00","breadcrumb":{"@id":"https:\/\/barnafrid.se\/kunskapsportal\/formular\/#breadcrumb"},"inLanguage":"sv-SE","potentialAction":[{"@type":"ReadAction","target":["https:\/\/barnafrid.se\/kunskapsportal\/formular\/"]}]},{"@type":"BreadcrumbList","@id":"https:\/\/barnafrid.se\/kunskapsportal\/formular\/#breadcrumb","itemListElement":[{"@type":"ListItem","position":1,"name":"Home","item":"https:\/\/barnafrid.se\/kunskapsportal\/"},{"@type":"ListItem","position":2,"name":"Formul\u00e4r"}]},{"@type":"WebSite","@id":"https:\/\/barnafrid.se\/kunskapsportal\/#website","url":"https:\/\/barnafrid.se\/kunskapsportal\/","name":"Barnafrid","description":"Kunskapsportal om v\u00e5ld mot barn","potentialAction":[{"@type":"SearchAction","target":{"@type":"EntryPoint","urlTemplate":"https:\/\/barnafrid.se\/kunskapsportal\/?s={search_term_string}"},"query-input":{"@type":"PropertyValueSpecification","valueRequired":true,"valueName":"search_term_string"}}],"inLanguage":"sv-SE"}]}},"_links":{"self":[{"href":"https:\/\/barnafrid.se\/kunskapsportal\/wp-json\/wp\/v2\/pages\/7665","targetHints":{"allow":["GET"]}}],"collection":[{"href":"https:\/\/barnafrid.se\/kunskapsportal\/wp-json\/wp\/v2\/pages"}],"about":[{"href":"https:\/\/barnafrid.se\/kunskapsportal\/wp-json\/wp\/v2\/types\/page"}],"author":[{"embeddable":true,"href":"https:\/\/barnafrid.se\/kunskapsportal\/wp-json\/wp\/v2\/users\/10518"}],"replies":[{"embeddable":true,"href":"https:\/\/barnafrid.se\/kunskapsportal\/wp-json\/wp\/v2\/comments?post=7665"}],"version-history":[{"count":14,"href":"https:\/\/barnafrid.se\/kunskapsportal\/wp-json\/wp\/v2\/pages\/7665\/revisions"}],"predecessor-version":[{"id":16509,"href":"https:\/\/barnafrid.se\/kunskapsportal\/wp-json\/wp\/v2\/pages\/7665\/revisions\/16509"}],"wp:attachment":[{"href":"https:\/\/barnafrid.se\/kunskapsportal\/wp-json\/wp\/v2\/media?parent=7665"}],"wp:term":[{"taxonomy":"role","embeddable":true,"href":"https:\/\/barnafrid.se\/kunskapsportal\/wp-json\/wp\/v2\/role?post=7665"}],"curies":[{"name":"wp","href":"https:\/\/api.w.org\/{rel}","templated":true}]}}