{"id":710,"date":"2019-12-05T13:48:18","date_gmt":"2019-12-05T12:48:18","guid":{"rendered":"https:\/\/barnafrid.se\/basprogram\/?page_id=710"},"modified":"2025-08-07T15:58:38","modified_gmt":"2025-08-07T13:58:38","slug":"for-arbetsgivare","status":"publish","type":"page","link":"https:\/\/barnafrid.se\/kunskapsportal\/basprogram\/for-arbetsgivare\/","title":{"rendered":"Till dig som \u00e4r arbetsgivare eller programansvarig vid l\u00e4ros\u00e4te"},"content":{"rendered":"<div class='Lead'>\n    <p>V\u00e5ld mot barn f\u00f6rekommer i alla delar av samh\u00e4llet \u2013 arbetar dina medarbetare med barn eller kommer dina studenter att arbeta med barn, eller f\u00f6r\u00e4ldrar, s\u00e5 inneb\u00e4r det ocks\u00e5 att de m\u00f6ter\/kommer att m\u00f6ta v\u00e5ldsutsatta barn eller familjer d\u00e4r barn blir utsatta.<\/p><\/div>\n\n\n\n<p>Alla som arbetar med barn ska k\u00e4nna sig trygga i sin yrkeskunskap f\u00f6r att kunna uppt\u00e4cka, bem\u00f6ta och agera. Det \u00e4r just dina medarbetare\/studenter som kan g\u00f6ra skillnad f\u00f6r ett barn, och skapa m\u00f6jligheter till en positiv utveckling i barnets fortsatta liv.<\/p>\n\n\n\n<figure class=\"Image size-medium\"><img loading=\"lazy\" decoding=\"async\" width=\"300\" height=\"300\" src=\"\/kunskapsportal\/wp-content\/uploads\/2019\/12\/tid-300x300.png\" alt=\"V\u00e4ggklocka ovanf\u00f6r en bokhylla och en liten tavla.\" class=\"Image-img wp-image-707\" srcset=\"https:\/\/barnafrid.se\/kunskapsportal\/wp-content\/uploads\/2019\/12\/tid-300x300.png 300w, https:\/\/barnafrid.se\/kunskapsportal\/wp-content\/uploads\/2019\/12\/tid-150x150.png 150w, https:\/\/barnafrid.se\/kunskapsportal\/wp-content\/uploads\/2019\/12\/tid.png 600w\" sizes=\"auto, (max-width: 300px) 100vw, 300px\" \/><\/figure>\n\n\n\n<p>Barnafrid har inom ramen f\u00f6r regeringsuppdraget <a href=\"https:\/\/www.regeringen.se\/regeringsuppdrag\/2018\/04\/uppdrag-avseende-kompetensutveckling-i-psykiatrisk-traumavard-for-anstallda-i-barn--och-ungdomspsykiatrin\/\">Trauma p\u00e5 kartan<\/a> tagit fram ett tv\u00e4rprofessionellt digitalt basprogram, f\u00f6r att ge yrkesverksamma som m\u00f6ter barn kunskap om v\u00e5ld mot barn baserad p\u00e5 forskning och bepr\u00f6vad erfarenhet. <\/p>\n\n\n\n<p>Basprogrammet <\/p>\n\n\n\n<ul class=\"List\">\n<li class=\"List-item\">kan genomf\u00f6ras individuellt eller i grupp<\/li>\n\n\n\n<li class=\"List-item\">kan g\u00f6ras i ett svep eller delas upp efter tidsm\u00e4ssiga f\u00f6ruts\u00e4ttningar<\/li>\n\n\n\n<li class=\"List-item\">tar en halv dag att genomf\u00f6ra<\/li>\n\n\n\n<li class=\"List-item\">\u00e4r kostnadsfritt<\/li>\n<\/ul>\n\n\n\n<p>Utbildningen ger kunskap<\/p>\n\n\n\n<ul class=\"List\">\n<li class=\"List-item\">om f\u00f6rekomsten av v\u00e5ld mot barn i Sverige<\/li>\n\n\n\n<li class=\"List-item\">om risk- och skyddsfaktorer f\u00f6r v\u00e5ldsutsatthet<\/li>\n\n\n\n<li class=\"List-item\">om olika typer av v\u00e5ld s\u00e5som fysiskt och psykiskt v\u00e5ld, f\u00f6rsummelse,&nbsp;sexuella \u00f6vergrepp och hedersrelaterat v\u00e5ld och f\u00f6rtryck. \u00c4ven v\u00e5ldsutsatthet&nbsp;bland barn p\u00e5 flykt behandlas<\/li>\n\n\n\n<li class=\"List-item\">om lagstiftning<\/li>\n\n\n\n<li class=\"List-item\">om hur v\u00e5ld kan uppt\u00e4ckas och vad man ska g\u00f6ra<\/li>\n<\/ul>\n\n\n\n<p>Utbildningen ger tips p\u00e5 f\u00f6rdjupningsmaterial och lotsar anv\u00e4ndaren vidare till kunskap, riktlinjer och rekommendationer som svenska myndigheter har tagit fram. Varje deltagare kan \u00e5terkomma senare till basprogrammet f\u00f6r att f\u00f6rdjupa sina kunskaper. <\/p>\n\n\n\n<figure class=\"Image size-medium\"><img loading=\"lazy\" decoding=\"async\" width=\"257\" height=\"300\" src=\"\/kunskapsportal\/wp-content\/uploads\/2019\/12\/kapitel-1-1-257x300.png\" alt=\"Ansikte p\u00e5 en ung flicka med uppsatt h\u00e5r framf\u00f6r en m\u00f6rk skugga.\" class=\"Image-img wp-image-972\" srcset=\"https:\/\/barnafrid.se\/kunskapsportal\/wp-content\/uploads\/2019\/12\/kapitel-1-1-257x300.png 257w, https:\/\/barnafrid.se\/kunskapsportal\/wp-content\/uploads\/2019\/12\/kapitel-1-1.png 275w\" sizes=\"auto, (max-width: 257px) 100vw, 257px\" \/><\/figure>\n\n\n\n<p>Basprogrammet riktar sig tv\u00e4rprofessionellt till yrkesverksamma inom offentlig och ideell sektor som i sitt arbete m\u00f6ter barn, samt till personer inom myndigheter som fattar beslut som r\u00f6r barn och unga. Det kan ocks\u00e5 anv\u00e4ndas som en del av olika grund- och vidareutbildningar. Basprogrammet \u00e4r tecken- och syntolkat.<\/p>\n\n\n\n<p>Med utbildningen vill Barnafrid bidra till en generell kunskaps- och kompetensh\u00f6jning inom omr\u00e5det v\u00e5ld mot barn i enlighet med&nbsp;<a href=\"https:\/\/www.regeringen.se\/regeringens-politik\/globala-malen-och-agenda-2030\/17-globala-mal-for-hallbar-utveckling\/\">FN:s Agenda 2030 m\u00e5l 16:2<\/a>, att eliminera \u00f6vergrepp, utnyttjande, m\u00e4nniskohandel och alla former av v\u00e5ld eller tortyr mot barn.&nbsp;<\/p>\n\n\n\n<p>Om du har fr\u00e5gor kring basprogrammet eller vill ha st\u00f6d i anv\u00e4ndningen av utbildningen i kompetensh\u00f6jande syfte i din verksamhet, \u00e4r du v\u00e4lkommen att kontakta Barnafrid via e-post <a href=\"mailto:barnafrid@liu.se\">barnafrid@liu.se<\/a>.<\/p>\n","protected":false},"excerpt":{"rendered":"<p>Alla som arbetar med barn ska k\u00e4nna sig trygga i sin yrkeskunskap f\u00f6r att kunna uppt\u00e4cka, bem\u00f6ta och agera. Det \u00e4r just dina medarbetare\/studenter som kan g\u00f6ra skillnad f\u00f6r ett barn, och skapa m\u00f6jligheter till en positiv utveckling i barnets fortsatta liv. Barnafrid har inom ramen f\u00f6r regeringsuppdraget Trauma p\u00e5 kartan tagit fram ett tv\u00e4rprofessionellt [&hellip;]<\/p>\n","protected":false},"author":4,"featured_media":0,"parent":8,"menu_order":0,"comment_status":"closed","ping_status":"closed","template":"","meta":{"h5ap_radio_sources":[],"footnotes":""},"role":[],"class_list":["post-710","page","type-page","status-publish","hentry"],"yoast_head":"<!-- This site is optimized with the Yoast SEO plugin v27.4 - https:\/\/yoast.com\/product\/yoast-seo-wordpress\/ -->\n<title>Till dig som \u00e4r arbetsgivare eller programansvarig vid l\u00e4ros\u00e4te - Barnafrid<\/title>\n<meta name=\"robots\" content=\"index, follow, max-snippet:-1, max-image-preview:large, max-video-preview:-1\" \/>\n<link rel=\"canonical\" href=\"https:\/\/barnafrid.se\/kunskapsportal\/basprogram\/for-arbetsgivare\/\" \/>\n<meta property=\"og:locale\" content=\"sv_SE\" \/>\n<meta property=\"og:type\" content=\"article\" \/>\n<meta property=\"og:title\" content=\"Till dig som \u00e4r arbetsgivare eller programansvarig vid l\u00e4ros\u00e4te - Barnafrid\" \/>\n<meta property=\"og:description\" content=\"Alla som arbetar med barn ska k\u00e4nna sig trygga i sin yrkeskunskap f\u00f6r att kunna uppt\u00e4cka, bem\u00f6ta och agera. Det \u00e4r just dina medarbetare\/studenter som kan g\u00f6ra skillnad f\u00f6r ett barn, och skapa m\u00f6jligheter till en positiv utveckling i barnets fortsatta liv. Barnafrid har inom ramen f\u00f6r regeringsuppdraget Trauma p\u00e5 kartan tagit fram ett tv\u00e4rprofessionellt [&hellip;]\" \/>\n<meta property=\"og:url\" content=\"https:\/\/barnafrid.se\/kunskapsportal\/basprogram\/for-arbetsgivare\/\" \/>\n<meta property=\"og:site_name\" content=\"Barnafrid\" \/>\n<meta property=\"article:modified_time\" content=\"2025-08-07T13:58:38+00:00\" \/>\n<meta name=\"twitter:card\" content=\"summary_large_image\" \/>\n<meta name=\"twitter:label1\" content=\"Ber\u00e4knad l\u00e4stid\" \/>\n\t<meta name=\"twitter:data1\" content=\"2 minuter\" \/>\n<script type=\"application\/ld+json\" class=\"yoast-schema-graph\">{\"@context\":\"https:\\\/\\\/schema.org\",\"@graph\":[{\"@type\":\"WebPage\",\"@id\":\"https:\\\/\\\/barnafrid.se\\\/kunskapsportal\\\/basprogram\\\/for-arbetsgivare\\\/\",\"url\":\"https:\\\/\\\/barnafrid.se\\\/kunskapsportal\\\/basprogram\\\/for-arbetsgivare\\\/\",\"name\":\"Till dig som \u00e4r arbetsgivare eller programansvarig vid l\u00e4ros\u00e4te - Barnafrid\",\"isPartOf\":{\"@id\":\"https:\\\/\\\/barnafrid.se\\\/kunskapsportal\\\/#website\"},\"datePublished\":\"2019-12-05T12:48:18+00:00\",\"dateModified\":\"2025-08-07T13:58:38+00:00\",\"breadcrumb\":{\"@id\":\"https:\\\/\\\/barnafrid.se\\\/kunskapsportal\\\/basprogram\\\/for-arbetsgivare\\\/#breadcrumb\"},\"inLanguage\":\"sv-SE\",\"potentialAction\":[{\"@type\":\"ReadAction\",\"target\":[\"https:\\\/\\\/barnafrid.se\\\/kunskapsportal\\\/basprogram\\\/for-arbetsgivare\\\/\"]}]},{\"@type\":\"BreadcrumbList\",\"@id\":\"https:\\\/\\\/barnafrid.se\\\/kunskapsportal\\\/basprogram\\\/for-arbetsgivare\\\/#breadcrumb\",\"itemListElement\":[{\"@type\":\"ListItem\",\"position\":1,\"name\":\"Home\",\"item\":\"https:\\\/\\\/barnafrid.se\\\/kunskapsportal\\\/\"},{\"@type\":\"ListItem\",\"position\":2,\"name\":\"Basprogram om v\u00e5ld mot barn och unga\",\"item\":\"https:\\\/\\\/barnafrid.se\\\/kunskapsportal\\\/basprogram\\\/\"},{\"@type\":\"ListItem\",\"position\":3,\"name\":\"Till dig som \u00e4r arbetsgivare eller programansvarig vid l\u00e4ros\u00e4te\"}]},{\"@type\":\"WebSite\",\"@id\":\"https:\\\/\\\/barnafrid.se\\\/kunskapsportal\\\/#website\",\"url\":\"https:\\\/\\\/barnafrid.se\\\/kunskapsportal\\\/\",\"name\":\"Barnafrid\",\"description\":\"Kunskapsportal om v\u00e5ld mot barn\",\"potentialAction\":[{\"@type\":\"SearchAction\",\"target\":{\"@type\":\"EntryPoint\",\"urlTemplate\":\"https:\\\/\\\/barnafrid.se\\\/kunskapsportal\\\/?s={search_term_string}\"},\"query-input\":{\"@type\":\"PropertyValueSpecification\",\"valueRequired\":true,\"valueName\":\"search_term_string\"}}],\"inLanguage\":\"sv-SE\"}]}<\/script>\n<!-- \/ Yoast SEO plugin. -->","yoast_head_json":{"title":"Till dig som \u00e4r arbetsgivare eller programansvarig vid l\u00e4ros\u00e4te - Barnafrid","robots":{"index":"index","follow":"follow","max-snippet":"max-snippet:-1","max-image-preview":"max-image-preview:large","max-video-preview":"max-video-preview:-1"},"canonical":"https:\/\/barnafrid.se\/kunskapsportal\/basprogram\/for-arbetsgivare\/","og_locale":"sv_SE","og_type":"article","og_title":"Till dig som \u00e4r arbetsgivare eller programansvarig vid l\u00e4ros\u00e4te - Barnafrid","og_description":"Alla som arbetar med barn ska k\u00e4nna sig trygga i sin yrkeskunskap f\u00f6r att kunna uppt\u00e4cka, bem\u00f6ta och agera. Det \u00e4r just dina medarbetare\/studenter som kan g\u00f6ra skillnad f\u00f6r ett barn, och skapa m\u00f6jligheter till en positiv utveckling i barnets fortsatta liv. Barnafrid har inom ramen f\u00f6r regeringsuppdraget Trauma p\u00e5 kartan tagit fram ett tv\u00e4rprofessionellt [&hellip;]","og_url":"https:\/\/barnafrid.se\/kunskapsportal\/basprogram\/for-arbetsgivare\/","og_site_name":"Barnafrid","article_modified_time":"2025-08-07T13:58:38+00:00","twitter_card":"summary_large_image","twitter_misc":{"Ber\u00e4knad l\u00e4stid":"2 minuter"},"schema":{"@context":"https:\/\/schema.org","@graph":[{"@type":"WebPage","@id":"https:\/\/barnafrid.se\/kunskapsportal\/basprogram\/for-arbetsgivare\/","url":"https:\/\/barnafrid.se\/kunskapsportal\/basprogram\/for-arbetsgivare\/","name":"Till dig som \u00e4r arbetsgivare eller programansvarig vid l\u00e4ros\u00e4te - Barnafrid","isPartOf":{"@id":"https:\/\/barnafrid.se\/kunskapsportal\/#website"},"datePublished":"2019-12-05T12:48:18+00:00","dateModified":"2025-08-07T13:58:38+00:00","breadcrumb":{"@id":"https:\/\/barnafrid.se\/kunskapsportal\/basprogram\/for-arbetsgivare\/#breadcrumb"},"inLanguage":"sv-SE","potentialAction":[{"@type":"ReadAction","target":["https:\/\/barnafrid.se\/kunskapsportal\/basprogram\/for-arbetsgivare\/"]}]},{"@type":"BreadcrumbList","@id":"https:\/\/barnafrid.se\/kunskapsportal\/basprogram\/for-arbetsgivare\/#breadcrumb","itemListElement":[{"@type":"ListItem","position":1,"name":"Home","item":"https:\/\/barnafrid.se\/kunskapsportal\/"},{"@type":"ListItem","position":2,"name":"Basprogram om v\u00e5ld mot barn och unga","item":"https:\/\/barnafrid.se\/kunskapsportal\/basprogram\/"},{"@type":"ListItem","position":3,"name":"Till dig som \u00e4r arbetsgivare eller programansvarig vid l\u00e4ros\u00e4te"}]},{"@type":"WebSite","@id":"https:\/\/barnafrid.se\/kunskapsportal\/#website","url":"https:\/\/barnafrid.se\/kunskapsportal\/","name":"Barnafrid","description":"Kunskapsportal om v\u00e5ld mot barn","potentialAction":[{"@type":"SearchAction","target":{"@type":"EntryPoint","urlTemplate":"https:\/\/barnafrid.se\/kunskapsportal\/?s={search_term_string}"},"query-input":{"@type":"PropertyValueSpecification","valueRequired":true,"valueName":"search_term_string"}}],"inLanguage":"sv-SE"}]}},"_links":{"self":[{"href":"https:\/\/barnafrid.se\/kunskapsportal\/wp-json\/wp\/v2\/pages\/710","targetHints":{"allow":["GET"]}}],"collection":[{"href":"https:\/\/barnafrid.se\/kunskapsportal\/wp-json\/wp\/v2\/pages"}],"about":[{"href":"https:\/\/barnafrid.se\/kunskapsportal\/wp-json\/wp\/v2\/types\/page"}],"author":[{"embeddable":true,"href":"https:\/\/barnafrid.se\/kunskapsportal\/wp-json\/wp\/v2\/users\/4"}],"replies":[{"embeddable":true,"href":"https:\/\/barnafrid.se\/kunskapsportal\/wp-json\/wp\/v2\/comments?post=710"}],"version-history":[{"count":17,"href":"https:\/\/barnafrid.se\/kunskapsportal\/wp-json\/wp\/v2\/pages\/710\/revisions"}],"predecessor-version":[{"id":16227,"href":"https:\/\/barnafrid.se\/kunskapsportal\/wp-json\/wp\/v2\/pages\/710\/revisions\/16227"}],"up":[{"embeddable":true,"href":"https:\/\/barnafrid.se\/kunskapsportal\/wp-json\/wp\/v2\/pages\/8"}],"wp:attachment":[{"href":"https:\/\/barnafrid.se\/kunskapsportal\/wp-json\/wp\/v2\/media?parent=710"}],"wp:term":[{"taxonomy":"role","embeddable":true,"href":"https:\/\/barnafrid.se\/kunskapsportal\/wp-json\/wp\/v2\/role?post=710"}],"curies":[{"name":"wp","href":"https:\/\/api.w.org\/{rel}","templated":true}]}}