{"id":4771,"date":"2022-10-06T15:05:18","date_gmt":"2022-10-06T13:05:18","guid":{"rendered":"https:\/\/barnafrid.se\/kunskapsportal\/?page_id=4771"},"modified":"2025-12-11T14:01:37","modified_gmt":"2025-12-11T13:01:37","slug":"barnafrids-utbildningar","status":"publish","type":"page","link":"https:\/\/barnafrid.se\/kunskapsportal\/startsida\/barnafrids-utbildningar\/","title":{"rendered":"Utbildningar"},"content":{"rendered":"\n<p>Just nu p\u00e5g\u00e5r en revidering av Barnafrids digitala webbutbildningar. I och med den nya socialtj\u00e4nstlagen som tr\u00e4der i kraft 1 juli 2025 kommer vissa lagh\u00e4nvisningar i utbildningarna peka mot den tidigare lagstiftningen. <a href=\"https:\/\/barnafrid.se\/kunskapsportal\/wp-content\/uploads\/2025\/06\/jamforelse_nuvarande_nya_sol.pdf\" target=\"_blank\" rel=\"noreferrer noopener nofollow\">H\u00e4r kan du ladda ner en tabell med de nya lagh\u00e4nvisningarna j\u00e4mf\u00f6rt med de \u00e4ldre.<\/a><\/p>\n\n\n\n\n<div class=\"Card-section Card-section--three \">\n\n\n    <a class=\"Card-link-container\" target=\"_blank\" href=\"https:\/\/barnafrid.se\/kunskapsportal\/kurs\/kurs-barnvald\/\">\n        <div class=\"Card Card--blue Card--internal\">\n            <p class=\"Card-pretitle\">Webbutbildning<\/p>\n            <h2 class=\"Card-title\">Basprogram om v\u00e5ld mot barn och unga<\/h2>\n            <p>H\u00e4r f\u00e5r du grundl\u00e4ggande kunskaper om hur v\u00e5ld kan drabba barn och unga och hur du ska agera n\u00e4r du uppt\u00e4cker v\u00e5ld.<\/p>            <div class=\"Card-footer\">\n                <span class=\"Card-footer-text\">G\u00e5 till utbildningen<\/span>\n                <div class=\"Card-image\"><img loading=\"lazy\" decoding=\"async\" width=\"1200\" height=\"943\" src=\"https:\/\/barnafrid.se\/kunskapsportal\/wp-content\/uploads\/2021\/06\/barn.png\" class=\"attachment-full size-full\" alt=\"Illustration \u00f6ver tv\u00e5 barn vid k\u00f6ksbord\" srcset=\"https:\/\/barnafrid.se\/kunskapsportal\/wp-content\/uploads\/2021\/06\/barn.png 1200w, https:\/\/barnafrid.se\/kunskapsportal\/wp-content\/uploads\/2021\/06\/barn-300x236.png 300w, https:\/\/barnafrid.se\/kunskapsportal\/wp-content\/uploads\/2021\/06\/barn-1024x805.png 1024w, https:\/\/barnafrid.se\/kunskapsportal\/wp-content\/uploads\/2021\/06\/barn-768x604.png 768w\" sizes=\"auto, (max-width: 1200px) 100vw, 1200px\" \/><\/div>            <\/div>\n        <\/div>\n    <\/a>\n    <a class=\"Card-link-container\" target=\"_blank\" href=\"https:\/\/barnafrid.se\/kunskapsportal\/kurs\/fordjupning-barn-och-trauma\/\">\n        <div class=\"Card Card--aquamarine Card--internal\">\n            <p class=\"Card-pretitle\">Webbutbildning<\/p>\n            <h2 class=\"Card-title\">Barnpsykiatrisk traumav\u00e5rd<\/h2>\n            <p>Kursen syftar till att ge dig kunskaper och f\u00e4rdigheter i barnpsykiatrisk traumav\u00e5rd och hur du bem\u00f6ter, identifierar, kartl\u00e4gger och diagnostiserar barns v\u00e5ldsutsatthet och dess psykiatriska konsekvenser.<\/p>            <div class=\"Card-footer\">\n                <span class=\"Card-footer-text\">G\u00e5 till utbildningen<\/span>\n                            <\/div>\n        <\/div>\n    <\/a>\n    <a class=\"Card-link-container\" target=\"_blank\" href=\"https:\/\/barnafrid.se\/kunskapsportal\/kurs\/barnahusutbildningen\/\">\n        <div class=\"Card Card--purple Card--internal\">\n            <p class=\"Card-pretitle\">Webbutbildning<\/p>\n            <h2 class=\"Card-title\">Barnahusutbildningen &#8211; samverkan med fokus p\u00e5 barnet<\/h2>\n            <p>En utbildning med utg\u00e5ngspunkt i ett barnanpassat utredningsf\u00f6rfarande n\u00e4r det g\u00e4ller brott, skydd och r\u00e4tten till st\u00f6d och behandling, f\u00f6r dig som \u00e4r barnahussamordnare eller som i ditt yrke samverkar med barnahus.<\/p>            <div class=\"Card-footer\">\n                <span class=\"Card-footer-text\">G\u00e5 till barnahusutbildningen<\/span>\n                <div class=\"Card-image\"><img loading=\"lazy\" decoding=\"async\" width=\"1200\" height=\"1079\" src=\"https:\/\/barnafrid.se\/kunskapsportal\/wp-content\/uploads\/2024\/12\/barnahus-hugo-9.16-transparent-cut.png\" class=\"attachment-full size-full\" alt=\"Turkosf\u00e4rgat hus med tak och fyra f\u00f6nster som beskriver verksamheten p\u00e5 ett barnahus. Framf\u00f6r huset st\u00e5r en pojke med r\u00f6tt h\u00e5r.\" srcset=\"https:\/\/barnafrid.se\/kunskapsportal\/wp-content\/uploads\/2024\/12\/barnahus-hugo-9.16-transparent-cut.png 1200w, https:\/\/barnafrid.se\/kunskapsportal\/wp-content\/uploads\/2024\/12\/barnahus-hugo-9.16-transparent-cut-300x270.png 300w, https:\/\/barnafrid.se\/kunskapsportal\/wp-content\/uploads\/2024\/12\/barnahus-hugo-9.16-transparent-cut-1024x921.png 1024w, https:\/\/barnafrid.se\/kunskapsportal\/wp-content\/uploads\/2024\/12\/barnahus-hugo-9.16-transparent-cut-768x691.png 768w\" sizes=\"auto, (max-width: 1200px) 100vw, 1200px\" \/><\/div>            <\/div>\n        <\/div>\n    <\/a>\n    <a class=\"Card-link-container\" target=\"_blank\" href=\"https:\/\/barnafrid.se\/kunskapsportal\/startsida\/barnafrids-utbildningar\/basprogram-om-vald-mot-barn-och-unga-gruppspar-forskola-2\/\">\n        <div class=\"Card Card--blue Card--internal\">\n            <p class=\"Card-pretitle\">Basprogram om v\u00e5ld mot barn och unga<\/p>\n            <h2 class=\"Card-title\">Gruppsp\u00e5r f\u00f6rskola<\/h2>\n            <p>Det h\u00e4r \u00e4r en arbetsplatsutbildning f\u00f6r arbetslag p\u00e5 f\u00f6rskolor som vill g\u00f6ra ett gemensamt kunskapslyft n\u00e4r det g\u00e4ller att uppt\u00e4cka, bem\u00f6ta och anm\u00e4la v\u00e5ld mot barn.<\/p>            <div class=\"Card-footer\">\n                <span class=\"Card-footer-text\">G\u00e5 till gruppsp\u00e5r f\u00f6rskola<\/span>\n                            <\/div>\n        <\/div>\n    <\/a>\n    <a class=\"Card-link-container\" target=\"_blank\" href=\"https:\/\/barnafrid.se\/kunskapsportal\/kodning-av-barnmisshandel-och-forsummelse-mot-barn\/\">\n        <div class=\"Card Card--aquamarine Card--internal\">\n            <p class=\"Card-pretitle\">Kurs<\/p>\n            <h2 class=\"Card-title\">Kodning av barnmisshandel och f\u00f6rsummelse mot barn<\/h2>\n            <p>Kurs f\u00f6r personal inom h\u00e4lso- och sjukv\u00e5rden som inf\u00f6r \u00f6verg\u00e5ngen till ICD-11 \u00f6nskar f\u00f6rdjupa sina kunskaper om dokumentation och kodning av \u00f6vergrepp mot barn.<\/p>            <div class=\"Card-footer\">\n                <span class=\"Card-footer-text\">G\u00e5 till kursen<\/span>\n                            <\/div>\n        <\/div>\n    <\/a>\n    <a class=\"Card-link-container\" target=\"_blank\" href=\"https:\/\/barnafrid.se\/kunskapsportal\/inlasningsmaterial\/\">\n        <div class=\"Card Card--purple Card--internal\">\n            <p class=\"Card-pretitle\">Inl\u00e4sningsmaterial &#8211; l\u00f6senord kr\u00e4vs<\/p>\n            <h2 class=\"Card-title\">Hedersrelaterat v\u00e5ld och f\u00f6rtryck<\/h2>\n            <p>Utbildning inom ramen f\u00f6r v\u00e5rt regeringsuppdrag att h\u00f6ja kunskapen om hedersrelaterat v\u00e5ld och f\u00f6rtryck f\u00f6r dig som arbetar inom Barnahus.<\/p>            <div class=\"Card-footer\">\n                <span class=\"Card-footer-text\">G\u00e5 till inl\u00e4sningsmaterialet<\/span>\n                            <\/div>\n        <\/div>\n    <\/a>\n    <a class=\"Card-link-container\" target=\"_blank\" href=\"https:\/\/barnafrid.se\/kunskapsportal\/basprogram-om-vald-mot-barn-och-unga-gruppspar-barn-och-unga-med-funktionsnedsattning\/\">\n        <div class=\"Card Card--blue Card--internal\">\n            <p class=\"Card-pretitle\">Basprogram om v\u00e5ld mot barn och unga<\/p>\n            <h2 class=\"Card-title\">Gruppsp\u00e5r barn och unga med funktionsneds\u00e4ttning<\/h2>\n            <p>Utbildningen ger arbetsgrupper som m\u00f6ter barn och unga en gemensam kunskapsgrund f\u00f6r att f\u00f6rebygga, uppt\u00e4cka och agera mot v\u00e5ld riktat mot barn och unga.<\/p>            <div class=\"Card-footer\">\n                <span class=\"Card-footer-text\">G\u00e5 till gruppsp\u00e5r barn och unga med funktionsneds\u00e4ttning<\/span>\n                <div class=\"Card-image\"><img loading=\"lazy\" decoding=\"async\" width=\"2000\" height=\"1400\" src=\"https:\/\/barnafrid.se\/kunskapsportal\/wp-content\/uploads\/2025\/01\/bf_20250102_021.png\" class=\"attachment-full size-full\" alt=\"\" srcset=\"https:\/\/barnafrid.se\/kunskapsportal\/wp-content\/uploads\/2025\/01\/bf_20250102_021.png 2000w, https:\/\/barnafrid.se\/kunskapsportal\/wp-content\/uploads\/2025\/01\/bf_20250102_021-300x210.png 300w, https:\/\/barnafrid.se\/kunskapsportal\/wp-content\/uploads\/2025\/01\/bf_20250102_021-1024x717.png 1024w, https:\/\/barnafrid.se\/kunskapsportal\/wp-content\/uploads\/2025\/01\/bf_20250102_021-768x538.png 768w, https:\/\/barnafrid.se\/kunskapsportal\/wp-content\/uploads\/2025\/01\/bf_20250102_021-1536x1075.png 1536w\" sizes=\"auto, (max-width: 2000px) 100vw, 2000px\" \/><\/div>            <\/div>\n        <\/div>\n    <\/a>\n    <a class=\"Card-link-container\" target=\"_blank\" href=\"https:\/\/barnafrid.se\/kunskapsportal\/kurs\/sjalvskadebeteenden-hos-ungdomar\/\">\n        <div class=\"Card Card--aquamarine Card--internal\">\n            <p class=\"Card-pretitle\">Webbutbildning<\/p>\n            <h2 class=\"Card-title\">Sj\u00e4lvskadebeteende hos ungdomar<\/h2>\n            <p>Den h\u00e4r utbildningen \u00e4r till f\u00f6r dig som \u00e4r anst\u00e4lld i verksamhet med barn- och ungdomspsykiatriskt uppdrag. Den ger grundl\u00e4ggande kunskap om sj\u00e4lvskadebeteende, samt v\u00e5rd och bem\u00f6tande. Kursen g\u00e5r igenom definitioner och begrepp, bem\u00f6tande, liksom kartl\u00e4ggning\/bed\u00f6mning och behandling.<\/p>            <div class=\"Card-footer\">\n                <span class=\"Card-footer-text\">G\u00e5 till utbildningen<\/span>\n                            <\/div>\n        <\/div>\n    <\/a>\n    <a class=\"Card-link-container\" target=\"_blank\" href=\"https:\/\/barnafrid.se\/kunskapsportal\/barn-och-unga-med-sexuella-beteendeproblem\/\">\n        <div class=\"Card Card--purple Card--internal\">\n            <p class=\"Card-pretitle\">Webbutbildning<\/p>\n            <h2 class=\"Card-title\">Barn och unga med sexuella beteendeproblem<\/h2>\n            <p>V\u00e4lkommen till utbildningen som ger dig kunskap, f\u00e4rdigheter och processt\u00f6d f\u00f6r att f\u00f6rst\u00e5 och agera vid sexuella beteendeproblem hos barn och ungdomar.<\/p>            <div class=\"Card-footer\">\n                <span class=\"Card-footer-text\">G\u00e5 till utbildningen<\/span>\n                            <\/div>\n        <\/div>\n    <\/a>\n<\/div>\n\n\n\n\n<h3 class=\"Courses-headline\">Uppdragsutbildningar p\u00e5 universitetet<\/h3>\n<div class=\"Courses-container\">\n\n\n    \n    <a class=\"Card-link-container\" data-card=\"[]\" target=\"_blank\" href=\"https:\/\/liu.se\/utbildning\/kurs\/uppdragsutbildningar\/traumafokuserad-kognitiv-beteendeterapi\">\n        <div class=\"Card Card--external Card--white\">\n            <p class=\"Card-pretitle\">Uppdragsutbildning 7,5 hp<\/p>\n            <h2 class=\"Card-title\">Traumafokuserad kognitiv beteendeterapi (TF-KBT)<\/h2>\n            <div class=\"Card-footer\">\n                <span class=\"Card-footer-text\">L\u00e4s mer om utbildningen<\/span>\n            <\/div>\n        <\/div>\n    <\/a>\n\n\n    \n    <a class=\"Card-link-container\" data-card=\"[]\" target=\"_blank\" href=\"https:\/\/liu.se\/utbildning\/kurs\/8fg080?startingsemestertag_sm=4169bf7bc7244330a5b02dbaea46ffec\">\n        <div class=\"Card Card--external Card--white\">\n            <p class=\"Card-pretitle\">Frist\u00e5ende kurs 7,5 hp<\/p>\n            <h2 class=\"Card-title\">V\u00e5ld mot barn &#8211; i teori och praktik<\/h2>\n            <div class=\"Card-footer\">\n                <span class=\"Card-footer-text\">L\u00e4s mer om utbildningen<\/span>\n            <\/div>\n        <\/div>\n    <\/a>\n\n\n    \n    <a class=\"Card-link-container\" data-card=\"[]\" target=\"_blank\" href=\"https:\/\/liu.se\/utbildning\/kurs\/uppdragsutbildningar\/handledning-tf-kbt\">\n        <div class=\"Card Card--external Card--white\">\n            <p class=\"Card-pretitle\">Uppdragsutbildning 7,5 hp<\/p>\n            <h2 class=\"Card-title\">Handledning i traumafokuserad kognitiv beteendeterapi (TF-KBT)<\/h2>\n            <div class=\"Card-footer\">\n                <span class=\"Card-footer-text\">L\u00e4s mer om utbildningen<\/span>\n            <\/div>\n        <\/div>\n    <\/a>\n<\/div>\n","protected":false},"excerpt":{"rendered":"<p>Just nu p\u00e5g\u00e5r en revidering av Barnafrids digitala webbutbildningar. I och med den nya socialtj\u00e4nstlagen som tr\u00e4der i kraft 1 juli 2025 kommer vissa lagh\u00e4nvisningar i utbildningarna peka mot den tidigare lagstiftningen. H\u00e4r kan du ladda ner en tabell med de nya lagh\u00e4nvisningarna j\u00e4mf\u00f6rt med de \u00e4ldre.<\/p>\n","protected":false},"author":10518,"featured_media":0,"parent":2922,"menu_order":0,"comment_status":"closed","ping_status":"closed","template":"","meta":{"h5ap_radio_sources":[],"footnotes":""},"role":[],"class_list":["post-4771","page","type-page","status-publish","hentry"],"yoast_head":"<!-- This site is optimized with the Yoast SEO plugin v27.5 - https:\/\/yoast.com\/product\/yoast-seo-wordpress\/ -->\n<title>Utbildningar - Barnafrid<\/title>\n<meta name=\"robots\" content=\"index, follow, max-snippet:-1, max-image-preview:large, max-video-preview:-1\" \/>\n<link rel=\"canonical\" href=\"https:\/\/barnafrid.se\/kunskapsportal\/startsida\/barnafrids-utbildningar\/\" \/>\n<meta property=\"og:locale\" content=\"sv_SE\" \/>\n<meta property=\"og:type\" content=\"article\" \/>\n<meta property=\"og:title\" content=\"Utbildningar - Barnafrid\" \/>\n<meta property=\"og:description\" content=\"Just nu p\u00e5g\u00e5r en revidering av Barnafrids digitala webbutbildningar. I och med den nya socialtj\u00e4nstlagen som tr\u00e4der i kraft 1 juli 2025 kommer vissa lagh\u00e4nvisningar i utbildningarna peka mot den tidigare lagstiftningen. H\u00e4r kan du ladda ner en tabell med de nya lagh\u00e4nvisningarna j\u00e4mf\u00f6rt med de \u00e4ldre.\" \/>\n<meta property=\"og:url\" content=\"https:\/\/barnafrid.se\/kunskapsportal\/startsida\/barnafrids-utbildningar\/\" \/>\n<meta property=\"og:site_name\" content=\"Barnafrid\" \/>\n<meta property=\"article:modified_time\" content=\"2025-12-11T13:01:37+00:00\" \/>\n<meta name=\"twitter:card\" content=\"summary_large_image\" \/>\n<meta name=\"twitter:label1\" content=\"Ber\u00e4knad l\u00e4stid\" \/>\n\t<meta name=\"twitter:data1\" content=\"1 minut\" \/>\n<script type=\"application\/ld+json\" class=\"yoast-schema-graph\">{\"@context\":\"https:\\\/\\\/schema.org\",\"@graph\":[{\"@type\":\"WebPage\",\"@id\":\"https:\\\/\\\/barnafrid.se\\\/kunskapsportal\\\/startsida\\\/barnafrids-utbildningar\\\/\",\"url\":\"https:\\\/\\\/barnafrid.se\\\/kunskapsportal\\\/startsida\\\/barnafrids-utbildningar\\\/\",\"name\":\"Utbildningar - Barnafrid\",\"isPartOf\":{\"@id\":\"https:\\\/\\\/barnafrid.se\\\/kunskapsportal\\\/#website\"},\"datePublished\":\"2022-10-06T13:05:18+00:00\",\"dateModified\":\"2025-12-11T13:01:37+00:00\",\"breadcrumb\":{\"@id\":\"https:\\\/\\\/barnafrid.se\\\/kunskapsportal\\\/startsida\\\/barnafrids-utbildningar\\\/#breadcrumb\"},\"inLanguage\":\"sv-SE\",\"potentialAction\":[{\"@type\":\"ReadAction\",\"target\":[\"https:\\\/\\\/barnafrid.se\\\/kunskapsportal\\\/startsida\\\/barnafrids-utbildningar\\\/\"]}]},{\"@type\":\"BreadcrumbList\",\"@id\":\"https:\\\/\\\/barnafrid.se\\\/kunskapsportal\\\/startsida\\\/barnafrids-utbildningar\\\/#breadcrumb\",\"itemListElement\":[{\"@type\":\"ListItem\",\"position\":1,\"name\":\"Home\",\"item\":\"https:\\\/\\\/barnafrid.se\\\/kunskapsportal\\\/\"},{\"@type\":\"ListItem\",\"position\":2,\"name\":\"Startsida\",\"item\":\"https:\\\/\\\/barnafrid.se\\\/kunskapsportal\\\/\"},{\"@type\":\"ListItem\",\"position\":3,\"name\":\"Utbildningar\"}]},{\"@type\":\"WebSite\",\"@id\":\"https:\\\/\\\/barnafrid.se\\\/kunskapsportal\\\/#website\",\"url\":\"https:\\\/\\\/barnafrid.se\\\/kunskapsportal\\\/\",\"name\":\"Barnafrid\",\"description\":\"Kunskapsportal om v\u00e5ld mot barn\",\"potentialAction\":[{\"@type\":\"SearchAction\",\"target\":{\"@type\":\"EntryPoint\",\"urlTemplate\":\"https:\\\/\\\/barnafrid.se\\\/kunskapsportal\\\/?s={search_term_string}\"},\"query-input\":{\"@type\":\"PropertyValueSpecification\",\"valueRequired\":true,\"valueName\":\"search_term_string\"}}],\"inLanguage\":\"sv-SE\"}]}<\/script>\n<!-- \/ Yoast SEO plugin. -->","yoast_head_json":{"title":"Utbildningar - Barnafrid","robots":{"index":"index","follow":"follow","max-snippet":"max-snippet:-1","max-image-preview":"max-image-preview:large","max-video-preview":"max-video-preview:-1"},"canonical":"https:\/\/barnafrid.se\/kunskapsportal\/startsida\/barnafrids-utbildningar\/","og_locale":"sv_SE","og_type":"article","og_title":"Utbildningar - Barnafrid","og_description":"Just nu p\u00e5g\u00e5r en revidering av Barnafrids digitala webbutbildningar. I och med den nya socialtj\u00e4nstlagen som tr\u00e4der i kraft 1 juli 2025 kommer vissa lagh\u00e4nvisningar i utbildningarna peka mot den tidigare lagstiftningen. H\u00e4r kan du ladda ner en tabell med de nya lagh\u00e4nvisningarna j\u00e4mf\u00f6rt med de \u00e4ldre.","og_url":"https:\/\/barnafrid.se\/kunskapsportal\/startsida\/barnafrids-utbildningar\/","og_site_name":"Barnafrid","article_modified_time":"2025-12-11T13:01:37+00:00","twitter_card":"summary_large_image","twitter_misc":{"Ber\u00e4knad l\u00e4stid":"1 minut"},"schema":{"@context":"https:\/\/schema.org","@graph":[{"@type":"WebPage","@id":"https:\/\/barnafrid.se\/kunskapsportal\/startsida\/barnafrids-utbildningar\/","url":"https:\/\/barnafrid.se\/kunskapsportal\/startsida\/barnafrids-utbildningar\/","name":"Utbildningar - Barnafrid","isPartOf":{"@id":"https:\/\/barnafrid.se\/kunskapsportal\/#website"},"datePublished":"2022-10-06T13:05:18+00:00","dateModified":"2025-12-11T13:01:37+00:00","breadcrumb":{"@id":"https:\/\/barnafrid.se\/kunskapsportal\/startsida\/barnafrids-utbildningar\/#breadcrumb"},"inLanguage":"sv-SE","potentialAction":[{"@type":"ReadAction","target":["https:\/\/barnafrid.se\/kunskapsportal\/startsida\/barnafrids-utbildningar\/"]}]},{"@type":"BreadcrumbList","@id":"https:\/\/barnafrid.se\/kunskapsportal\/startsida\/barnafrids-utbildningar\/#breadcrumb","itemListElement":[{"@type":"ListItem","position":1,"name":"Home","item":"https:\/\/barnafrid.se\/kunskapsportal\/"},{"@type":"ListItem","position":2,"name":"Startsida","item":"https:\/\/barnafrid.se\/kunskapsportal\/"},{"@type":"ListItem","position":3,"name":"Utbildningar"}]},{"@type":"WebSite","@id":"https:\/\/barnafrid.se\/kunskapsportal\/#website","url":"https:\/\/barnafrid.se\/kunskapsportal\/","name":"Barnafrid","description":"Kunskapsportal om v\u00e5ld mot barn","potentialAction":[{"@type":"SearchAction","target":{"@type":"EntryPoint","urlTemplate":"https:\/\/barnafrid.se\/kunskapsportal\/?s={search_term_string}"},"query-input":{"@type":"PropertyValueSpecification","valueRequired":true,"valueName":"search_term_string"}}],"inLanguage":"sv-SE"}]}},"_links":{"self":[{"href":"https:\/\/barnafrid.se\/kunskapsportal\/wp-json\/wp\/v2\/pages\/4771","targetHints":{"allow":["GET"]}}],"collection":[{"href":"https:\/\/barnafrid.se\/kunskapsportal\/wp-json\/wp\/v2\/pages"}],"about":[{"href":"https:\/\/barnafrid.se\/kunskapsportal\/wp-json\/wp\/v2\/types\/page"}],"author":[{"embeddable":true,"href":"https:\/\/barnafrid.se\/kunskapsportal\/wp-json\/wp\/v2\/users\/10518"}],"replies":[{"embeddable":true,"href":"https:\/\/barnafrid.se\/kunskapsportal\/wp-json\/wp\/v2\/comments?post=4771"}],"version-history":[{"count":69,"href":"https:\/\/barnafrid.se\/kunskapsportal\/wp-json\/wp\/v2\/pages\/4771\/revisions"}],"predecessor-version":[{"id":17578,"href":"https:\/\/barnafrid.se\/kunskapsportal\/wp-json\/wp\/v2\/pages\/4771\/revisions\/17578"}],"up":[{"embeddable":true,"href":"https:\/\/barnafrid.se\/kunskapsportal\/wp-json\/wp\/v2\/pages\/2922"}],"wp:attachment":[{"href":"https:\/\/barnafrid.se\/kunskapsportal\/wp-json\/wp\/v2\/media?parent=4771"}],"wp:term":[{"taxonomy":"role","embeddable":true,"href":"https:\/\/barnafrid.se\/kunskapsportal\/wp-json\/wp\/v2\/role?post=4771"}],"curies":[{"name":"wp","href":"https:\/\/api.w.org\/{rel}","templated":true}]}}