{"id":18115,"date":"2026-03-24T10:07:40","date_gmt":"2026-03-24T09:07:40","guid":{"rendered":"https:\/\/barnafrid.se\/kunskapsportal\/?page_id=18115"},"modified":"2026-03-24T10:35:29","modified_gmt":"2026-03-24T09:35:29","slug":"nationellt-utvecklingsarbete","status":"publish","type":"page","link":"https:\/\/barnafrid.se\/kunskapsportal\/barnafrids-natverk\/resurser-for-dig-som-arbetar-i-barnahus\/nationellt-utvecklingsarbete\/","title":{"rendered":"Nationellt utvecklingsarbete"},"content":{"rendered":"\n<h2 class=\"wp-block-heading\">P\u00e5g\u00e5ende regeringsuppdrag<\/h2>\n\n\n\n<p><a href=\"https:\/\/www.regeringen.se\/contentassets\/f4943718c1454557adad68e8197881c3\/uppdrag-till-brottsoffermyndigheten-att-ta-fram-en-nationell-plan-for-barnahus-samt-ge-stod-till-och-folja-utvecklingen-av-samverkan-avseende-valdsutsatta-barn.pdf\" target=\"_blank\" rel=\"noreferrer noopener\">Nationell plan f\u00f6r samordning av barnahusens verksamhet i Sverige<\/a><\/p>\n\n\n\n<p><a href=\"https:\/\/www.regeringen.se\/contentassets\/f351603b0e2843f4a274af1dadae6597\/uppdrag-om-starkt-samverkan-nar-det-finns-misstanke-om-att-barn-har-utsatts-for-valdsbrott.pdf\" type=\"link\" id=\"https:\/\/www.regeringen.se\/contentassets\/f351603b0e2843f4a274af1dadae6597\/uppdrag-om-starkt-samverkan-nar-det-finns-misstanke-om-att-barn-har-utsatts-for-valdsbrott.pdf\" target=\"_blank\" rel=\"noreferrer noopener\">St\u00e4rkt samverkan vid misstanke om att barn har utsatts f\u00f6r v\u00e5ldsbrott<\/a><\/p>\n\n\n\n<h3 class=\"wp-block-heading\">Nationella riktlinjer f\u00f6r barnahus (2009)<\/h3>\n\n\n\n<p><a href=\"\/kunskapsportal\/kunskapsbibliotek\/nationella-riktlinjer-for-landets-barnahus-2009\/\" type=\"publication\" id=\"16934\">Befintliga riktlinjer f\u00f6r barnahus som ligger till grund f\u00f6r regeringsuppdraget om st\u00e4rkt samverkan<\/a><\/p>\n\n\n\n<p><\/p>\n\n\n\n<h2 class=\"wp-block-heading\">Nationell strategi f\u00f6r att f\u00f6rebygga och bek\u00e4mpa v\u00e5ld mot barn<\/h2>\n\n\n\n<p><a href=\"https:\/\/www.regeringen.se\/rattsliga-dokument\/statens-offentliga-utredningar\/2023\/01\/sou-202270\/\" target=\"_blank\" rel=\"noreferrer noopener\">En uppv\u00e4xt fri fr\u00e5n v\u00e5ld (SOU 2022:70)<\/a><\/p>\n\n\n\n<p><\/p>\n\n\n\n<figure class=\"Image size-large\"><img loading=\"lazy\" decoding=\"async\" width=\"764\" height=\"1024\" src=\"\/kunskapsportal\/wp-content\/uploads\/2024\/03\/karta-764x1024.jpg\" alt=\"Karta \u00f6ver Sveriges kommuner f\u00e4rglagda i gr\u00f6nvisar att kommunen har ett barnahus, r\u00f6d f\u00e4rg att kommunen saknar barnahus.\" class=\"Image-img wp-image-11407\" srcset=\"https:\/\/barnafrid.se\/kunskapsportal\/wp-content\/uploads\/2024\/03\/karta-764x1024.jpg 764w, https:\/\/barnafrid.se\/kunskapsportal\/wp-content\/uploads\/2024\/03\/karta-224x300.jpg 224w, https:\/\/barnafrid.se\/kunskapsportal\/wp-content\/uploads\/2024\/03\/karta-768x1030.jpg 768w, https:\/\/barnafrid.se\/kunskapsportal\/wp-content\/uploads\/2024\/03\/karta-1146x1536.jpg 1146w, https:\/\/barnafrid.se\/kunskapsportal\/wp-content\/uploads\/2024\/03\/karta-1528x2048.jpg 1528w, https:\/\/barnafrid.se\/kunskapsportal\/wp-content\/uploads\/2024\/03\/karta.jpg 1846w\" sizes=\"auto, (max-width: 764px) 100vw, 764px\" \/><\/figure>\n\n\n\n<p><\/p>\n\n\n\n<p><a href=\"https:\/\/barnafrid.se\/kunskapsportal\/barnafrids-natverk\/resurser-for-dig-som-arbetar-i-barnahus\/\"><strong>Tillbaka till start &gt;&gt;<\/strong><\/a><\/p>\n","protected":false},"excerpt":{"rendered":"<p>P\u00e5g\u00e5ende regeringsuppdrag Nationell plan f\u00f6r samordning av barnahusens verksamhet i Sverige St\u00e4rkt samverkan vid misstanke om att barn har utsatts f\u00f6r v\u00e5ldsbrott Nationella riktlinjer f\u00f6r barnahus (2009) Befintliga riktlinjer f\u00f6r barnahus som ligger till grund f\u00f6r regeringsuppdraget om st\u00e4rkt samverkan Nationell strategi f\u00f6r att f\u00f6rebygga och bek\u00e4mpa v\u00e5ld mot barn En uppv\u00e4xt fri fr\u00e5n v\u00e5ld [&hellip;]<\/p>\n","protected":false},"author":26405,"featured_media":0,"parent":18025,"menu_order":0,"comment_status":"closed","ping_status":"closed","template":"page-centered.php","meta":{"h5ap_radio_sources":[],"footnotes":""},"role":[],"class_list":["post-18115","page","type-page","status-publish","hentry"],"yoast_head":"<!-- This site is optimized with the Yoast SEO plugin v27.3 - https:\/\/yoast.com\/product\/yoast-seo-wordpress\/ -->\n<title>Nationellt utvecklingsarbete - Barnafrid<\/title>\n<meta name=\"robots\" content=\"index, follow, max-snippet:-1, max-image-preview:large, max-video-preview:-1\" \/>\n<link rel=\"canonical\" href=\"https:\/\/barnafrid.se\/kunskapsportal\/barnafrids-natverk\/resurser-for-dig-som-arbetar-i-barnahus\/nationellt-utvecklingsarbete\/\" \/>\n<meta property=\"og:locale\" content=\"sv_SE\" \/>\n<meta property=\"og:type\" content=\"article\" \/>\n<meta property=\"og:title\" content=\"Nationellt utvecklingsarbete - Barnafrid\" \/>\n<meta property=\"og:description\" content=\"P\u00e5g\u00e5ende regeringsuppdrag Nationell plan f\u00f6r samordning av barnahusens verksamhet i Sverige St\u00e4rkt samverkan vid misstanke om att barn har utsatts f\u00f6r v\u00e5ldsbrott Nationella riktlinjer f\u00f6r barnahus (2009) Befintliga riktlinjer f\u00f6r barnahus som ligger till grund f\u00f6r regeringsuppdraget om st\u00e4rkt samverkan Nationell strategi f\u00f6r att f\u00f6rebygga och bek\u00e4mpa v\u00e5ld mot barn En uppv\u00e4xt fri fr\u00e5n v\u00e5ld [&hellip;]\" \/>\n<meta property=\"og:url\" content=\"https:\/\/barnafrid.se\/kunskapsportal\/barnafrids-natverk\/resurser-for-dig-som-arbetar-i-barnahus\/nationellt-utvecklingsarbete\/\" \/>\n<meta property=\"og:site_name\" content=\"Barnafrid\" \/>\n<meta property=\"article:modified_time\" content=\"2026-03-24T09:35:29+00:00\" \/>\n<meta name=\"twitter:card\" content=\"summary_large_image\" \/>\n<meta name=\"twitter:label1\" content=\"Ber\u00e4knad l\u00e4stid\" \/>\n\t<meta name=\"twitter:data1\" content=\"1 minut\" \/>\n<script type=\"application\/ld+json\" class=\"yoast-schema-graph\">{\"@context\":\"https:\\\/\\\/schema.org\",\"@graph\":[{\"@type\":\"WebPage\",\"@id\":\"https:\\\/\\\/barnafrid.se\\\/kunskapsportal\\\/barnafrids-natverk\\\/resurser-for-dig-som-arbetar-i-barnahus\\\/nationellt-utvecklingsarbete\\\/\",\"url\":\"https:\\\/\\\/barnafrid.se\\\/kunskapsportal\\\/barnafrids-natverk\\\/resurser-for-dig-som-arbetar-i-barnahus\\\/nationellt-utvecklingsarbete\\\/\",\"name\":\"Nationellt utvecklingsarbete - Barnafrid\",\"isPartOf\":{\"@id\":\"https:\\\/\\\/barnafrid.se\\\/kunskapsportal\\\/#website\"},\"datePublished\":\"2026-03-24T09:07:40+00:00\",\"dateModified\":\"2026-03-24T09:35:29+00:00\",\"breadcrumb\":{\"@id\":\"https:\\\/\\\/barnafrid.se\\\/kunskapsportal\\\/barnafrids-natverk\\\/resurser-for-dig-som-arbetar-i-barnahus\\\/nationellt-utvecklingsarbete\\\/#breadcrumb\"},\"inLanguage\":\"sv-SE\",\"potentialAction\":[{\"@type\":\"ReadAction\",\"target\":[\"https:\\\/\\\/barnafrid.se\\\/kunskapsportal\\\/barnafrids-natverk\\\/resurser-for-dig-som-arbetar-i-barnahus\\\/nationellt-utvecklingsarbete\\\/\"]}]},{\"@type\":\"BreadcrumbList\",\"@id\":\"https:\\\/\\\/barnafrid.se\\\/kunskapsportal\\\/barnafrids-natverk\\\/resurser-for-dig-som-arbetar-i-barnahus\\\/nationellt-utvecklingsarbete\\\/#breadcrumb\",\"itemListElement\":[{\"@type\":\"ListItem\",\"position\":1,\"name\":\"Home\",\"item\":\"https:\\\/\\\/barnafrid.se\\\/kunskapsportal\\\/\"},{\"@type\":\"ListItem\",\"position\":2,\"name\":\"Barnafrids resurssidor n\u00e4tverk\",\"item\":\"https:\\\/\\\/barnafrid.se\\\/kunskapsportal\\\/barnafrids-natverk\\\/\"},{\"@type\":\"ListItem\",\"position\":3,\"name\":\"Resurser f\u00f6r dig som arbetar i barnahus\",\"item\":\"https:\\\/\\\/barnafrid.se\\\/kunskapsportal\\\/barnafrids-natverk\\\/resurser-for-dig-som-arbetar-i-barnahus\\\/\"},{\"@type\":\"ListItem\",\"position\":4,\"name\":\"Nationellt utvecklingsarbete\"}]},{\"@type\":\"WebSite\",\"@id\":\"https:\\\/\\\/barnafrid.se\\\/kunskapsportal\\\/#website\",\"url\":\"https:\\\/\\\/barnafrid.se\\\/kunskapsportal\\\/\",\"name\":\"Barnafrid\",\"description\":\"Kunskapsportal om v\u00e5ld mot barn\",\"potentialAction\":[{\"@type\":\"SearchAction\",\"target\":{\"@type\":\"EntryPoint\",\"urlTemplate\":\"https:\\\/\\\/barnafrid.se\\\/kunskapsportal\\\/?s={search_term_string}\"},\"query-input\":{\"@type\":\"PropertyValueSpecification\",\"valueRequired\":true,\"valueName\":\"search_term_string\"}}],\"inLanguage\":\"sv-SE\"}]}<\/script>\n<!-- \/ Yoast SEO plugin. -->","yoast_head_json":{"title":"Nationellt utvecklingsarbete - Barnafrid","robots":{"index":"index","follow":"follow","max-snippet":"max-snippet:-1","max-image-preview":"max-image-preview:large","max-video-preview":"max-video-preview:-1"},"canonical":"https:\/\/barnafrid.se\/kunskapsportal\/barnafrids-natverk\/resurser-for-dig-som-arbetar-i-barnahus\/nationellt-utvecklingsarbete\/","og_locale":"sv_SE","og_type":"article","og_title":"Nationellt utvecklingsarbete - Barnafrid","og_description":"P\u00e5g\u00e5ende regeringsuppdrag Nationell plan f\u00f6r samordning av barnahusens verksamhet i Sverige St\u00e4rkt samverkan vid misstanke om att barn har utsatts f\u00f6r v\u00e5ldsbrott Nationella riktlinjer f\u00f6r barnahus (2009) Befintliga riktlinjer f\u00f6r barnahus som ligger till grund f\u00f6r regeringsuppdraget om st\u00e4rkt samverkan Nationell strategi f\u00f6r att f\u00f6rebygga och bek\u00e4mpa v\u00e5ld mot barn En uppv\u00e4xt fri fr\u00e5n v\u00e5ld [&hellip;]","og_url":"https:\/\/barnafrid.se\/kunskapsportal\/barnafrids-natverk\/resurser-for-dig-som-arbetar-i-barnahus\/nationellt-utvecklingsarbete\/","og_site_name":"Barnafrid","article_modified_time":"2026-03-24T09:35:29+00:00","twitter_card":"summary_large_image","twitter_misc":{"Ber\u00e4knad l\u00e4stid":"1 minut"},"schema":{"@context":"https:\/\/schema.org","@graph":[{"@type":"WebPage","@id":"https:\/\/barnafrid.se\/kunskapsportal\/barnafrids-natverk\/resurser-for-dig-som-arbetar-i-barnahus\/nationellt-utvecklingsarbete\/","url":"https:\/\/barnafrid.se\/kunskapsportal\/barnafrids-natverk\/resurser-for-dig-som-arbetar-i-barnahus\/nationellt-utvecklingsarbete\/","name":"Nationellt utvecklingsarbete - Barnafrid","isPartOf":{"@id":"https:\/\/barnafrid.se\/kunskapsportal\/#website"},"datePublished":"2026-03-24T09:07:40+00:00","dateModified":"2026-03-24T09:35:29+00:00","breadcrumb":{"@id":"https:\/\/barnafrid.se\/kunskapsportal\/barnafrids-natverk\/resurser-for-dig-som-arbetar-i-barnahus\/nationellt-utvecklingsarbete\/#breadcrumb"},"inLanguage":"sv-SE","potentialAction":[{"@type":"ReadAction","target":["https:\/\/barnafrid.se\/kunskapsportal\/barnafrids-natverk\/resurser-for-dig-som-arbetar-i-barnahus\/nationellt-utvecklingsarbete\/"]}]},{"@type":"BreadcrumbList","@id":"https:\/\/barnafrid.se\/kunskapsportal\/barnafrids-natverk\/resurser-for-dig-som-arbetar-i-barnahus\/nationellt-utvecklingsarbete\/#breadcrumb","itemListElement":[{"@type":"ListItem","position":1,"name":"Home","item":"https:\/\/barnafrid.se\/kunskapsportal\/"},{"@type":"ListItem","position":2,"name":"Barnafrids resurssidor n\u00e4tverk","item":"https:\/\/barnafrid.se\/kunskapsportal\/barnafrids-natverk\/"},{"@type":"ListItem","position":3,"name":"Resurser f\u00f6r dig som arbetar i barnahus","item":"https:\/\/barnafrid.se\/kunskapsportal\/barnafrids-natverk\/resurser-for-dig-som-arbetar-i-barnahus\/"},{"@type":"ListItem","position":4,"name":"Nationellt utvecklingsarbete"}]},{"@type":"WebSite","@id":"https:\/\/barnafrid.se\/kunskapsportal\/#website","url":"https:\/\/barnafrid.se\/kunskapsportal\/","name":"Barnafrid","description":"Kunskapsportal om v\u00e5ld mot barn","potentialAction":[{"@type":"SearchAction","target":{"@type":"EntryPoint","urlTemplate":"https:\/\/barnafrid.se\/kunskapsportal\/?s={search_term_string}"},"query-input":{"@type":"PropertyValueSpecification","valueRequired":true,"valueName":"search_term_string"}}],"inLanguage":"sv-SE"}]}},"_links":{"self":[{"href":"https:\/\/barnafrid.se\/kunskapsportal\/wp-json\/wp\/v2\/pages\/18115","targetHints":{"allow":["GET"]}}],"collection":[{"href":"https:\/\/barnafrid.se\/kunskapsportal\/wp-json\/wp\/v2\/pages"}],"about":[{"href":"https:\/\/barnafrid.se\/kunskapsportal\/wp-json\/wp\/v2\/types\/page"}],"author":[{"embeddable":true,"href":"https:\/\/barnafrid.se\/kunskapsportal\/wp-json\/wp\/v2\/users\/26405"}],"replies":[{"embeddable":true,"href":"https:\/\/barnafrid.se\/kunskapsportal\/wp-json\/wp\/v2\/comments?post=18115"}],"version-history":[{"count":2,"href":"https:\/\/barnafrid.se\/kunskapsportal\/wp-json\/wp\/v2\/pages\/18115\/revisions"}],"predecessor-version":[{"id":18131,"href":"https:\/\/barnafrid.se\/kunskapsportal\/wp-json\/wp\/v2\/pages\/18115\/revisions\/18131"}],"up":[{"embeddable":true,"href":"https:\/\/barnafrid.se\/kunskapsportal\/wp-json\/wp\/v2\/pages\/18025"}],"wp:attachment":[{"href":"https:\/\/barnafrid.se\/kunskapsportal\/wp-json\/wp\/v2\/media?parent=18115"}],"wp:term":[{"taxonomy":"role","embeddable":true,"href":"https:\/\/barnafrid.se\/kunskapsportal\/wp-json\/wp\/v2\/role?post=18115"}],"curies":[{"name":"wp","href":"https:\/\/api.w.org\/{rel}","templated":true}]}}