{"id":17724,"date":"2026-01-26T22:42:41","date_gmt":"2026-01-26T21:42:41","guid":{"rendered":"https:\/\/barnafrid.se\/kunskapsportal\/?page_id=17724"},"modified":"2026-03-17T09:13:35","modified_gmt":"2026-03-17T08:13:35","slug":"fordjupningstema-heder-scenarioovning","status":"publish","type":"page","link":"https:\/\/barnafrid.se\/kunskapsportal\/gruppspar-forskola-2026\/fordjupningstema-heder\/fordjupningstema-heder-scenarioovning\/","title":{"rendered":"F\u00f6rdjupningstema heder: Scenario\u00f6vning"},"content":{"rendered":"\n<figure class=\"Image size-large is-resized\"><img loading=\"lazy\" decoding=\"async\" width=\"531\" height=\"1024\" src=\"\/kunskapsportal\/wp-content\/uploads\/2019\/12\/kapitel-3-531x1024.png\" alt=\"Pojke med b\u00f6jt huvud.\" class=\"Image-img wp-image-942\" style=\"width:214px;height:auto\" srcset=\"https:\/\/barnafrid.se\/kunskapsportal\/wp-content\/uploads\/2019\/12\/kapitel-3-531x1024.png 531w, https:\/\/barnafrid.se\/kunskapsportal\/wp-content\/uploads\/2019\/12\/kapitel-3-155x300.png 155w, https:\/\/barnafrid.se\/kunskapsportal\/wp-content\/uploads\/2019\/12\/kapitel-3.png 600w\" sizes=\"auto, (max-width: 531px) 100vw, 531px\" \/><\/figure>\n\n\n\n<h2 class=\"wp-block-heading\">Scenario Lilly och Casper<\/h2>\n\n\n\n<ul class=\"List\">\n<li class=\"List-item\"><a href=\"https:\/\/vimeo.com\/1129933023\" target=\"_blank\" rel=\"noreferrer noopener\">Filmen om Lilly, Casper och Jenna<\/a><\/li>\n<\/ul>\n\n\n\n<h2 class=\"wp-block-heading\">Scenario Sara<\/h2>\n\n\n\n<ul class=\"List\">\n<li class=\"List-item\"><a href=\"https:\/\/vimeo.com\/1138830186\" target=\"_blank\" rel=\"noreferrer noopener\">Filmen om Sara<\/a><a href=\"https:\/\/barnafrid.se\/kunskapsportal\/wp-content\/uploads\/2024\/10\/tema-1-scenario-maria_endast-scenario-241016.pdf\"> <\/a><\/li>\n<\/ul>\n\n\n\n<p class=\"has-text-align-right\"><a href=\"https:\/\/barnafrid.se\/kunskapsportal\/fordjupningstema-heder\/\">Tillbaka till f\u00f6rdjupningstema heder >><\/a> <br><\/p>\n\n\n\n<p class=\"has-text-align-right\"><a href=\"https:\/\/barnafrid.se\/kunskapsportal\/startsida\/barnafrids-utbildningar\/basprogram-om-vald-mot-barn-och-unga-gruppspar-forskola-2\/gruppspar-forskola\/\">Tillbaka till start >><\/a><\/p>\n\n\n\n<p><\/p>\n","protected":false},"excerpt":{"rendered":"<p>Scenario Lilly och Casper Scenario Sara Tillbaka till f\u00f6rdjupningstema heder >> Tillbaka till start >><\/p>\n","protected":false},"author":26405,"featured_media":0,"parent":17697,"menu_order":0,"comment_status":"closed","ping_status":"closed","template":"page-centered.php","meta":{"h5ap_radio_sources":[],"footnotes":""},"role":[],"class_list":["post-17724","page","type-page","status-publish","hentry"],"yoast_head":"<!-- This site is optimized with the Yoast SEO plugin v27.5 - https:\/\/yoast.com\/product\/yoast-seo-wordpress\/ -->\n<title>F\u00f6rdjupningstema heder: Scenario\u00f6vning - Barnafrid<\/title>\n<meta name=\"robots\" content=\"index, follow, max-snippet:-1, max-image-preview:large, max-video-preview:-1\" \/>\n<link rel=\"canonical\" href=\"https:\/\/barnafrid.se\/kunskapsportal\/gruppspar-forskola-2026\/fordjupningstema-heder\/fordjupningstema-heder-scenarioovning\/\" \/>\n<meta property=\"og:locale\" content=\"sv_SE\" \/>\n<meta property=\"og:type\" content=\"article\" \/>\n<meta property=\"og:title\" content=\"F\u00f6rdjupningstema heder: Scenario\u00f6vning - Barnafrid\" \/>\n<meta property=\"og:description\" content=\"Scenario Lilly och Casper Scenario Sara Tillbaka till f\u00f6rdjupningstema heder &gt;&gt; Tillbaka till start &gt;&gt;\" \/>\n<meta property=\"og:url\" content=\"https:\/\/barnafrid.se\/kunskapsportal\/gruppspar-forskola-2026\/fordjupningstema-heder\/fordjupningstema-heder-scenarioovning\/\" \/>\n<meta property=\"og:site_name\" content=\"Barnafrid\" \/>\n<meta property=\"article:modified_time\" content=\"2026-03-17T08:13:35+00:00\" \/>\n<meta name=\"twitter:card\" content=\"summary_large_image\" \/>\n<meta name=\"twitter:label1\" content=\"Ber\u00e4knad l\u00e4stid\" \/>\n\t<meta name=\"twitter:data1\" content=\"1 minut\" \/>\n<script type=\"application\/ld+json\" class=\"yoast-schema-graph\">{\"@context\":\"https:\\\/\\\/schema.org\",\"@graph\":[{\"@type\":\"WebPage\",\"@id\":\"https:\\\/\\\/barnafrid.se\\\/kunskapsportal\\\/gruppspar-forskola-2026\\\/fordjupningstema-heder\\\/fordjupningstema-heder-scenarioovning\\\/\",\"url\":\"https:\\\/\\\/barnafrid.se\\\/kunskapsportal\\\/gruppspar-forskola-2026\\\/fordjupningstema-heder\\\/fordjupningstema-heder-scenarioovning\\\/\",\"name\":\"F\u00f6rdjupningstema heder: Scenario\u00f6vning - Barnafrid\",\"isPartOf\":{\"@id\":\"https:\\\/\\\/barnafrid.se\\\/kunskapsportal\\\/#website\"},\"datePublished\":\"2026-01-26T21:42:41+00:00\",\"dateModified\":\"2026-03-17T08:13:35+00:00\",\"breadcrumb\":{\"@id\":\"https:\\\/\\\/barnafrid.se\\\/kunskapsportal\\\/gruppspar-forskola-2026\\\/fordjupningstema-heder\\\/fordjupningstema-heder-scenarioovning\\\/#breadcrumb\"},\"inLanguage\":\"sv-SE\",\"potentialAction\":[{\"@type\":\"ReadAction\",\"target\":[\"https:\\\/\\\/barnafrid.se\\\/kunskapsportal\\\/gruppspar-forskola-2026\\\/fordjupningstema-heder\\\/fordjupningstema-heder-scenarioovning\\\/\"]}]},{\"@type\":\"BreadcrumbList\",\"@id\":\"https:\\\/\\\/barnafrid.se\\\/kunskapsportal\\\/gruppspar-forskola-2026\\\/fordjupningstema-heder\\\/fordjupningstema-heder-scenarioovning\\\/#breadcrumb\",\"itemListElement\":[{\"@type\":\"ListItem\",\"position\":1,\"name\":\"Home\",\"item\":\"https:\\\/\\\/barnafrid.se\\\/kunskapsportal\\\/\"},{\"@type\":\"ListItem\",\"position\":2,\"name\":\"V\u00e4lkommen till utbildningen Barnafrids basprogram om v\u00e5ld mot barn och unga \u2013 gruppsp\u00e5r f\u00f6r f\u00f6rskolan (2026)\",\"item\":\"https:\\\/\\\/barnafrid.se\\\/kunskapsportal\\\/gruppspar-forskola-2026\\\/\"},{\"@type\":\"ListItem\",\"position\":3,\"name\":\"F\u00f6rdjupningstema: Uppt\u00e4ck och motverka hedersrelaterat v\u00e5ld och f\u00f6rtryck i f\u00f6rskolan\",\"item\":\"https:\\\/\\\/barnafrid.se\\\/kunskapsportal\\\/gruppspar-forskola-2026\\\/fordjupningstema-heder\\\/\"},{\"@type\":\"ListItem\",\"position\":4,\"name\":\"F\u00f6rdjupningstema heder: Scenario\u00f6vning\"}]},{\"@type\":\"WebSite\",\"@id\":\"https:\\\/\\\/barnafrid.se\\\/kunskapsportal\\\/#website\",\"url\":\"https:\\\/\\\/barnafrid.se\\\/kunskapsportal\\\/\",\"name\":\"Barnafrid\",\"description\":\"Kunskapsportal om v\u00e5ld mot barn\",\"potentialAction\":[{\"@type\":\"SearchAction\",\"target\":{\"@type\":\"EntryPoint\",\"urlTemplate\":\"https:\\\/\\\/barnafrid.se\\\/kunskapsportal\\\/?s={search_term_string}\"},\"query-input\":{\"@type\":\"PropertyValueSpecification\",\"valueRequired\":true,\"valueName\":\"search_term_string\"}}],\"inLanguage\":\"sv-SE\"}]}<\/script>\n<!-- \/ Yoast SEO plugin. -->","yoast_head_json":{"title":"F\u00f6rdjupningstema heder: Scenario\u00f6vning - Barnafrid","robots":{"index":"index","follow":"follow","max-snippet":"max-snippet:-1","max-image-preview":"max-image-preview:large","max-video-preview":"max-video-preview:-1"},"canonical":"https:\/\/barnafrid.se\/kunskapsportal\/gruppspar-forskola-2026\/fordjupningstema-heder\/fordjupningstema-heder-scenarioovning\/","og_locale":"sv_SE","og_type":"article","og_title":"F\u00f6rdjupningstema heder: Scenario\u00f6vning - Barnafrid","og_description":"Scenario Lilly och Casper Scenario Sara Tillbaka till f\u00f6rdjupningstema heder >> Tillbaka till start >>","og_url":"https:\/\/barnafrid.se\/kunskapsportal\/gruppspar-forskola-2026\/fordjupningstema-heder\/fordjupningstema-heder-scenarioovning\/","og_site_name":"Barnafrid","article_modified_time":"2026-03-17T08:13:35+00:00","twitter_card":"summary_large_image","twitter_misc":{"Ber\u00e4knad l\u00e4stid":"1 minut"},"schema":{"@context":"https:\/\/schema.org","@graph":[{"@type":"WebPage","@id":"https:\/\/barnafrid.se\/kunskapsportal\/gruppspar-forskola-2026\/fordjupningstema-heder\/fordjupningstema-heder-scenarioovning\/","url":"https:\/\/barnafrid.se\/kunskapsportal\/gruppspar-forskola-2026\/fordjupningstema-heder\/fordjupningstema-heder-scenarioovning\/","name":"F\u00f6rdjupningstema heder: Scenario\u00f6vning - Barnafrid","isPartOf":{"@id":"https:\/\/barnafrid.se\/kunskapsportal\/#website"},"datePublished":"2026-01-26T21:42:41+00:00","dateModified":"2026-03-17T08:13:35+00:00","breadcrumb":{"@id":"https:\/\/barnafrid.se\/kunskapsportal\/gruppspar-forskola-2026\/fordjupningstema-heder\/fordjupningstema-heder-scenarioovning\/#breadcrumb"},"inLanguage":"sv-SE","potentialAction":[{"@type":"ReadAction","target":["https:\/\/barnafrid.se\/kunskapsportal\/gruppspar-forskola-2026\/fordjupningstema-heder\/fordjupningstema-heder-scenarioovning\/"]}]},{"@type":"BreadcrumbList","@id":"https:\/\/barnafrid.se\/kunskapsportal\/gruppspar-forskola-2026\/fordjupningstema-heder\/fordjupningstema-heder-scenarioovning\/#breadcrumb","itemListElement":[{"@type":"ListItem","position":1,"name":"Home","item":"https:\/\/barnafrid.se\/kunskapsportal\/"},{"@type":"ListItem","position":2,"name":"V\u00e4lkommen till utbildningen Barnafrids basprogram om v\u00e5ld mot barn och unga \u2013 gruppsp\u00e5r f\u00f6r f\u00f6rskolan (2026)","item":"https:\/\/barnafrid.se\/kunskapsportal\/gruppspar-forskola-2026\/"},{"@type":"ListItem","position":3,"name":"F\u00f6rdjupningstema: Uppt\u00e4ck och motverka hedersrelaterat v\u00e5ld och f\u00f6rtryck i f\u00f6rskolan","item":"https:\/\/barnafrid.se\/kunskapsportal\/gruppspar-forskola-2026\/fordjupningstema-heder\/"},{"@type":"ListItem","position":4,"name":"F\u00f6rdjupningstema heder: Scenario\u00f6vning"}]},{"@type":"WebSite","@id":"https:\/\/barnafrid.se\/kunskapsportal\/#website","url":"https:\/\/barnafrid.se\/kunskapsportal\/","name":"Barnafrid","description":"Kunskapsportal om v\u00e5ld mot barn","potentialAction":[{"@type":"SearchAction","target":{"@type":"EntryPoint","urlTemplate":"https:\/\/barnafrid.se\/kunskapsportal\/?s={search_term_string}"},"query-input":{"@type":"PropertyValueSpecification","valueRequired":true,"valueName":"search_term_string"}}],"inLanguage":"sv-SE"}]}},"_links":{"self":[{"href":"https:\/\/barnafrid.se\/kunskapsportal\/wp-json\/wp\/v2\/pages\/17724","targetHints":{"allow":["GET"]}}],"collection":[{"href":"https:\/\/barnafrid.se\/kunskapsportal\/wp-json\/wp\/v2\/pages"}],"about":[{"href":"https:\/\/barnafrid.se\/kunskapsportal\/wp-json\/wp\/v2\/types\/page"}],"author":[{"embeddable":true,"href":"https:\/\/barnafrid.se\/kunskapsportal\/wp-json\/wp\/v2\/users\/26405"}],"replies":[{"embeddable":true,"href":"https:\/\/barnafrid.se\/kunskapsportal\/wp-json\/wp\/v2\/comments?post=17724"}],"version-history":[{"count":9,"href":"https:\/\/barnafrid.se\/kunskapsportal\/wp-json\/wp\/v2\/pages\/17724\/revisions"}],"predecessor-version":[{"id":17961,"href":"https:\/\/barnafrid.se\/kunskapsportal\/wp-json\/wp\/v2\/pages\/17724\/revisions\/17961"}],"up":[{"embeddable":true,"href":"https:\/\/barnafrid.se\/kunskapsportal\/wp-json\/wp\/v2\/pages\/17697"}],"wp:attachment":[{"href":"https:\/\/barnafrid.se\/kunskapsportal\/wp-json\/wp\/v2\/media?parent=17724"}],"wp:term":[{"taxonomy":"role","embeddable":true,"href":"https:\/\/barnafrid.se\/kunskapsportal\/wp-json\/wp\/v2\/role?post=17724"}],"curies":[{"name":"wp","href":"https:\/\/api.w.org\/{rel}","templated":true}]}}