{"id":16827,"date":"2025-09-30T09:36:28","date_gmt":"2025-09-30T07:36:28","guid":{"rendered":"https:\/\/barnafrid.se\/kunskapsportal\/?page_id=16827"},"modified":"2026-02-23T18:55:47","modified_gmt":"2026-02-23T17:55:47","slug":"om-sexuell-och-reproduktiv-halsa-och-rattigheter-srhr","status":"publish","type":"page","link":"https:\/\/barnafrid.se\/kunskapsportal\/resurssidor\/for-dig-inom-barnskyddsteam\/om-sexuell-och-reproduktiv-halsa-och-rattigheter-srhr\/","title":{"rendered":"Om sexuell och reproduktiv h\u00e4lsa och r\u00e4ttigheter (SRHR)"},"content":{"rendered":"<section class=\"ArticleSection \">\n  \n\n<p>Resurssidan f\u00f6r barnskyddsteam har utvecklats vid Barnafrid, Nationellt kunskapscentrum om v\u00e5ld mot barn, inom ramen f\u00f6r ett regeringsuppdrag som samlar flera myndigheter men samordnas av Folkh\u00e4lsomyndigheten (FoHM). Uppdraget \u00e4r en del av Sveriges satsning p\u00e5 sexuell och reproduktiv h\u00e4lsa och r\u00e4ttigheter (SRHR) och syftar till att st\u00e4rka barns r\u00e4tt till h\u00e4lsa, skydd och trygghet. Inom det p\u00e5g\u00e5ende regeringsuppdraget har Barnafrid en s\u00e4rskild roll genom att bidra med expertkunskap om sexuellt v\u00e5ld mot barn (SVAC). Detta perspektiv skiljer sig fr\u00e5n \u00f6vriga akt\u00f6rers fokus och ligger i linje med Barnafrids nationella uppdrag att sprida och oms\u00e4tta kunskap om v\u00e5ld mot barn samt att fr\u00e4mja samverkan mellan sektorer.&nbsp;<\/p>\n\n\n\n<p>Barnskyddsteamens arbete \u00e4r n\u00e4ra kopplat till SRHR-principen att alla barn och unga har en grundl\u00e4ggande r\u00e4tt att leva fria fr\u00e5n sexuellt v\u00e5ld. Denna r\u00e4ttighet \u00e4r en f\u00f6ruts\u00e4ttning f\u00f6r barns s\u00e4kerhet, kroppsliga integritet och autonomi.&nbsp;<\/p>\n\n\n<aside class='Box Box--fact '>\n            <h3 class=\"Box-title\">\n            Vad \u00e4r SRHR?        <\/h3>\n        \n\n<p>SRHR (sexuell och reproduktiv h\u00e4lsa och r\u00e4ttigheter) omfattar varje individs r\u00e4tt att fatta informerade beslut om sitt sexuella och reproduktiva liv, att f\u00e5 tillg\u00e5ng till en helt\u00e4ckande h\u00e4lso- och sjukv\u00e5rd samt att leva fritt fr\u00e5n v\u00e5ld, tv\u00e5ng och diskriminering. <a href=\"https:\/\/www.thelancet.com\/commissions-do\/sexual-and-reproductive-health-and-rights\">Guttmacher\u2013Lancet-kommissionens ramverk (2018) <\/a>presenterade en integrerad vision f\u00f6r SRHR och betonade att sexuell och reproduktiv h\u00e4lsa inte kan skiljas fr\u00e5n m\u00e4nskliga r\u00e4ttigheter. Ramverket definierade ett helt\u00e4ckande paket av grundl\u00e4ggande insatser \u2013 inklusive preventivmedel, s\u00e4ker abort, m\u00f6dra- och nyf\u00f6ddv\u00e5rd, f\u00f6rebyggande och behandling av sexuellt \u00f6verf\u00f6rbara infektioner (inklusive HIV) samt r\u00e4tten att leva fritt fr\u00e5n sexuellt v\u00e5ld. Viktigt \u00e4r att ramverket uppmanar l\u00e4nder att g\u00e5 bortom fragmenterade insatser och i st\u00e4llet anta ett holistiskt, r\u00e4ttighetsbaserat och universellt syns\u00e4tt som erk\u00e4nner SRHR som grundl\u00e4ggande f\u00f6r h\u00e4lsa, j\u00e4mlikhet och h\u00e5llbar utveckling.&nbsp;<\/p>\n\n<\/aside>\n\n<\/section>\n\n\n<section class=\"ArticleSection \">\n      <h2 class=\"ArticleSection-title\" id=\"hur-srhr-perspektivet-starker-barnskyddsteamens-arbete\">\n      Hur SRHR-perspektivet st\u00e4rker barnskyddsteamens arbete\u00a0    <\/h2>\n    \n\n<p>Barnskyddsteam utg\u00f6r en viktig l\u00e4nk mellan SRHR och praktiskt barnskyddsarbete. I m\u00f6tet med barn och unga som utsatts f\u00f6r sexuella \u00f6vergrepp handlar insatserna inte enbart om medicinskt omh\u00e4ndertagande, utan ocks\u00e5 om psykologiskt st\u00f6d och r\u00e4ttsligt skydd, alltid med ett traumamedvetet f\u00f6rh\u00e5llningss\u00e4tt.&nbsp;<\/p>\n\n\n\n<p>Genom sin samordnande roll kan teamen s\u00e4kerst\u00e4lla att barn f\u00e5r tillg\u00e5ng till insatser som akutpreventivmedel, testning och behandling samt vaccinationsskydd f\u00f6r sexuellt \u00f6verf\u00f6rbara infektioner, HIV-profylax och psykologiskt eller psykiatriskt st\u00f6d n\u00e4r det beh\u00f6vs. Samtidigt st\u00e4rker de v\u00e5rdens f\u00f6rm\u00e5ga att samverka med socialtj\u00e4nst, r\u00e4ttsv\u00e4sende och andra akt\u00f6rer f\u00f6r barnets b\u00e4sta.&nbsp;<\/p>\n\n<\/section>\n\n\n<section class=\"ArticleSection \">\n      <h2 class=\"ArticleSection-title\" id=\"ett-rattighetsbaserat-och-forebyggande-perspektiv\">\n      Ett r\u00e4ttighetsbaserat och f\u00f6rebyggande perspektiv\u00a0    <\/h2>\n    \n\n<p>Barnskyddsteam kan tydligt rama in sina medicinska och psykosociala insatser som en del av barns SRHR och d\u00e4rmed g\u00f6ra r\u00e4tten till h\u00e4lsa, skydd och frihet fr\u00e5n v\u00e5ld odelbar. Det inneb\u00e4r att arbeta med ett spr\u00e5k och ett f\u00f6rh\u00e5llningss\u00e4tt som utg\u00e5r fr\u00e5n barns r\u00e4ttigheter i dokumentation, samverkan och policyutveckling, men ocks\u00e5 att integrera fr\u00e5gor om sexuella \u00f6vergrepp i bredare SRHR- och h\u00e4lsoutbildningar.&nbsp;<\/p>\n\n\n\n<p>Uppdraget handlar inte enbart om att identifiera och handl\u00e4gga misst\u00e4nkta fall. Barnskyddsteam kan ocks\u00e5 spela en avg\u00f6rande roll i det f\u00f6rebyggande arbetet genom att sprida kunskap, utveckla rutiner och delta i utbildningsinsatser. P\u00e5 s\u00e5 s\u00e4tt st\u00e4rks h\u00e4lso- och sjukv\u00e5rdens f\u00f6rm\u00e5ga att tidigt uppm\u00e4rksamma riskfaktorer.&nbsp;<\/p>\n\n\n\n<p>Det f\u00f6rebyggande arbetet kan ta m\u00e5nga uttryck: att st\u00f6dja v\u00e5rdcentraler, barn- och ungdomsmedicinska mottagningar och akutmottagningar i att k\u00e4nna igen tidiga tecken p\u00e5 v\u00e5ld; att bidra med kompetens i barnh\u00e4lsov\u00e5rden, m\u00f6drah\u00e4lsov\u00e5rden och elevh\u00e4lsan, d\u00e4r m\u00e5nga barn och f\u00f6r\u00e4ldrar m\u00f6ter v\u00e5rden; att verka f\u00f6r att barns r\u00e4ttigheter och skydd mot sexuellt v\u00e5ld integreras i det bredare SRHR-arbetet. Det kan ocks\u00e5 inneb\u00e4ra att f\u00f6rb\u00e4ttra lokala och regionala rutiner utifr\u00e5n b\u00e4sta tillg\u00e4ngliga kunskapsunderlag n\u00e4r nationella riktlinjer saknas, och att samtidigt driva p\u00e5 f\u00f6r att riktlinjer av h\u00f6gsta kvalitet utvecklas p\u00e5 nationell niv\u00e5.&nbsp;<\/p>\n\n\n\n<p>P\u00e5 detta s\u00e4tt st\u00e4rker barnskyddsteam inte bara det akuta omh\u00e4ndertagandet utan ocks\u00e5 det l\u00e5ngsiktiga, f\u00f6rebyggande arbetet f\u00f6r barns h\u00e4lsa och trygghet.&nbsp;<\/p>\n\n<\/section>\n\n\n<section class=\"ArticleSection \">\n      <h2 class=\"ArticleSection-title\" id=\"om-innehallet-pa-resurssidan\">\n      Om inneh\u00e5llet p\u00e5 resurssidan    <\/h2>\n    \n\n<p>Resurssidan f\u00f6r barnskyddsteam samlar kunskap, v\u00e4gledning och praktiska verktyg f\u00f6r h\u00e4lso- och sjukv\u00e5rdens arbete med barn som kan vara utsatta f\u00f6r v\u00e5ld, \u00f6vergrepp eller omsorgssvikt. Denna f\u00f6rsta utg\u00e5va omfattar sex tematiska moduler.<\/p>\n\n\n\n<ul class=\"List\">\n<li class=\"List-item\"><strong>Barnskyddsteam i Sverige<\/strong> \u2013 ger en \u00f6versikt av p\u00e5g\u00e5ende initiativ och etablering av barnskyddsteam i olika sjukv\u00e5rdsregioner. Modulen inneh\u00e5ller en karta som visar hur barnskyddsarbetet inom h\u00e4lso- och sjukv\u00e5rden utvecklas nationellt samt exempel p\u00e5 b\u00e4st praxis internationellt.<\/li>\n\n\n\n<li class=\"List-item\"><strong>Sexuellt v\u00e5ld mot barn<\/strong> \u2013 behandlar det medicinska omh\u00e4ndertagandet av barn och unga d\u00e4r sexuellt v\u00e5ld misst\u00e4nks, inklusive unders\u00f6kning, sp\u00e5rs\u00e4kring, dokumentation och samverkan i ett traumamedvetet perspektiv.<\/li>\n\n\n\n<li class=\"List-item\"><strong>Fysiskt v\u00e5ld mot barn<\/strong> \u2013 fokuserar p\u00e5 det medicinska omh\u00e4ndertagandet vid misst\u00e4nkt fysisk misshandel, inklusive kliniska tecken, diagnostik, dokumentation och samarbete med socialtj\u00e4nst och r\u00e4ttsv\u00e4sende i ett traumamedvetet perspektiv.<\/li>\n\n\n\n<li class=\"List-item\"><strong>Omsorgssvikt<\/strong> \u2013 belyser hur brister i omsorg kan identifieras, bed\u00f6mas och hanteras inom h\u00e4lso- och sjukv\u00e5rden, med fokus p\u00e5 barnets behov och st\u00f6dinsatser.<\/li>\n\n\n\n<li class=\"List-item\"><strong>Barnmisshandel genom sjukv\u00e5rdsinsatser<\/strong> \u2013 fokuserar p\u00e5 barnets situation och risken f\u00f6r skada genom omotiverade medicinska utredningar eller behandlingar. Modulen beskriver hur v\u00e5rden kan uppm\u00e4rksamma och hantera s\u00e5dana situationer f\u00f6r att skydda barnet.<\/li>\n\n\n\n<li class=\"List-item\"><strong>H\u00e4lsa bland barn och unga i samh\u00e4llsv\u00e5rd<\/strong> \u2013 fokuserar p\u00e5 h\u00e4lsounders\u00f6kning, uppf\u00f6ljning och samverkan f\u00f6r placerade barn och ungdomar i syfte att st\u00e4rka deras h\u00e4lsa och v\u00e4lbefinnande.<\/li>\n<\/ul>\n\n\n<aside class='Box Box--story '>\n            <h3 class=\"Box-title\">\n            Praktiska resurser        <\/h3>\n        \n\n<ul class=\"List\">\n<li class=\"List-item\"><a href=\"https:\/\/www.folkhalsomyndigheten.se\/vara-amnesomraden\/sexuell-och-reproduktiv-halsa\/om-sexuell-och-reproduktiv-halsa-och-rattigheter\/\">Sexuell och reproduktiv h\u00e4lsa och r\u00e4ttigheter (SRHR)<\/a> (folkh\u00e4lsomyndigheten.se)<\/li>\n\n\n\n<li class=\"List-item\"><a href=\"https:\/\/www.socialstyrelsen.se\/kunskapsstod-och-regler\/omraden\/sexuell-och-reproduktiv-halsa-och-rattigheter\/\">Sexuell och reproduktiv h\u00e4lsa och r\u00e4ttigheter (SRHR)<\/a> (socialstyrelsen.se)<\/li>\n\n\n\n<li class=\"List-item\"><a href=\"https:\/\/srhr.se\/materialbank\/?e-filter-ad76a20-category=halso-och-sjukvard\">V\u00e4stra G\u00f6talandsregionens materialbank<\/a> (srhr.se)<\/li>\n\n\n\n<li class=\"List-item\"><a href=\"https:\/\/e-utbildningar.folkhalsomyndigheten.se\/ng\/core-ng\/#\/mycourses\/elearning\/9\/2356\">E-utbildning om SRHR<\/a> (e-utbildningar.folkh\u00e4lsomyndigheten.se)<\/li>\n\n\n\n<li class=\"List-item\"><a href=\"https:\/\/www.folkhalsomyndigheten.se\/konferens-och-utbildning\/inspelade-webbinarier\/webbinarium-elevhalsans-arbete-med-sexuell-och-reproduktiv-halsa-och-rattigheter-srhr\/\">Webbinarium: Elevh\u00e4lsans arbete med sexuell och reproduktiv h\u00e4lsa och r\u00e4ttigheter (SRHR) <\/a>(folkh\u00e4lsomyndigheten.se)<\/li>\n<\/ul>\n\n<\/aside>\n\n<\/section>\n\n\n\n<p><\/p>\n","protected":false},"excerpt":{"rendered":"","protected":false},"author":10518,"featured_media":0,"parent":16763,"menu_order":0,"comment_status":"closed","ping_status":"closed","template":"page-centered.php","meta":{"h5ap_radio_sources":[],"footnotes":""},"role":[],"class_list":["post-16827","page","type-page","status-publish","hentry"],"yoast_head":"<!-- This site is optimized with the Yoast SEO plugin v27.3 - https:\/\/yoast.com\/product\/yoast-seo-wordpress\/ -->\n<title>Om sexuell och reproduktiv h\u00e4lsa och r\u00e4ttigheter (SRHR) - Barnafrid<\/title>\n<meta name=\"robots\" content=\"index, follow, max-snippet:-1, max-image-preview:large, max-video-preview:-1\" \/>\n<link rel=\"canonical\" href=\"https:\/\/barnafrid.se\/kunskapsportal\/resurssidor\/for-dig-inom-barnskyddsteam\/om-sexuell-och-reproduktiv-halsa-och-rattigheter-srhr\/\" \/>\n<meta property=\"og:locale\" content=\"sv_SE\" \/>\n<meta property=\"og:type\" content=\"article\" \/>\n<meta property=\"og:title\" content=\"Om sexuell och reproduktiv h\u00e4lsa och r\u00e4ttigheter (SRHR) - Barnafrid\" \/>\n<meta property=\"og:url\" content=\"https:\/\/barnafrid.se\/kunskapsportal\/resurssidor\/for-dig-inom-barnskyddsteam\/om-sexuell-och-reproduktiv-halsa-och-rattigheter-srhr\/\" \/>\n<meta property=\"og:site_name\" content=\"Barnafrid\" \/>\n<meta property=\"article:modified_time\" content=\"2026-02-23T17:55:47+00:00\" \/>\n<meta name=\"twitter:card\" content=\"summary_large_image\" \/>\n<meta name=\"twitter:label1\" content=\"Ber\u00e4knad l\u00e4stid\" \/>\n\t<meta name=\"twitter:data1\" content=\"5 minuter\" \/>\n<script type=\"application\/ld+json\" class=\"yoast-schema-graph\">{\"@context\":\"https:\\\/\\\/schema.org\",\"@graph\":[{\"@type\":\"WebPage\",\"@id\":\"https:\\\/\\\/barnafrid.se\\\/kunskapsportal\\\/resurssidor\\\/for-dig-inom-barnskyddsteam\\\/om-sexuell-och-reproduktiv-halsa-och-rattigheter-srhr\\\/\",\"url\":\"https:\\\/\\\/barnafrid.se\\\/kunskapsportal\\\/resurssidor\\\/for-dig-inom-barnskyddsteam\\\/om-sexuell-och-reproduktiv-halsa-och-rattigheter-srhr\\\/\",\"name\":\"Om sexuell och reproduktiv h\u00e4lsa och r\u00e4ttigheter (SRHR) - Barnafrid\",\"isPartOf\":{\"@id\":\"https:\\\/\\\/barnafrid.se\\\/kunskapsportal\\\/#website\"},\"datePublished\":\"2025-09-30T07:36:28+00:00\",\"dateModified\":\"2026-02-23T17:55:47+00:00\",\"breadcrumb\":{\"@id\":\"https:\\\/\\\/barnafrid.se\\\/kunskapsportal\\\/resurssidor\\\/for-dig-inom-barnskyddsteam\\\/om-sexuell-och-reproduktiv-halsa-och-rattigheter-srhr\\\/#breadcrumb\"},\"inLanguage\":\"sv-SE\",\"potentialAction\":[{\"@type\":\"ReadAction\",\"target\":[\"https:\\\/\\\/barnafrid.se\\\/kunskapsportal\\\/resurssidor\\\/for-dig-inom-barnskyddsteam\\\/om-sexuell-och-reproduktiv-halsa-och-rattigheter-srhr\\\/\"]}]},{\"@type\":\"BreadcrumbList\",\"@id\":\"https:\\\/\\\/barnafrid.se\\\/kunskapsportal\\\/resurssidor\\\/for-dig-inom-barnskyddsteam\\\/om-sexuell-och-reproduktiv-halsa-och-rattigheter-srhr\\\/#breadcrumb\",\"itemListElement\":[{\"@type\":\"ListItem\",\"position\":1,\"name\":\"Home\",\"item\":\"https:\\\/\\\/barnafrid.se\\\/kunskapsportal\\\/\"},{\"@type\":\"ListItem\",\"position\":2,\"name\":\"Resurssidor\",\"item\":\"https:\\\/\\\/barnafrid.se\\\/kunskapsportal\\\/resurssidor\\\/\"},{\"@type\":\"ListItem\",\"position\":3,\"name\":\"F\u00f6r dig inom barnskyddsteam\",\"item\":\"https:\\\/\\\/barnafrid.se\\\/kunskapsportal\\\/resurssidor\\\/for-dig-inom-barnskyddsteam\\\/\"},{\"@type\":\"ListItem\",\"position\":4,\"name\":\"Om sexuell och reproduktiv h\u00e4lsa och r\u00e4ttigheter (SRHR)\"}]},{\"@type\":\"WebSite\",\"@id\":\"https:\\\/\\\/barnafrid.se\\\/kunskapsportal\\\/#website\",\"url\":\"https:\\\/\\\/barnafrid.se\\\/kunskapsportal\\\/\",\"name\":\"Barnafrid\",\"description\":\"Kunskapsportal om v\u00e5ld mot barn\",\"potentialAction\":[{\"@type\":\"SearchAction\",\"target\":{\"@type\":\"EntryPoint\",\"urlTemplate\":\"https:\\\/\\\/barnafrid.se\\\/kunskapsportal\\\/?s={search_term_string}\"},\"query-input\":{\"@type\":\"PropertyValueSpecification\",\"valueRequired\":true,\"valueName\":\"search_term_string\"}}],\"inLanguage\":\"sv-SE\"}]}<\/script>\n<!-- \/ Yoast SEO plugin. -->","yoast_head_json":{"title":"Om sexuell och reproduktiv h\u00e4lsa och r\u00e4ttigheter (SRHR) - Barnafrid","robots":{"index":"index","follow":"follow","max-snippet":"max-snippet:-1","max-image-preview":"max-image-preview:large","max-video-preview":"max-video-preview:-1"},"canonical":"https:\/\/barnafrid.se\/kunskapsportal\/resurssidor\/for-dig-inom-barnskyddsteam\/om-sexuell-och-reproduktiv-halsa-och-rattigheter-srhr\/","og_locale":"sv_SE","og_type":"article","og_title":"Om sexuell och reproduktiv h\u00e4lsa och r\u00e4ttigheter (SRHR) - Barnafrid","og_url":"https:\/\/barnafrid.se\/kunskapsportal\/resurssidor\/for-dig-inom-barnskyddsteam\/om-sexuell-och-reproduktiv-halsa-och-rattigheter-srhr\/","og_site_name":"Barnafrid","article_modified_time":"2026-02-23T17:55:47+00:00","twitter_card":"summary_large_image","twitter_misc":{"Ber\u00e4knad l\u00e4stid":"5 minuter"},"schema":{"@context":"https:\/\/schema.org","@graph":[{"@type":"WebPage","@id":"https:\/\/barnafrid.se\/kunskapsportal\/resurssidor\/for-dig-inom-barnskyddsteam\/om-sexuell-och-reproduktiv-halsa-och-rattigheter-srhr\/","url":"https:\/\/barnafrid.se\/kunskapsportal\/resurssidor\/for-dig-inom-barnskyddsteam\/om-sexuell-och-reproduktiv-halsa-och-rattigheter-srhr\/","name":"Om sexuell och reproduktiv h\u00e4lsa och r\u00e4ttigheter (SRHR) - Barnafrid","isPartOf":{"@id":"https:\/\/barnafrid.se\/kunskapsportal\/#website"},"datePublished":"2025-09-30T07:36:28+00:00","dateModified":"2026-02-23T17:55:47+00:00","breadcrumb":{"@id":"https:\/\/barnafrid.se\/kunskapsportal\/resurssidor\/for-dig-inom-barnskyddsteam\/om-sexuell-och-reproduktiv-halsa-och-rattigheter-srhr\/#breadcrumb"},"inLanguage":"sv-SE","potentialAction":[{"@type":"ReadAction","target":["https:\/\/barnafrid.se\/kunskapsportal\/resurssidor\/for-dig-inom-barnskyddsteam\/om-sexuell-och-reproduktiv-halsa-och-rattigheter-srhr\/"]}]},{"@type":"BreadcrumbList","@id":"https:\/\/barnafrid.se\/kunskapsportal\/resurssidor\/for-dig-inom-barnskyddsteam\/om-sexuell-och-reproduktiv-halsa-och-rattigheter-srhr\/#breadcrumb","itemListElement":[{"@type":"ListItem","position":1,"name":"Home","item":"https:\/\/barnafrid.se\/kunskapsportal\/"},{"@type":"ListItem","position":2,"name":"Resurssidor","item":"https:\/\/barnafrid.se\/kunskapsportal\/resurssidor\/"},{"@type":"ListItem","position":3,"name":"F\u00f6r dig inom barnskyddsteam","item":"https:\/\/barnafrid.se\/kunskapsportal\/resurssidor\/for-dig-inom-barnskyddsteam\/"},{"@type":"ListItem","position":4,"name":"Om sexuell och reproduktiv h\u00e4lsa och r\u00e4ttigheter (SRHR)"}]},{"@type":"WebSite","@id":"https:\/\/barnafrid.se\/kunskapsportal\/#website","url":"https:\/\/barnafrid.se\/kunskapsportal\/","name":"Barnafrid","description":"Kunskapsportal om v\u00e5ld mot barn","potentialAction":[{"@type":"SearchAction","target":{"@type":"EntryPoint","urlTemplate":"https:\/\/barnafrid.se\/kunskapsportal\/?s={search_term_string}"},"query-input":{"@type":"PropertyValueSpecification","valueRequired":true,"valueName":"search_term_string"}}],"inLanguage":"sv-SE"}]}},"_links":{"self":[{"href":"https:\/\/barnafrid.se\/kunskapsportal\/wp-json\/wp\/v2\/pages\/16827","targetHints":{"allow":["GET"]}}],"collection":[{"href":"https:\/\/barnafrid.se\/kunskapsportal\/wp-json\/wp\/v2\/pages"}],"about":[{"href":"https:\/\/barnafrid.se\/kunskapsportal\/wp-json\/wp\/v2\/types\/page"}],"author":[{"embeddable":true,"href":"https:\/\/barnafrid.se\/kunskapsportal\/wp-json\/wp\/v2\/users\/10518"}],"replies":[{"embeddable":true,"href":"https:\/\/barnafrid.se\/kunskapsportal\/wp-json\/wp\/v2\/comments?post=16827"}],"version-history":[{"count":18,"href":"https:\/\/barnafrid.se\/kunskapsportal\/wp-json\/wp\/v2\/pages\/16827\/revisions"}],"predecessor-version":[{"id":17805,"href":"https:\/\/barnafrid.se\/kunskapsportal\/wp-json\/wp\/v2\/pages\/16827\/revisions\/17805"}],"up":[{"embeddable":true,"href":"https:\/\/barnafrid.se\/kunskapsportal\/wp-json\/wp\/v2\/pages\/16763"}],"wp:attachment":[{"href":"https:\/\/barnafrid.se\/kunskapsportal\/wp-json\/wp\/v2\/media?parent=16827"}],"wp:term":[{"taxonomy":"role","embeddable":true,"href":"https:\/\/barnafrid.se\/kunskapsportal\/wp-json\/wp\/v2\/role?post=16827"}],"curies":[{"name":"wp","href":"https:\/\/api.w.org\/{rel}","templated":true}]}}