{"id":13100,"date":"2025-01-12T19:19:31","date_gmt":"2025-01-12T18:19:31","guid":{"rendered":"https:\/\/barnafrid.se\/kunskapsportal\/?page_id=13100"},"modified":"2025-11-04T13:21:19","modified_gmt":"2025-11-04T12:21:19","slug":"lastips","status":"publish","type":"page","link":"https:\/\/barnafrid.se\/kunskapsportal\/sjalvskadebeteenden-hos-ungdomar\/lastips\/","title":{"rendered":"L\u00e4stips"},"content":{"rendered":"<section class=\"ArticleSection \">\n      <h2 class=\"ArticleSection-title\" id=\"litteratur-for-vidare-lasning-om-sjalvskadebeteende\">\n      Litteratur f\u00f6r vidare l\u00e4sning om sj\u00e4lvskadebeteende    <\/h2>\n    \n\n<p><strong>Svenska<\/strong><br><br>Allaskog, C., &amp; \u00c5kesson, A. (2013). <em>Ibland finns det inga enkla svar: En bok om sj\u00e4lvskadebeteende och \u00e4tst\u00f6rningar<\/em>. Ego Nova.<\/p>\n\n\n\n<p>Bj\u00e4rehed, J., &amp; Bjureberg, J. (2019). <em>Sj\u00e4lvskadebeteende: Uppt\u00e4cka, f\u00f6rst\u00e5 och behandla<\/em>. Natur och kultur. <\/p>\n\n\n\n<p>Hallberg, U. (2018). <em>Unga med psykisk oh\u00e4lsa, sj\u00e4lvskadebeteende och sj\u00e4lvmordstankar: En kunskaps\u00f6versikt<\/em>. Liber.<\/p>\n\n\n\n<p>K\u00e5ver, A., &amp; Nilsonne, \u00c5. (2002). <em>Dialektisk beteendeterapi vid emotionellt instabil personlighetsst\u00f6rning<\/em> (1st ed.). Natur och kultur.<\/p>\n\n\n\n<p>Sahlin, H., &amp; Malmquist, E. (2018). <em>K\u00e4nslor som kraft eller hinder: En handbok i k\u00e4nsloreglering<\/em>. Natur och kultur.<\/p>\n\n\n\n<p>\u00c5kerman, S. (2010). <em>F\u00f6r att \u00f6verleva: en bok om sj<\/em><em>\u00e4lvskadebeteende<\/em>. Natur &amp; Kultur.<\/p>\n\n\n\n<p>\u00c5kerman, S. (2020). <em>\u00c4rr f\u00f6r livet<\/em>. Natur &amp; Kultur<\/p>\n\n\n\n<p><strong>Engelska<\/strong><\/p>\n\n\n\n<p>Gratz, K. L., &amp; Chapman, A. L. (2009). <em>Freedom from Self-Harm: Overcoming Self-Injury with Skills from DBT and Other Treatments<\/em>. New Harbinger Publications Incorporated.<\/p>\n\n\n\n<p>Hawton, K., Rodham, K., &amp; Evans, E. (2006). <em>By their own young hand: deliberate self-harm and suicidal ideas in adolescents<\/em>. http:\/\/ci.nii.ac.jp\/ncid\/BA83019473<\/p>\n\n\n\n<p>Lewis, S. P., &amp; Hasking, P. A. (2023). Understanding Self-Injury: A Person-Centered Approach. In <em>Oxford University Press eBooks<\/em>. https:\/\/doi.org\/10.1093\/med-psych\/9780197545065.001.0001<\/p>\n\n\n\n<p>Lloyd-Richardson, E., Baetens, I., &amp; Whitlock, J. L. (2024). <em>The Oxford Handbook of Nonsuicidal Self-Injury<\/em>. Oxford University Press.<\/p>\n\n\n\n<p>Nixon, M. K., &amp; Heath, N. L. (2008). <em>Self-injury in youth: The Essential Guide to Assessment and Intervention<\/em>. CRC Press.<\/p>\n\n\n\n<p>Nock, M. (2009). <em>Understanding nonsuicidal self-injury: Origins, Assessment, and Treatment<\/em>. Amer Psychological Assn.<\/p>\n\n\n\n<p>Nock, M. K. (2014). The Oxford Handbook of Suicide and Self-Injury. In <em>Oxford University Press eBooks<\/em>. https:\/\/doi.org\/10.1093\/oxfordhb\/9780195388565.001.0001<\/p>\n\n\n\n<p>Strong, M. (2005). <em>A bright red scream: Self-mutilation and the Language of Pain<\/em>. Virago Press.<\/p>\n\n\n\n<p>Taylor, L., Simic, M., &amp; Schmidt, U. (2014). <em>Cutting down: A CBT Workbook for Treating Young People who Self-harm<\/em>.<\/p>\n\n\n\n<p>Walsh, B. W. (2008). <em>Treating Self-Injury, First Edition: A Practical Guide<\/em>. Guilford Press.<\/p>\n\n\n\n<p>Whitlock, J., &amp; Lloyd-Richardson, E. E. (2019). <em>Healing Self-Injury: A Compassionate Guide for Parents and Other Loved Ones<\/em>. Oxford University Press.<\/p>\n\n<\/section>\n\n\n<section class=\"ArticleSection \">\n      <h2 class=\"ArticleSection-title\" id=\"informationsmaterial\">\n      Informationsmaterial    <\/h2>\n    \n\n<p><strong>International Consortium on Self-Injury in Educational Settings (ICSES)<\/strong> <\/p>\n\n\n\n<p><a href=\"https:\/\/eur01.safelinks.protection.outlook.com\/?url=https%3A%2F%2Ficsesgroup.org%2Fresources&amp;data=05%7C02%7Csofia.lindgren%40liu.se%7C4ecbf00e2da948a030c008dd353a7daa%7C913f18ec7f264c5fa816784fe9a58edd%7C0%7C0%7C638725247500009657%7CUnknown%7CTWFpbGZsb3d8eyJFbXB0eU1hcGkiOnRydWUsIlYiOiIwLjAuMDAwMCIsIlAiOiJXaW4zMiIsIkFOIjoiTWFpbCIsIldUIjoyfQ%3D%3D%7C0%7C%7C%7C&amp;sdata=cnDA2vvzfLbRBS9qydoPC%2BL5JFp4vSV5%2Fl3OZ%2BlYDj8%3D&amp;reserved=0\">Resources | ICSES<\/a><\/p>\n\n\n\n<p>ICSES \u00e4r en interdisciplin\u00e4r internationell forskargrupp best\u00e5ende av sj\u00e4lvskadeforskare som bland annat erbjuder st\u00f6d till skolor och universitet i hur de kan hantera sj\u00e4lvskadebeteende. Exempel p\u00e5 st\u00f6dresurser \u00e4r broschyrer som har tagits fram och som finns tillg\u00e4ngliga h\u00e4r. Broschyrerna finns \u00e4ven p\u00e5 svenska.<\/p>\n\n\n\n<p><strong>V\u00e4rt att veta om sj\u00e4lvskadebeteende hos barn<\/strong><\/p>\n\n\n\n<p><a href=\"https:\/\/barnafrid.se\/kunskapsportal\/wp-content\/uploads\/2025\/01\/vav-sjalvskadebeteende-hos-barn.pdf\">Broschyren <\/a>\u00e4r skrift som ger \u00f6vergripande kunskap om sj\u00e4lvskadebeteende hos barn. <\/p>\n\n<\/section>\n\n\n<section class=\"ArticleSection \">\n      <h2 class=\"ArticleSection-title\" id=\"lankar\">\n      L\u00e4nkar    <\/h2>\n    \n\n<p><a href=\"https:\/\/nationellasjalvskadeprojektet.se\/wp-content\/uploads\/2016\/06\/Implementering-rek-3.pdf\" target=\"_blank\" rel=\"noreferrer noopener\">Utredning vid sj\u00e4lvskadebeteende<\/a>,&nbsp;Nationella sj\u00e4lvskadeprojektet&nbsp;(pdf, ny flik)<\/p>\n\n\n\n<p><a href=\"http:\/\/nationellasjalvskadeprojektet.se\/utbildningar\/modul-for-oppenvard\/avsnitt-5-modul-oppenvard-handelseanalys\/\" target=\"_blank\" rel=\"noreferrer noopener\">Kartl\u00e4ggning med h\u00e4ndelseanalys<\/a>,&nbsp;Nationella sj\u00e4lvskadeprojektet<\/p>\n\n\n\n<p><a href=\"https:\/\/nationellasjalvskadeprojektet.se\/wp-content\/uploads\/2016\/06\/Implementering-rek-4.pdf\" target=\"_blank\" rel=\"noreferrer noopener\">Riskhanteringsplan<\/a>,&nbsp;Nationella sj\u00e4lvskadeprojektet&nbsp;(pdf, ny flik)<\/p>\n\n\n\n<p><a href=\"https:\/\/metodstod.se\/metoder\/sjalvskadebeteende\/\" target=\"_blank\" rel=\"noreferrer noopener\">Metodst\u00f6d sj\u00e4lvskadebeteende<\/a>,&nbsp;SKR<\/p>\n\n\n\n<p><a href=\"https:\/\/www.socialstyrelsen.se\/globalassets\/sharepoint-dokument\/artikelkatalog\/vagledning\/2016-11-4.pdf\" target=\"_blank\" rel=\"noreferrer noopener\">V\u00e4gledning f\u00f6r elevh\u00e4lsan<\/a>,&nbsp;Specialpedagogiska skolmyndigheten (pdf, ny flik)<\/p>\n\n\n\n<p><a href=\"http:\/\/www.nationellasjalvskadeprojektet.se\/\" target=\"_blank\" rel=\"noreferrer noopener\">www.nationellasjalvskadeprojektet.se<\/a>,&nbsp;Nationella sj\u00e4lvskadeprojektet<\/p>\n\n\n\n<p><a href=\"https:\/\/kunskapsguiden.se\/omraden-och-teman\/psykisk-ohalsa\/sjalvskadebeteende\/\" target=\"_blank\" rel=\"noreferrer noopener\">Kunskapsguiden om sj\u00e4lvskadebeteende<\/a>,&nbsp;Socialstyrelsen<\/p>\n\n\n\n<p><a href=\"https:\/\/vardochinsats.se\/sjaelvskadebeteende\/\">Nationella v\u00e5rd- och insatsprogram (vardochinsats.se)<\/a><\/p>\n\n\n\n<p><a href=\"https:\/\/www.shedo.se\/\">Sprider kunskap om sj\u00e4lvskadebeteende och \u00e4tst\u00f6rningar | SHEDO<\/a><\/p>\n\n\n\n<p><a href=\"https:\/\/www.1177.se\/Ostergotland\/sjukdomar--besvar\/psykiska-sjukdomar-och-besvar\/att-skada-sig-sjalv\/att-skada-sig-sjalv\/\">Att skada sig sj\u00e4lv &#8211; 1177<\/a><\/p>\n\n\n\n<p><a href=\"https:\/\/www.umo.se\/Att-ma-daligt\/Skada-sig-sjalv\/\">Att skada sig sj\u00e4lv &#8211; Umo<\/a><\/p>\n\n\n\n<p><a href=\"https:\/\/www.nice.org.uk\/guidance\/ng225\">Overview | Self-harm: assessment, management and preventing recurrence | Guidance | NICE<\/a><\/p>\n\n\n\n<p><a href=\"https:\/\/www.sbu.se\/sv\/publikationer\/SBU-utvarderar\/forebygga-sjalvskadebeteende-och-suicidforsok-hos-barn-och-ungdomar--effekter-av-riktade-interventioner\/\">F\u00f6rebygga sj\u00e4lvskadebeteende och suicidf\u00f6rs\u00f6k hos barn och ungdomar \u2013 effekter av riktade interventioner<\/a><\/p>\n\n<\/section>\n","protected":false},"excerpt":{"rendered":"","protected":false},"author":10518,"featured_media":0,"parent":10073,"menu_order":0,"comment_status":"closed","ping_status":"closed","template":"","meta":{"h5ap_radio_sources":[],"footnotes":""},"role":[],"class_list":["post-13100","page","type-page","status-publish","hentry"],"yoast_head":"<!-- This site is optimized with the Yoast SEO plugin v27.5 - https:\/\/yoast.com\/product\/yoast-seo-wordpress\/ -->\n<title>L\u00e4stips - Barnafrid<\/title>\n<meta name=\"robots\" content=\"index, follow, max-snippet:-1, max-image-preview:large, max-video-preview:-1\" \/>\n<link rel=\"canonical\" href=\"https:\/\/barnafrid.se\/kunskapsportal\/sjalvskadebeteenden-hos-ungdomar\/lastips\/\" \/>\n<meta property=\"og:locale\" content=\"sv_SE\" \/>\n<meta property=\"og:type\" content=\"article\" \/>\n<meta property=\"og:title\" content=\"L\u00e4stips - Barnafrid\" \/>\n<meta property=\"og:url\" content=\"https:\/\/barnafrid.se\/kunskapsportal\/sjalvskadebeteenden-hos-ungdomar\/lastips\/\" \/>\n<meta property=\"og:site_name\" content=\"Barnafrid\" \/>\n<meta property=\"article:modified_time\" content=\"2025-11-04T12:21:19+00:00\" \/>\n<meta name=\"twitter:card\" content=\"summary_large_image\" \/>\n<meta name=\"twitter:label1\" content=\"Ber\u00e4knad l\u00e4stid\" \/>\n\t<meta name=\"twitter:data1\" content=\"3 minuter\" \/>\n<script type=\"application\/ld+json\" class=\"yoast-schema-graph\">{\"@context\":\"https:\\\/\\\/schema.org\",\"@graph\":[{\"@type\":\"WebPage\",\"@id\":\"https:\\\/\\\/barnafrid.se\\\/kunskapsportal\\\/sjalvskadebeteenden-hos-ungdomar\\\/lastips\\\/\",\"url\":\"https:\\\/\\\/barnafrid.se\\\/kunskapsportal\\\/sjalvskadebeteenden-hos-ungdomar\\\/lastips\\\/\",\"name\":\"L\u00e4stips - Barnafrid\",\"isPartOf\":{\"@id\":\"https:\\\/\\\/barnafrid.se\\\/kunskapsportal\\\/#website\"},\"datePublished\":\"2025-01-12T18:19:31+00:00\",\"dateModified\":\"2025-11-04T12:21:19+00:00\",\"breadcrumb\":{\"@id\":\"https:\\\/\\\/barnafrid.se\\\/kunskapsportal\\\/sjalvskadebeteenden-hos-ungdomar\\\/lastips\\\/#breadcrumb\"},\"inLanguage\":\"sv-SE\",\"potentialAction\":[{\"@type\":\"ReadAction\",\"target\":[\"https:\\\/\\\/barnafrid.se\\\/kunskapsportal\\\/sjalvskadebeteenden-hos-ungdomar\\\/lastips\\\/\"]}]},{\"@type\":\"BreadcrumbList\",\"@id\":\"https:\\\/\\\/barnafrid.se\\\/kunskapsportal\\\/sjalvskadebeteenden-hos-ungdomar\\\/lastips\\\/#breadcrumb\",\"itemListElement\":[{\"@type\":\"ListItem\",\"position\":1,\"name\":\"Home\",\"item\":\"https:\\\/\\\/barnafrid.se\\\/kunskapsportal\\\/\"},{\"@type\":\"ListItem\",\"position\":2,\"name\":\"Sj\u00e4lvskadebeteende hos ungdomar\",\"item\":\"https:\\\/\\\/barnafrid.se\\\/kunskapsportal\\\/sjalvskadebeteenden-hos-ungdomar\\\/\"},{\"@type\":\"ListItem\",\"position\":3,\"name\":\"L\u00e4stips\"}]},{\"@type\":\"WebSite\",\"@id\":\"https:\\\/\\\/barnafrid.se\\\/kunskapsportal\\\/#website\",\"url\":\"https:\\\/\\\/barnafrid.se\\\/kunskapsportal\\\/\",\"name\":\"Barnafrid\",\"description\":\"Kunskapsportal om v\u00e5ld mot barn\",\"potentialAction\":[{\"@type\":\"SearchAction\",\"target\":{\"@type\":\"EntryPoint\",\"urlTemplate\":\"https:\\\/\\\/barnafrid.se\\\/kunskapsportal\\\/?s={search_term_string}\"},\"query-input\":{\"@type\":\"PropertyValueSpecification\",\"valueRequired\":true,\"valueName\":\"search_term_string\"}}],\"inLanguage\":\"sv-SE\"}]}<\/script>\n<!-- \/ Yoast SEO plugin. -->","yoast_head_json":{"title":"L\u00e4stips - Barnafrid","robots":{"index":"index","follow":"follow","max-snippet":"max-snippet:-1","max-image-preview":"max-image-preview:large","max-video-preview":"max-video-preview:-1"},"canonical":"https:\/\/barnafrid.se\/kunskapsportal\/sjalvskadebeteenden-hos-ungdomar\/lastips\/","og_locale":"sv_SE","og_type":"article","og_title":"L\u00e4stips - Barnafrid","og_url":"https:\/\/barnafrid.se\/kunskapsportal\/sjalvskadebeteenden-hos-ungdomar\/lastips\/","og_site_name":"Barnafrid","article_modified_time":"2025-11-04T12:21:19+00:00","twitter_card":"summary_large_image","twitter_misc":{"Ber\u00e4knad l\u00e4stid":"3 minuter"},"schema":{"@context":"https:\/\/schema.org","@graph":[{"@type":"WebPage","@id":"https:\/\/barnafrid.se\/kunskapsportal\/sjalvskadebeteenden-hos-ungdomar\/lastips\/","url":"https:\/\/barnafrid.se\/kunskapsportal\/sjalvskadebeteenden-hos-ungdomar\/lastips\/","name":"L\u00e4stips - Barnafrid","isPartOf":{"@id":"https:\/\/barnafrid.se\/kunskapsportal\/#website"},"datePublished":"2025-01-12T18:19:31+00:00","dateModified":"2025-11-04T12:21:19+00:00","breadcrumb":{"@id":"https:\/\/barnafrid.se\/kunskapsportal\/sjalvskadebeteenden-hos-ungdomar\/lastips\/#breadcrumb"},"inLanguage":"sv-SE","potentialAction":[{"@type":"ReadAction","target":["https:\/\/barnafrid.se\/kunskapsportal\/sjalvskadebeteenden-hos-ungdomar\/lastips\/"]}]},{"@type":"BreadcrumbList","@id":"https:\/\/barnafrid.se\/kunskapsportal\/sjalvskadebeteenden-hos-ungdomar\/lastips\/#breadcrumb","itemListElement":[{"@type":"ListItem","position":1,"name":"Home","item":"https:\/\/barnafrid.se\/kunskapsportal\/"},{"@type":"ListItem","position":2,"name":"Sj\u00e4lvskadebeteende hos ungdomar","item":"https:\/\/barnafrid.se\/kunskapsportal\/sjalvskadebeteenden-hos-ungdomar\/"},{"@type":"ListItem","position":3,"name":"L\u00e4stips"}]},{"@type":"WebSite","@id":"https:\/\/barnafrid.se\/kunskapsportal\/#website","url":"https:\/\/barnafrid.se\/kunskapsportal\/","name":"Barnafrid","description":"Kunskapsportal om v\u00e5ld mot barn","potentialAction":[{"@type":"SearchAction","target":{"@type":"EntryPoint","urlTemplate":"https:\/\/barnafrid.se\/kunskapsportal\/?s={search_term_string}"},"query-input":{"@type":"PropertyValueSpecification","valueRequired":true,"valueName":"search_term_string"}}],"inLanguage":"sv-SE"}]}},"_links":{"self":[{"href":"https:\/\/barnafrid.se\/kunskapsportal\/wp-json\/wp\/v2\/pages\/13100","targetHints":{"allow":["GET"]}}],"collection":[{"href":"https:\/\/barnafrid.se\/kunskapsportal\/wp-json\/wp\/v2\/pages"}],"about":[{"href":"https:\/\/barnafrid.se\/kunskapsportal\/wp-json\/wp\/v2\/types\/page"}],"author":[{"embeddable":true,"href":"https:\/\/barnafrid.se\/kunskapsportal\/wp-json\/wp\/v2\/users\/10518"}],"replies":[{"embeddable":true,"href":"https:\/\/barnafrid.se\/kunskapsportal\/wp-json\/wp\/v2\/comments?post=13100"}],"version-history":[{"count":6,"href":"https:\/\/barnafrid.se\/kunskapsportal\/wp-json\/wp\/v2\/pages\/13100\/revisions"}],"predecessor-version":[{"id":13247,"href":"https:\/\/barnafrid.se\/kunskapsportal\/wp-json\/wp\/v2\/pages\/13100\/revisions\/13247"}],"up":[{"embeddable":true,"href":"https:\/\/barnafrid.se\/kunskapsportal\/wp-json\/wp\/v2\/pages\/10073"}],"wp:attachment":[{"href":"https:\/\/barnafrid.se\/kunskapsportal\/wp-json\/wp\/v2\/media?parent=13100"}],"wp:term":[{"taxonomy":"role","embeddable":true,"href":"https:\/\/barnafrid.se\/kunskapsportal\/wp-json\/wp\/v2\/role?post=13100"}],"curies":[{"name":"wp","href":"https:\/\/api.w.org\/{rel}","templated":true}]}}