{"id":10073,"date":"2024-10-03T14:33:48","date_gmt":"2024-10-03T12:33:48","guid":{"rendered":"https:\/\/barnafrid.se\/kunskapsportal\/?page_id=10073"},"modified":"2025-08-14T09:08:58","modified_gmt":"2025-08-14T07:08:58","slug":"sjalvskadebeteenden-hos-ungdomar","status":"publish","type":"page","link":"https:\/\/barnafrid.se\/kunskapsportal\/sjalvskadebeteenden-hos-ungdomar\/","title":{"rendered":"Sj\u00e4lvskadebeteende hos ungdomar"},"content":{"rendered":"<div class=\"Hero\">\n    <div class=\"Hero-outerContainer\">\n        <div class=\"Hero-innerContainer\">\n            <div class=\"HeroContent\">\n                <h1 class=\"Hero-title\">Sj\u00e4lvskadebeteende hos ungdomar<\/h1>\n                <div class=\"Hero-intro\">\n                    Den h\u00e4r utbildningen \u00e4r till f\u00f6r dig som \u00e4r anst\u00e4lld i verksamhet med barn- och ungdomspsykiatriskt uppdrag. Den ger grundl\u00e4ggande kunskap om sj\u00e4lvskadebeteende, samt v\u00e5rd och bem\u00f6tande. Kursen g\u00e5r igenom definitioner och begrepp, bem\u00f6tande, liksom kartl\u00e4ggning\/bed\u00f6mning och behandling.<br>\u00a0                <\/div>\n                <div class=\"HeroLinks\">\n                                                    <p class=\"HeroLinks-right\">\n                        <a href=\"https:\/\/barnafrid.se\/kunskapsportal\/wp-login.php?action=register&#038;redirect_to=https:\/\/barnafrid.se\/kunskapsportal\/kurs\/sjalvskadebeteenden-hos-ungdomar\/\" class=\"Button Button--alt\">G\u00e5 till utbildningen<\/a>\n                    <\/p>\n                                <\/div>\n            <\/div>\n\n                <div class=\"HeroIllustration\"  style=\"max-width: 250px\" >\n\n                <img loading=\"lazy\" decoding=\"async\" width=\"680\" height=\"1024\" src=\"https:\/\/barnafrid.se\/kunskapsportal\/wp-content\/uploads\/2025\/01\/kille-huvtroja-gron-680x1024.png\" class=\"HeroIllustration-image\" alt=\"Illustration av kille som g\u00f6mmer sig i sin huvtr\u00f6ja.\" srcset=\"https:\/\/barnafrid.se\/kunskapsportal\/wp-content\/uploads\/2025\/01\/kille-huvtroja-gron-680x1024.png 680w, https:\/\/barnafrid.se\/kunskapsportal\/wp-content\/uploads\/2025\/01\/kille-huvtroja-gron-199x300.png 199w, https:\/\/barnafrid.se\/kunskapsportal\/wp-content\/uploads\/2025\/01\/kille-huvtroja-gron-768x1156.png 768w, https:\/\/barnafrid.se\/kunskapsportal\/wp-content\/uploads\/2025\/01\/kille-huvtroja-gron-1020x1536.png 1020w, https:\/\/barnafrid.se\/kunskapsportal\/wp-content\/uploads\/2025\/01\/kille-huvtroja-gron-1360x2048.png 1360w, https:\/\/barnafrid.se\/kunskapsportal\/wp-content\/uploads\/2025\/01\/kille-huvtroja-gron.png 1931w\" sizes=\"auto, (max-width: 680px) 100vw, 680px\" \/>            <\/div>\n        <\/div>\n\n    <\/div>\n<\/div>\n\n\n<section class=\"ArticleSection \">\n      <h2 class=\"ArticleSection-title\" id=\"tre-steg-till-ny-kunskap\">\n      Tre steg till ny kunskap    <\/h2>\n    \n<div class=\"Step\">\n    <div class=\"Step-illustration\">\n            <\/div>\n    <div class=\"Step-content\">\n        <h3 class=\"Step-title\">1. Registrera dig som anv\u00e4ndare<\/h3>\n        <p class=\"Step-text\">F\u00f6r att kunna ta del av utbildningen beh\u00f6ver du registrera dig och v\u00e4lja l\u00f6senord. D\u00e4refter kan du logga in n\u00e4r det passar dig och fr\u00e5n vilken dator, l\u00e4splatta eller mobiltelefon du vill.<\/p>\n    <\/div>\n<\/div>\n\n\n<div class=\"Step\">\n    <div class=\"Step-illustration\">\n            <\/div>\n    <div class=\"Step-content\">\n        <h3 class=\"Step-title\">2. G\u00e5 utbildningen \u2013 i din egen takt.<\/h3>\n        <p class=\"Step-text\">Utbildningen \u00e4r uppdelad i sex kapitel och tar cirka en dag att genomf\u00f6ra. Du kan n\u00e4r som helst avsluta f\u00f6r att forts\u00e4tta d\u00e4r du slutade vid ett senare tillf\u00e4lle.<\/p>\n    <\/div>\n<\/div>\n\n\n<div class=\"Step\">\n    <div class=\"Step-illustration\">\n            <\/div>\n    <div class=\"Step-content\">\n        <h3 class=\"Step-title\">3. Anv\u00e4nd utbildningen som resurs<\/h3>\n        <p class=\"Step-text\">Efter genomf\u00f6rd utbildning kan du g\u00e5 tillbaka till utbildningen f\u00f6r att ta del av inneh\u00e5llet. <\/p>\n    <\/div>\n<\/div>\n\n<\/section>\n\n\n\n<p><\/p>\n","protected":false},"excerpt":{"rendered":"","protected":false},"author":10518,"featured_media":0,"parent":0,"menu_order":0,"comment_status":"closed","ping_status":"closed","template":"page-course-start.php","meta":{"h5ap_radio_sources":[],"footnotes":""},"role":[],"class_list":["post-10073","page","type-page","status-publish","hentry"],"yoast_head":"<!-- This site is optimized with the Yoast SEO plugin v27.5 - https:\/\/yoast.com\/product\/yoast-seo-wordpress\/ -->\n<title>Sj\u00e4lvskadebeteende hos ungdomar - Barnafrid<\/title>\n<meta name=\"robots\" content=\"noindex, nofollow\" \/>\n<meta property=\"og:locale\" content=\"sv_SE\" \/>\n<meta property=\"og:type\" content=\"article\" \/>\n<meta property=\"og:title\" content=\"Sj\u00e4lvskadebeteende hos ungdomar - Barnafrid\" \/>\n<meta property=\"og:url\" content=\"https:\/\/barnafrid.se\/kunskapsportal\/sjalvskadebeteenden-hos-ungdomar\/\" \/>\n<meta property=\"og:site_name\" content=\"Barnafrid\" \/>\n<meta property=\"article:modified_time\" content=\"2025-08-14T07:08:58+00:00\" \/>\n<meta name=\"twitter:card\" content=\"summary_large_image\" \/>\n<script type=\"application\/ld+json\" class=\"yoast-schema-graph\">{\"@context\":\"https:\\\/\\\/schema.org\",\"@graph\":[{\"@type\":\"WebPage\",\"@id\":\"https:\\\/\\\/barnafrid.se\\\/kunskapsportal\\\/sjalvskadebeteenden-hos-ungdomar\\\/\",\"url\":\"https:\\\/\\\/barnafrid.se\\\/kunskapsportal\\\/sjalvskadebeteenden-hos-ungdomar\\\/\",\"name\":\"Sj\u00e4lvskadebeteende hos ungdomar - Barnafrid\",\"isPartOf\":{\"@id\":\"https:\\\/\\\/barnafrid.se\\\/kunskapsportal\\\/#website\"},\"datePublished\":\"2024-10-03T12:33:48+00:00\",\"dateModified\":\"2025-08-14T07:08:58+00:00\",\"breadcrumb\":{\"@id\":\"https:\\\/\\\/barnafrid.se\\\/kunskapsportal\\\/sjalvskadebeteenden-hos-ungdomar\\\/#breadcrumb\"},\"inLanguage\":\"sv-SE\",\"potentialAction\":[{\"@type\":\"ReadAction\",\"target\":[\"https:\\\/\\\/barnafrid.se\\\/kunskapsportal\\\/sjalvskadebeteenden-hos-ungdomar\\\/\"]}]},{\"@type\":\"BreadcrumbList\",\"@id\":\"https:\\\/\\\/barnafrid.se\\\/kunskapsportal\\\/sjalvskadebeteenden-hos-ungdomar\\\/#breadcrumb\",\"itemListElement\":[{\"@type\":\"ListItem\",\"position\":1,\"name\":\"Home\",\"item\":\"https:\\\/\\\/barnafrid.se\\\/kunskapsportal\\\/\"},{\"@type\":\"ListItem\",\"position\":2,\"name\":\"Sj\u00e4lvskadebeteende hos ungdomar\"}]},{\"@type\":\"WebSite\",\"@id\":\"https:\\\/\\\/barnafrid.se\\\/kunskapsportal\\\/#website\",\"url\":\"https:\\\/\\\/barnafrid.se\\\/kunskapsportal\\\/\",\"name\":\"Barnafrid\",\"description\":\"Kunskapsportal om v\u00e5ld mot barn\",\"potentialAction\":[{\"@type\":\"SearchAction\",\"target\":{\"@type\":\"EntryPoint\",\"urlTemplate\":\"https:\\\/\\\/barnafrid.se\\\/kunskapsportal\\\/?s={search_term_string}\"},\"query-input\":{\"@type\":\"PropertyValueSpecification\",\"valueRequired\":true,\"valueName\":\"search_term_string\"}}],\"inLanguage\":\"sv-SE\"}]}<\/script>\n<!-- \/ Yoast SEO plugin. -->","yoast_head_json":{"title":"Sj\u00e4lvskadebeteende hos ungdomar - Barnafrid","robots":{"index":"noindex","follow":"nofollow"},"og_locale":"sv_SE","og_type":"article","og_title":"Sj\u00e4lvskadebeteende hos ungdomar - Barnafrid","og_url":"https:\/\/barnafrid.se\/kunskapsportal\/sjalvskadebeteenden-hos-ungdomar\/","og_site_name":"Barnafrid","article_modified_time":"2025-08-14T07:08:58+00:00","twitter_card":"summary_large_image","schema":{"@context":"https:\/\/schema.org","@graph":[{"@type":"WebPage","@id":"https:\/\/barnafrid.se\/kunskapsportal\/sjalvskadebeteenden-hos-ungdomar\/","url":"https:\/\/barnafrid.se\/kunskapsportal\/sjalvskadebeteenden-hos-ungdomar\/","name":"Sj\u00e4lvskadebeteende hos ungdomar - Barnafrid","isPartOf":{"@id":"https:\/\/barnafrid.se\/kunskapsportal\/#website"},"datePublished":"2024-10-03T12:33:48+00:00","dateModified":"2025-08-14T07:08:58+00:00","breadcrumb":{"@id":"https:\/\/barnafrid.se\/kunskapsportal\/sjalvskadebeteenden-hos-ungdomar\/#breadcrumb"},"inLanguage":"sv-SE","potentialAction":[{"@type":"ReadAction","target":["https:\/\/barnafrid.se\/kunskapsportal\/sjalvskadebeteenden-hos-ungdomar\/"]}]},{"@type":"BreadcrumbList","@id":"https:\/\/barnafrid.se\/kunskapsportal\/sjalvskadebeteenden-hos-ungdomar\/#breadcrumb","itemListElement":[{"@type":"ListItem","position":1,"name":"Home","item":"https:\/\/barnafrid.se\/kunskapsportal\/"},{"@type":"ListItem","position":2,"name":"Sj\u00e4lvskadebeteende hos ungdomar"}]},{"@type":"WebSite","@id":"https:\/\/barnafrid.se\/kunskapsportal\/#website","url":"https:\/\/barnafrid.se\/kunskapsportal\/","name":"Barnafrid","description":"Kunskapsportal om v\u00e5ld mot barn","potentialAction":[{"@type":"SearchAction","target":{"@type":"EntryPoint","urlTemplate":"https:\/\/barnafrid.se\/kunskapsportal\/?s={search_term_string}"},"query-input":{"@type":"PropertyValueSpecification","valueRequired":true,"valueName":"search_term_string"}}],"inLanguage":"sv-SE"}]}},"_links":{"self":[{"href":"https:\/\/barnafrid.se\/kunskapsportal\/wp-json\/wp\/v2\/pages\/10073","targetHints":{"allow":["GET"]}}],"collection":[{"href":"https:\/\/barnafrid.se\/kunskapsportal\/wp-json\/wp\/v2\/pages"}],"about":[{"href":"https:\/\/barnafrid.se\/kunskapsportal\/wp-json\/wp\/v2\/types\/page"}],"author":[{"embeddable":true,"href":"https:\/\/barnafrid.se\/kunskapsportal\/wp-json\/wp\/v2\/users\/10518"}],"replies":[{"embeddable":true,"href":"https:\/\/barnafrid.se\/kunskapsportal\/wp-json\/wp\/v2\/comments?post=10073"}],"version-history":[{"count":27,"href":"https:\/\/barnafrid.se\/kunskapsportal\/wp-json\/wp\/v2\/pages\/10073\/revisions"}],"predecessor-version":[{"id":16496,"href":"https:\/\/barnafrid.se\/kunskapsportal\/wp-json\/wp\/v2\/pages\/10073\/revisions\/16496"}],"wp:attachment":[{"href":"https:\/\/barnafrid.se\/kunskapsportal\/wp-json\/wp\/v2\/media?parent=10073"}],"wp:term":[{"taxonomy":"role","embeddable":true,"href":"https:\/\/barnafrid.se\/kunskapsportal\/wp-json\/wp\/v2\/role?post=10073"}],"curies":[{"name":"wp","href":"https:\/\/api.w.org\/{rel}","templated":true}]}}